185.196.41.167 - - [31/May/2026:18:54:11 +0000] "GET / HTTP/1.0" 500 365 "-" "Mozilla/5.0 (Windows NT 10.0; Win64; x64) AppleWebKit/537.36 (KHTML, like Gecko) Chrome/134.0.0.0 Safari/537.36"
185.196.41.167 - - [31/May/2026:18:54:11 +0000] "GET / HTTP/1.0" 500 365 "https://atlassian.net/" "Mozilla/5.0 (Windows NT 10.0; Win64; x64) AppleWebKit/537.36 (KHTML, like Gecko) Chrome/134.0.0.0 Safari/537.36"
185.196.41.167 - - [31/May/2026:18:54:11 +0000] "GET / HTTP/1.0" 500 365 "https://gazeta.pl/" "Mozilla/5.0 (Windows NT 10.0; Win64; x64) AppleWebKit/537.36 (KHTML, like Gecko) Chrome/134.0.0.0 Safari/537.36"
185.196.41.167 - - [31/May/2026:18:54:11 +0000] "GET / HTTP/1.0" 500 365 "https://jin115.com/" "Mozilla/5.0 (Windows NT 10.0; Win64; x64) AppleWebKit/537.36 (KHTML, like Gecko) Chrome/134.0.0.0 Safari/537.36"
185.196.41.167 - - [31/May/2026:18:54:11 +0000] "GET / HTTP/1.0" 500 365 "https://coursera.org/" "Mozilla/5.0 (Windows NT 10.0; Win64; x64) AppleWebKit/537.36 (KHTML, like Gecko) Chrome/134.0.0.0 Safari/537.36"
185.196.41.167 - - [31/May/2026:18:54:11 +0000] "GET / HTTP/1.0" 500 365 "-" "Mozilla/5.0 (Windows NT 10.0; Win64; x64) AppleWebKit/537.36 (KHTML, like Gecko) Chrome/134.0.0.0 Safari/537.36"
185.196.41.167 - - [31/May/2026:18:54:11 +0000] "GET / HTTP/1.0" 500 365 "-" "Mozilla/5.0 (Windows NT 10.0; Win64; x64) AppleWebKit/537.36 (KHTML, like Gecko) Chrome/134.0.0.0 Safari/537.36"
185.196.41.167 - - [31/May/2026:18:54:11 +0000] "GET / HTTP/1.0" 500 365 "https://freepik.com/" "Mozilla/5.0 (Windows NT 10.0; Win64; x64) AppleWebKit/537.36 (KHTML, like Gecko) Chrome/134.0.0.0 Safari/537.36"
185.196.41.167 - - [31/May/2026:18:54:11 +0000] "GET / HTTP/1.0" 500 365 "https://drudgereport.com/" "Mozilla/5.0 (Windows NT 10.0; Win64; x64) AppleWebKit/537.36 (KHTML, like Gecko) Chrome/134.0.0.0 Safari/537.36"
185.196.41.167 - - [31/May/2026:18:54:11 +0000] "GET / HTTP/1.0" 500 365 "-" "Mozilla/5.0 (Windows NT 10.0; Win64; x64) AppleWebKit/537.36 (KHTML, like Gecko) Chrome/134.0.0.0 Safari/537.36"
185.196.41.167 - - [31/May/2026:18:54:11 +0000] "GET / HTTP/1.0" 500 365 "https://iflscience.com/" "Mozilla/5.0 (Windows NT 10.0; Win64; x64) AppleWebKit/537.36 (KHTML, like Gecko) Chrome/134.0.0.0 Safari/537.36"
185.196.41.167 - - [31/May/2026:18:54:11 +0000] "GET / HTTP/1.0" 500 365 "-" "Mozilla/5.0 (Windows NT 10.0; Win64; x64) AppleWebKit/537.36 (KHTML, like Gecko) Chrome/134.0.0.0 Safari/537.36"
185.196.41.167 - - [31/May/2026:18:54:11 +0000] "GET / HTTP/1.0" 500 365 "-" "Mozilla/5.0 (Windows NT 10.0; Win64; x64) AppleWebKit/537.36 (KHTML, like Gecko) Chrome/134.0.0.0 Safari/537.36"
185.196.41.167 - - [31/May/2026:18:54:11 +0000] "GET / HTTP/1.0" 500 365 "https://gamepedia.com/" "Mozilla/5.0 (Windows NT 10.0; Win64; x64) AppleWebKit/537.36 (KHTML, like Gecko) Chrome/134.0.0.0 Safari/537.36"
185.196.41.167 - - [31/May/2026:18:54:11 +0000] "GET / HTTP/1.0" 500 365 "https://123rf.com/" "Mozilla/5.0 (Windows NT 10.0; Win64; x64) AppleWebKit/537.36 (KHTML, like Gecko) Chrome/134.0.0.0 Safari/537.36"
185.196.41.167 - - [31/May/2026:18:54:11 +0000] "GET / HTTP/1.0" 500 365 "https://urdupoint.com/" "Mozilla/5.0 (Windows NT 10.0; Win64; x64) AppleWebKit/537.36 (KHTML, like Gecko) Chrome/134.0.0.0 Safari/537.36"
185.196.41.167 - - [31/May/2026:18:54:11 +0000] "GET / HTTP/1.0" 500 365 "https://eonline.com/" "Mozilla/5.0 (Windows NT 10.0; Win64; x64) AppleWebKit/537.36 (KHTML, like Gecko) Chrome/134.0.0.0 Safari/537.36"
185.196.41.167 - - [31/May/2026:18:54:11 +0000] "GET / HTTP/1.0" 500 365 "-" "Mozilla/5.0 (Windows NT 10.0; Win64; x64) AppleWebKit/537.36 (KHTML, like Gecko) Chrome/134.0.0.0 Safari/537.36"
185.196.41.167 - - [31/May/2026:18:54:11 +0000] "GET / HTTP/1.0" 500 365 "-" "Mozilla/5.0 (Windows NT 10.0; Win64; x64) AppleWebKit/537.36 (KHTML, like Gecko) Chrome/134.0.0.0 Safari/537.36"
185.196.41.167 - - [31/May/2026:18:54:11 +0000] "GET / HTTP/1.0" 500 365 "https://goo.gl/" "Mozilla/5.0 (Windows NT 10.0; Win64; x64) AppleWebKit/537.36 (KHTML, like Gecko) Chrome/134.0.0.0 Safari/537.36"
185.196.41.167 - - [31/May/2026:18:54:11 +0000] "GET / HTTP/1.0" 500 365 "-" "Mozilla/5.0 (Windows NT 10.0; Win64; x64) AppleWebKit/537.36 (KHTML, like Gecko) Chrome/134.0.0.0 Safari/537.36"
162.19.228.216 - - [31/May/2026:18:54:11 +0000] "GET / HTTP/1.0" 500 365 "-" "Mozilla/5.0 (Windows NT 10.0; Win64; x64) AppleWebKit/537.36 (KHTML, like Gecko) Chrome/135.0.0.0 Safari/537.36"
162.19.228.216 - - [31/May/2026:18:54:11 +0000] "GET / HTTP/1.0" 500 365 "-" "Mozilla/5.0 (Windows NT 10.0; Win64; x64) AppleWebKit/537.36 (KHTML, like Gecko) Chrome/135.0.0.0 Safari/537.36"
162.19.228.216 - - [31/May/2026:18:54:11 +0000] "GET / HTTP/1.0" 500 365 "-" "Mozilla/5.0 (Windows NT 10.0; Win64; x64) AppleWebKit/537.36 (KHTML, like Gecko) Chrome/135.0.0.0 Safari/537.36"
162.19.228.216 - - [31/May/2026:18:54:11 +0000] "GET / HTTP/1.0" 500 365 "-" "Mozilla/5.0 (Windows NT 10.0; Win64; x64) AppleWebKit/537.36 (KHTML, like Gecko) Chrome/135.0.0.0 Safari/537.36"
162.19.228.216 - - [31/May/2026:18:54:11 +0000] "GET / HTTP/1.0" 500 365 "https://unblocked.la/" "Mozilla/5.0 (Windows NT 10.0; Win64; x64) AppleWebKit/537.36 (KHTML, like Gecko) Chrome/135.0.0.0 Safari/537.36"
162.19.228.216 - - [31/May/2026:18:54:11 +0000] "GET / HTTP/1.0" 500 365 "https://wetransfer.com/" "Mozilla/5.0 (Windows NT 10.0; Win64; x64) AppleWebKit/537.36 (KHTML, like Gecko) Chrome/135.0.0.0 Safari/537.36"
162.19.228.216 - - [31/May/2026:18:54:11 +0000] "GET / HTTP/1.0" 500 365 "-" "Mozilla/5.0 (Windows NT 10.0; Win64; x64) AppleWebKit/537.36 (KHTML, like Gecko) Chrome/135.0.0.0 Safari/537.36"
162.19.228.216 - - [31/May/2026:18:54:11 +0000] "GET / HTTP/1.0" 500 365 "https://yandex.by/" "Mozilla/5.0 (Windows NT 10.0; Win64; x64) AppleWebKit/537.36 (KHTML, like Gecko) Chrome/135.0.0.0 Safari/537.36"
162.19.228.216 - - [31/May/2026:18:54:11 +0000] "GET / HTTP/1.0" 500 365 "-" "Mozilla/5.0 (Windows NT 10.0; Win64; x64) AppleWebKit/537.36 (KHTML, like Gecko) Chrome/135.0.0.0 Safari/537.36"
162.19.228.216 - - [31/May/2026:18:54:11 +0000] "GET / HTTP/1.0" 500 365 "https://primewire.ag/" "Mozilla/5.0 (Windows NT 10.0; Win64; x64) AppleWebKit/537.36 (KHTML, like Gecko) Chrome/135.0.0.0 Safari/537.36"
162.19.228.216 - - [31/May/2026:18:54:11 +0000] "GET / HTTP/1.0" 500 365 "-" "Mozilla/5.0 (Windows NT 10.0; Win64; x64) AppleWebKit/537.36 (KHTML, like Gecko) Chrome/135.0.0.0 Safari/537.36"
162.19.228.216 - - [31/May/2026:18:54:11 +0000] "GET / HTTP/1.0" 500 365 "-" "Mozilla/5.0 (Windows NT 10.0; Win64; x64) AppleWebKit/537.36 (KHTML, like Gecko) Chrome/135.0.0.0 Safari/537.36"
162.19.228.216 - - [31/May/2026:18:54:11 +0000] "GET / HTTP/1.0" 500 365 "https://admtpmp127.com/" "Mozilla/5.0 (Windows NT 10.0; Win64; x64) AppleWebKit/537.36 (KHTML, like Gecko) Chrome/135.0.0.0 Safari/537.36"
162.19.228.216 - - [31/May/2026:18:54:11 +0000] "GET / HTTP/1.0" 500 365 "https://gigazine.net/" "Mozilla/5.0 (Windows NT 10.0; Win64; x64) AppleWebKit/537.36 (KHTML, like Gecko) Chrome/135.0.0.0 Safari/537.36"
162.19.228.216 - - [31/May/2026:18:54:11 +0000] "GET / HTTP/1.0" 500 365 "https://prezi.com/" "Mozilla/5.0 (Windows NT 10.0; Win64; x64) AppleWebKit/537.36 (KHTML, like Gecko) Chrome/135.0.0.0 Safari/537.36"
162.19.228.216 - - [31/May/2026:18:54:11 +0000] "GET / HTTP/1.0" 500 365 "-" "Mozilla/5.0 (Windows NT 10.0; Win64; x64) AppleWebKit/537.36 (KHTML, like Gecko) Chrome/135.0.0.0 Safari/537.36"
162.19.228.216 - - [31/May/2026:18:54:11 +0000] "GET / HTTP/1.0" 500 365 "-" "Mozilla/5.0 (Windows NT 10.0; Win64; x64) AppleWebKit/537.36 (KHTML, like Gecko) Chrome/135.0.0.0 Safari/537.36"
162.19.228.216 - - [31/May/2026:18:54:11 +0000] "GET / HTTP/1.0" 500 365 "https://kijiji.ca/" "Mozilla/5.0 (Windows NT 10.0; Win64; x64) AppleWebKit/537.36 (KHTML, like Gecko) Chrome/135.0.0.0 Safari/537.36"
34.39.94.180 - - [31/May/2026:18:54:11 +0000] "GET / HTTP/1.0" 500 365 "https://megapopads.com/" "Mozilla/5.0 (Windows NT 10.0; Win64; x64) AppleWebKit/537.36 (KHTML, like Gecko) Chrome/134.0.0.0 Safari/537.36"
34.39.94.180 - - [31/May/2026:18:54:11 +0000] "GET / HTTP/1.0" 500 365 "https://kotaku.com/" "Mozilla/5.0 (Windows NT 10.0; Win64; x64) AppleWebKit/537.36 (KHTML, like Gecko) Chrome/134.0.0.0 Safari/537.36"
34.39.94.180 - - [31/May/2026:18:54:11 +0000] "GET / HTTP/1.0" 500 365 "-" "Mozilla/5.0 (Windows NT 10.0; Win64; x64) AppleWebKit/537.36 (KHTML, like Gecko) Chrome/134.0.0.0 Safari/537.36"
34.39.94.180 - - [31/May/2026:18:54:11 +0000] "GET / HTTP/1.0" 500 365 "-" "Mozilla/5.0 (Windows NT 10.0; Win64; x64) AppleWebKit/537.36 (KHTML, like Gecko) Chrome/134.0.0.0 Safari/537.36"
34.39.94.180 - - [31/May/2026:18:54:11 +0000] "GET / HTTP/1.0" 500 365 "-" "Mozilla/5.0 (Windows NT 10.0; Win64; x64) AppleWebKit/537.36 (KHTML, like Gecko) Chrome/134.0.0.0 Safari/537.36"
162.19.228.216 - - [31/May/2026:18:54:11 +0000] "GET / HTTP/1.0" 500 365 "https://houzz.com/" "Mozilla/5.0 (Windows NT 10.0; Win64; x64) AppleWebKit/537.36 (KHTML, like Gecko) Chrome/135.0.0.0 Safari/537.36"
162.19.228.216 - - [31/May/2026:18:54:11 +0000] "GET / HTTP/1.0" 500 365 "https://webex.com/" "Mozilla/5.0 (Windows NT 10.0; Win64; x64) AppleWebKit/537.36 (KHTML, like Gecko) Chrome/135.0.0.0 Safari/537.36"
162.19.228.216 - - [31/May/2026:18:54:11 +0000] "GET / HTTP/1.0" 500 365 "-" "Mozilla/5.0 (Windows NT 10.0; Win64; x64) AppleWebKit/537.36 (KHTML, like Gecko) Chrome/135.0.0.0 Safari/537.36"
162.19.228.216 - - [31/May/2026:18:54:11 +0000] "GET / HTTP/1.0" 500 365 "https://usmagazine.com/" "Mozilla/5.0 (Windows NT 10.0; Win64; x64) AppleWebKit/537.36 (KHTML, like Gecko) Chrome/135.0.0.0 Safari/537.36"
34.39.94.180 - - [31/May/2026:18:54:11 +0000] "GET / HTTP/1.0" 500 365 "https://nifty.com/" "Mozilla/5.0 (Windows NT 10.0; Win64; x64) AppleWebKit/537.36 (KHTML, like Gecko) Chrome/134.0.0.0 Safari/537.36"
34.39.94.180 - - [31/May/2026:18:54:11 +0000] "GET / HTTP/1.0" 500 365 "-" "Mozilla/5.0 (Windows NT 10.0; Win64; x64) AppleWebKit/537.36 (KHTML, like Gecko) Chrome/134.0.0.0 Safari/537.36"
34.39.94.180 - - [31/May/2026:18:54:11 +0000] "GET / HTTP/1.0" 500 365 "-" "Mozilla/5.0 (Windows NT 10.0; Win64; x64) AppleWebKit/537.36 (KHTML, like Gecko) Chrome/134.0.0.0 Safari/537.36"
34.39.94.180 - - [31/May/2026:18:54:11 +0000] "GET / HTTP/1.0" 500 365 "-" "Mozilla/5.0 (Windows NT 10.0; Win64; x64) AppleWebKit/537.36 (KHTML, like Gecko) Chrome/134.0.0.0 Safari/537.36"
34.39.94.180 - - [31/May/2026:18:54:11 +0000] "GET / HTTP/1.0" 500 365 "https://swagbucks.com/" "Mozilla/5.0 (Windows NT 10.0; Win64; x64) AppleWebKit/537.36 (KHTML, like Gecko) Chrome/134.0.0.0 Safari/537.36"
162.19.228.216 - - [31/May/2026:18:54:11 +0000] "GET / HTTP/1.0" 500 1744 "https://yodobashi.com/" "Mozilla/5.0 (Windows NT 10.0; Win64; x64) AppleWebKit/537.36 (KHTML, like Gecko) Chrome/135.0.0.0 Safari/537.36"
34.39.94.180 - - [31/May/2026:18:54:11 +0000] "GET / HTTP/1.0" 500 365 "-" "Mozilla/5.0 (Windows NT 10.0; Win64; x64) AppleWebKit/537.36 (KHTML, like Gecko) Chrome/134.0.0.0 Safari/537.36"
34.39.94.180 - - [31/May/2026:18:54:11 +0000] "GET / HTTP/1.0" 500 365 "-" "Mozilla/5.0 (Windows NT 10.0; Win64; x64) AppleWebKit/537.36 (KHTML, like Gecko) Chrome/134.0.0.0 Safari/537.36"
34.39.94.180 - - [31/May/2026:18:54:11 +0000] "GET / HTTP/1.0" 500 365 "https://sapo.pt/" "Mozilla/5.0 (Windows NT 10.0; Win64; x64) AppleWebKit/537.36 (KHTML, like Gecko) Chrome/134.0.0.0 Safari/537.36"
162.19.228.216 - - [31/May/2026:18:54:11 +0000] "GET / HTTP/1.0" 500 1744 "-" "Mozilla/5.0 (Windows NT 10.0; Win64; x64) AppleWebKit/537.36 (KHTML, like Gecko) Chrome/135.0.0.0 Safari/537.36"
34.39.94.180 - - [31/May/2026:18:54:11 +0000] "GET / HTTP/1.0" 500 365 "https://kdnet.net/" "Mozilla/5.0 (Windows NT 10.0; Win64; x64) AppleWebKit/537.36 (KHTML, like Gecko) Chrome/134.0.0.0 Safari/537.36"
34.39.94.180 - - [31/May/2026:18:54:11 +0000] "GET / HTTP/1.0" 500 365 "https://to8to.com/" "Mozilla/5.0 (Windows NT 10.0; Win64; x64) AppleWebKit/537.36 (KHTML, like Gecko) Chrome/134.0.0.0 Safari/537.36"
162.19.228.216 - - [31/May/2026:18:54:11 +0000] "GET / HTTP/1.0" 500 365 "https://qvc.com/" "Mozilla/5.0 (Windows NT 10.0; Win64; x64) AppleWebKit/537.36 (KHTML, like Gecko) Chrome/135.0.0.0 Safari/537.36"
162.19.228.216 - - [31/May/2026:18:54:11 +0000] "GET / HTTP/1.0" 500 1744 "https://squarespace.com/" "Mozilla/5.0 (Windows NT 10.0; Win64; x64) AppleWebKit/537.36 (KHTML, like Gecko) Chrome/135.0.0.0 Safari/537.36"
34.39.94.180 - - [31/May/2026:18:54:11 +0000] "GET / HTTP/1.0" 500 365 "-" "Mozilla/5.0 (Windows NT 10.0; Win64; x64) AppleWebKit/537.36 (KHTML, like Gecko) Chrome/134.0.0.0 Safari/537.36"
34.39.94.180 - - [31/May/2026:18:54:11 +0000] "GET / HTTP/1.0" 500 365 "https://albawabhnews.com/" "Mozilla/5.0 (Windows NT 10.0; Win64; x64) AppleWebKit/537.36 (KHTML, like Gecko) Chrome/134.0.0.0 Safari/537.36"
162.19.228.216 - - [31/May/2026:18:54:11 +0000] "GET / HTTP/1.0" 500 1744 "https://google.no/" "Mozilla/5.0 (Windows NT 10.0; Win64; x64) AppleWebKit/537.36 (KHTML, like Gecko) Chrome/135.0.0.0 Safari/537.36"
34.39.94.180 - - [31/May/2026:18:54:11 +0000] "GET / HTTP/1.0" 500 365 "-" "Mozilla/5.0 (Windows NT 10.0; Win64; x64) AppleWebKit/537.36 (KHTML, like Gecko) Chrome/134.0.0.0 Safari/537.36"
162.19.228.216 - - [31/May/2026:18:54:11 +0000] "GET / HTTP/1.0" 500 1744 "-" "Mozilla/5.0 (Windows NT 10.0; Win64; x64) AppleWebKit/537.36 (KHTML, like Gecko) Chrome/135.0.0.0 Safari/537.36"
34.39.94.180 - - [31/May/2026:18:54:11 +0000] "GET / HTTP/1.0" 500 1744 "-" "Mozilla/5.0 (Windows NT 10.0; Win64; x64) AppleWebKit/537.36 (KHTML, like Gecko) Chrome/134.0.0.0 Safari/537.36"
34.39.94.180 - - [31/May/2026:18:54:11 +0000] "GET / HTTP/1.0" 500 1744 "-" "Mozilla/5.0 (Windows NT 10.0; Win64; x64) AppleWebKit/537.36 (KHTML, like Gecko) Chrome/134.0.0.0 Safari/537.36"
34.39.94.180 - - [31/May/2026:18:54:11 +0000] "GET / HTTP/1.0" 500 365 "-" "Mozilla/5.0 (Windows NT 10.0; Win64; x64) AppleWebKit/537.36 (KHTML, like Gecko) Chrome/134.0.0.0 Safari/537.36"
34.39.94.180 - - [31/May/2026:18:54:11 +0000] "GET / HTTP/1.0" 500 1744 "https://ea.com/" "Mozilla/5.0 (Windows NT 10.0; Win64; x64) AppleWebKit/537.36 (KHTML, like Gecko) Chrome/134.0.0.0 Safari/537.36"
162.19.228.216 - - [31/May/2026:18:54:11 +0000] "GET / HTTP/1.0" 500 1744 "https://gyazo.com/" "Mozilla/5.0 (Windows NT 10.0; Win64; x64) AppleWebKit/537.36 (KHTML, like Gecko) Chrome/135.0.0.0 Safari/537.36"
162.19.228.216 - - [31/May/2026:18:54:11 +0000] "GET / HTTP/1.0" 500 1744 "-" "Mozilla/5.0 (Windows NT 10.0; Win64; x64) AppleWebKit/537.36 (KHTML, like Gecko) Chrome/135.0.0.0 Safari/537.36"
34.39.94.180 - - [31/May/2026:18:54:11 +0000] "GET / HTTP/1.0" 500 1744 "https://abril.com.br/" "Mozilla/5.0 (Windows NT 10.0; Win64; x64) AppleWebKit/537.36 (KHTML, like Gecko) Chrome/134.0.0.0 Safari/537.36"
34.39.94.180 - - [31/May/2026:18:54:11 +0000] "GET / HTTP/1.0" 500 365 "https://ccm.net/" "Mozilla/5.0 (Windows NT 10.0; Win64; x64) AppleWebKit/537.36 (KHTML, like Gecko) Chrome/134.0.0.0 Safari/537.36"
34.39.94.180 - - [31/May/2026:18:54:11 +0000] "GET / HTTP/1.0" 500 1744 "https://primewire.ag/" "Mozilla/5.0 (Windows NT 10.0; Win64; x64) AppleWebKit/537.36 (KHTML, like Gecko) Chrome/134.0.0.0 Safari/537.36"
34.39.94.180 - - [31/May/2026:18:54:11 +0000] "GET / HTTP/1.0" 500 365 "https://redirectvoluum.com/" "Mozilla/5.0 (Windows NT 10.0; Win64; x64) AppleWebKit/537.36 (KHTML, like Gecko) Chrome/134.0.0.0 Safari/537.36"
162.19.228.216 - - [31/May/2026:18:54:11 +0000] "GET / HTTP/1.0" 500 365 "-" "Mozilla/5.0 (Windows NT 10.0; Win64; x64) AppleWebKit/537.36 (KHTML, like Gecko) Chrome/135.0.0.0 Safari/537.36"
34.39.94.180 - - [31/May/2026:18:54:11 +0000] "GET / HTTP/1.0" 500 365 "https://marca.com/" "Mozilla/5.0 (Windows NT 10.0; Win64; x64) AppleWebKit/537.36 (KHTML, like Gecko) Chrome/134.0.0.0 Safari/537.36"
34.39.94.180 - - [31/May/2026:18:54:11 +0000] "GET / HTTP/1.0" 500 1744 "-" "Mozilla/5.0 (Windows NT 10.0; Win64; x64) AppleWebKit/537.36 (KHTML, like Gecko) Chrome/134.0.0.0 Safari/537.36"
34.39.94.180 - - [31/May/2026:18:54:11 +0000] "GET / HTTP/1.0" 500 1744 "-" "Mozilla/5.0 (Windows NT 10.0; Win64; x64) AppleWebKit/537.36 (KHTML, like Gecko) Chrome/134.0.0.0 Safari/537.36"
34.39.94.180 - - [31/May/2026:18:54:11 +0000] "GET / HTTP/1.0" 500 365 "https://yandex.kz/" "Mozilla/5.0 (Windows NT 10.0; Win64; x64) AppleWebKit/537.36 (KHTML, like Gecko) Chrome/134.0.0.0 Safari/537.36"
34.39.94.180 - - [31/May/2026:18:54:11 +0000] "GET / HTTP/1.0" 500 1744 "-" "Mozilla/5.0 (Windows NT 10.0; Win64; x64) AppleWebKit/537.36 (KHTML, like Gecko) Chrome/134.0.0.0 Safari/537.36"
34.39.94.180 - - [31/May/2026:18:54:11 +0000] "GET / HTTP/1.0" 500 365 "https://milanuncios.com/" "Mozilla/5.0 (Windows NT 10.0; Win64; x64) AppleWebKit/537.36 (KHTML, like Gecko) Chrome/134.0.0.0 Safari/537.36"
162.19.228.216 - - [31/May/2026:18:54:11 +0000] "GET / HTTP/1.0" 500 365 "-" "Mozilla/5.0 (Windows NT 10.0; Win64; x64) AppleWebKit/537.36 (KHTML, like Gecko) Chrome/135.0.0.0 Safari/537.36"
34.71.229.255 - - [31/May/2026:18:54:11 +0000] "GET / HTTP/1.0" 500 365 "https://cookpad.com/" "Mozilla/5.0 (Windows NT 10.0; Win64; x64) AppleWebKit/537.36 (KHTML, like Gecko) Chrome/135.0.0.0 Safari/537.36"
34.71.229.255 - - [31/May/2026:18:54:11 +0000] "GET / HTTP/1.0" 500 365 "https://beeg.com/" "Mozilla/5.0 (Windows NT 10.0; Win64; x64) AppleWebKit/537.36 (KHTML, like Gecko) Chrome/135.0.0.0 Safari/537.36"
34.71.229.255 - - [31/May/2026:18:54:11 +0000] "GET / HTTP/1.0" 500 365 "-" "Mozilla/5.0 (Windows NT 10.0; Win64; x64) AppleWebKit/537.36 (KHTML, like Gecko) Chrome/135.0.0.0 Safari/537.36"
136.114.98.211 - - [31/May/2026:18:54:11 +0000] "GET / HTTP/1.0" 500 1744 "https://4pda.ru/" "Mozilla/5.0 (Windows NT 10.0; Win64; x64) AppleWebKit/537.36 (KHTML, like Gecko) Chrome/136.0.0.0 Safari/537.36"
136.114.98.211 - - [31/May/2026:18:54:11 +0000] "GET / HTTP/1.0" 500 1744 "https://pepecoll3ct.io/" "Mozilla/5.0 (Windows NT 10.0; Win64; x64) AppleWebKit/537.36 (KHTML, like Gecko) Chrome/136.0.0.0 Safari/537.36"
34.71.229.255 - - [31/May/2026:18:54:11 +0000] "GET / HTTP/1.0" 500 365 "https://4dsply.com/" "Mozilla/5.0 (Windows NT 10.0; Win64; x64) AppleWebKit/537.36 (KHTML, like Gecko) Chrome/135.0.0.0 Safari/537.36"
34.71.229.255 - - [31/May/2026:18:54:11 +0000] "GET / HTTP/1.0" 500 365 "-" "Mozilla/5.0 (Windows NT 10.0; Win64; x64) AppleWebKit/537.36 (KHTML, like Gecko) Chrome/135.0.0.0 Safari/537.36"
136.114.98.211 - - [31/May/2026:18:54:11 +0000] "GET / HTTP/1.0" 500 1744 "https://justdial.com/" "Mozilla/5.0 (Windows NT 10.0; Win64; x64) AppleWebKit/537.36 (KHTML, like Gecko) Chrome/136.0.0.0 Safari/537.36"
34.71.229.255 - - [31/May/2026:18:54:11 +0000] "GET / HTTP/1.0" 500 365 "https://houzz.com/" "Mozilla/5.0 (Windows NT 10.0; Win64; x64) AppleWebKit/537.36 (KHTML, like Gecko) Chrome/135.0.0.0 Safari/537.36"
136.114.98.211 - - [31/May/2026:18:54:11 +0000] "GET / HTTP/1.0" 500 1744 "-" "Mozilla/5.0 (Windows NT 10.0; Win64; x64) AppleWebKit/537.36 (KHTML, like Gecko) Chrome/136.0.0.0 Safari/537.36"
34.71.229.255 - - [31/May/2026:18:54:11 +0000] "GET / HTTP/1.0" 500 365 "-" "Mozilla/5.0 (Windows NT 10.0; Win64; x64) AppleWebKit/537.36 (KHTML, like Gecko) Chrome/135.0.0.0 Safari/537.36"
136.114.98.211 - - [31/May/2026:18:54:11 +0000] "GET / HTTP/1.0" 500 1744 "-" "Mozilla/5.0 (Windows NT 10.0; Win64; x64) AppleWebKit/537.36 (KHTML, like Gecko) Chrome/136.0.0.0 Safari/537.36"
34.71.229.255 - - [31/May/2026:18:54:11 +0000] "GET / HTTP/1.0" 500 365 "-" "Mozilla/5.0 (Windows NT 10.0; Win64; x64) AppleWebKit/537.36 (KHTML, like Gecko) Chrome/135.0.0.0 Safari/537.36"
136.114.98.211 - - [31/May/2026:18:54:11 +0000] "GET / HTTP/1.0" 500 1744 "-" "Mozilla/5.0 (Windows NT 10.0; Win64; x64) AppleWebKit/537.36 (KHTML, like Gecko) Chrome/136.0.0.0 Safari/537.36"
136.114.98.211 - - [31/May/2026:18:54:11 +0000] "GET / HTTP/1.0" 500 1744 "-" "Mozilla/5.0 (Windows NT 10.0; Win64; x64) AppleWebKit/537.36 (KHTML, like Gecko) Chrome/136.0.0.0 Safari/537.36"
136.114.98.211 - - [31/May/2026:18:54:11 +0000] "GET / HTTP/1.0" 500 1744 "https://nairaland.com/" "Mozilla/5.0 (Windows NT 10.0; Win64; x64) AppleWebKit/537.36 (KHTML, like Gecko) Chrome/136.0.0.0 Safari/537.36"
136.114.98.211 - - [31/May/2026:18:54:11 +0000] "GET / HTTP/1.0" 500 1744 "https://zing.vn/" "Mozilla/5.0 (Windows NT 10.0; Win64; x64) AppleWebKit/537.36 (KHTML, like Gecko) Chrome/136.0.0.0 Safari/537.36"
34.71.229.255 - - [31/May/2026:18:54:11 +0000] "GET / HTTP/1.0" 500 365 "https://behance.net/" "Mozilla/5.0 (Windows NT 10.0; Win64; x64) AppleWebKit/537.36 (KHTML, like Gecko) Chrome/135.0.0.0 Safari/537.36"
136.114.98.211 - - [31/May/2026:18:54:11 +0000] "GET / HTTP/1.0" 500 1744 "-" "Mozilla/5.0 (Windows NT 10.0; Win64; x64) AppleWebKit/537.36 (KHTML, like Gecko) Chrome/136.0.0.0 Safari/537.36"
136.114.98.211 - - [31/May/2026:18:54:11 +0000] "GET / HTTP/1.0" 500 1744 "-" "Mozilla/5.0 (Windows NT 10.0; Win64; x64) AppleWebKit/537.36 (KHTML, like Gecko) Chrome/136.0.0.0 Safari/537.36"
136.114.98.211 - - [31/May/2026:18:54:11 +0000] "GET / HTTP/1.0" 500 1744 "https://webssearches.com/" "Mozilla/5.0 (Windows NT 10.0; Win64; x64) AppleWebKit/537.36 (KHTML, like Gecko) Chrome/136.0.0.0 Safari/537.36"
34.71.229.255 - - [31/May/2026:18:54:11 +0000] "GET / HTTP/1.0" 500 365 "https://qunar.com/" "Mozilla/5.0 (Windows NT 10.0; Win64; x64) AppleWebKit/537.36 (KHTML, like Gecko) Chrome/135.0.0.0 Safari/537.36"
34.71.229.255 - - [31/May/2026:18:54:11 +0000] "GET / HTTP/1.0" 500 365 "-" "Mozilla/5.0 (Windows NT 10.0; Win64; x64) AppleWebKit/537.36 (KHTML, like Gecko) Chrome/135.0.0.0 Safari/537.36"
34.71.229.255 - - [31/May/2026:18:54:11 +0000] "GET / HTTP/1.0" 500 365 "-" "Mozilla/5.0 (Windows NT 10.0; Win64; x64) AppleWebKit/537.36 (KHTML, like Gecko) Chrome/135.0.0.0 Safari/537.36"
34.71.229.255 - - [31/May/2026:18:54:11 +0000] "GET / HTTP/1.0" 500 365 "https://clipconverter.cc/" "Mozilla/5.0 (Windows NT 10.0; Win64; x64) AppleWebKit/537.36 (KHTML, like Gecko) Chrome/135.0.0.0 Safari/537.36"
34.71.229.255 - - [31/May/2026:18:54:11 +0000] "GET / HTTP/1.0" 500 365 "https://itmedia.co.jp/" "Mozilla/5.0 (Windows NT 10.0; Win64; x64) AppleWebKit/537.36 (KHTML, like Gecko) Chrome/135.0.0.0 Safari/537.36"
136.114.98.211 - - [31/May/2026:18:54:11 +0000] "GET / HTTP/1.0" 500 1744 "-" "Mozilla/5.0 (Windows NT 10.0; Win64; x64) AppleWebKit/537.36 (KHTML, like Gecko) Chrome/136.0.0.0 Safari/537.36"
136.114.98.211 - - [31/May/2026:18:54:11 +0000] "GET / HTTP/1.0" 500 1744 "https://weather.gov/" "Mozilla/5.0 (Windows NT 10.0; Win64; x64) AppleWebKit/537.36 (KHTML, like Gecko) Chrome/136.0.0.0 Safari/537.36"
34.71.229.255 - - [31/May/2026:18:54:11 +0000] "GET / HTTP/1.0" 500 365 "https://weblio.jp/" "Mozilla/5.0 (Windows NT 10.0; Win64; x64) AppleWebKit/537.36 (KHTML, like Gecko) Chrome/135.0.0.0 Safari/537.36"
34.71.229.255 - - [31/May/2026:18:54:11 +0000] "GET / HTTP/1.0" 500 365 "-" "Mozilla/5.0 (Windows NT 10.0; Win64; x64) AppleWebKit/537.36 (KHTML, like Gecko) Chrome/135.0.0.0 Safari/537.36"
136.114.98.211 - - [31/May/2026:18:54:11 +0000] "GET / HTTP/1.0" 500 1744 "-" "Mozilla/5.0 (Windows NT 10.0; Win64; x64) AppleWebKit/537.36 (KHTML, like Gecko) Chrome/136.0.0.0 Safari/537.36"
34.71.229.255 - - [31/May/2026:18:54:11 +0000] "GET / HTTP/1.0" 500 365 "-" "Mozilla/5.0 (Windows NT 10.0; Win64; x64) AppleWebKit/537.36 (KHTML, like Gecko) Chrome/135.0.0.0 Safari/537.36"
136.114.98.211 - - [31/May/2026:18:54:11 +0000] "GET / HTTP/1.0" 500 1744 "-" "Mozilla/5.0 (Windows NT 10.0; Win64; x64) AppleWebKit/537.36 (KHTML, like Gecko) Chrome/136.0.0.0 Safari/537.36"
136.114.98.211 - - [31/May/2026:18:54:11 +0000] "GET / HTTP/1.0" 500 1744 "https://sears.com/" "Mozilla/5.0 (Windows NT 10.0; Win64; x64) AppleWebKit/537.36 (KHTML, like Gecko) Chrome/136.0.0.0 Safari/537.36"
136.114.98.211 - - [31/May/2026:18:54:11 +0000] "GET / HTTP/1.0" 500 1744 "-" "Mozilla/5.0 (Windows NT 10.0; Win64; x64) AppleWebKit/537.36 (KHTML, like Gecko) Chrome/136.0.0.0 Safari/537.36"
34.71.229.255 - - [31/May/2026:18:54:11 +0000] "GET / HTTP/1.0" 500 365 "-" "Mozilla/5.0 (Windows NT 10.0; Win64; x64) AppleWebKit/537.36 (KHTML, like Gecko) Chrome/135.0.0.0 Safari/537.36"
136.114.98.211 - - [31/May/2026:18:54:11 +0000] "GET / HTTP/1.0" 500 1744 "https://gmarket.co.kr/" "Mozilla/5.0 (Windows NT 10.0; Win64; x64) AppleWebKit/537.36 (KHTML, like Gecko) Chrome/136.0.0.0 Safari/537.36"
136.114.98.211 - - [31/May/2026:18:54:11 +0000] "GET / HTTP/1.0" 500 1744 "-" "Mozilla/5.0 (Windows NT 10.0; Win64; x64) AppleWebKit/537.36 (KHTML, like Gecko) Chrome/136.0.0.0 Safari/537.36"
136.114.98.211 - - [31/May/2026:18:54:11 +0000] "GET / HTTP/1.0" 500 1744 "https://nydailynews.com/" "Mozilla/5.0 (Windows NT 10.0; Win64; x64) AppleWebKit/537.36 (KHTML, like Gecko) Chrome/136.0.0.0 Safari/537.36"
136.114.98.211 - - [31/May/2026:18:54:11 +0000] "GET / HTTP/1.0" 500 1744 "https://exblog.jp/" "Mozilla/5.0 (Windows NT 10.0; Win64; x64) AppleWebKit/537.36 (KHTML, like Gecko) Chrome/136.0.0.0 Safari/537.36"
34.71.229.255 - - [31/May/2026:18:54:11 +0000] "GET / HTTP/1.0" 500 1744 "-" "Mozilla/5.0 (Windows NT 10.0; Win64; x64) AppleWebKit/537.36 (KHTML, like Gecko) Chrome/135.0.0.0 Safari/537.36"
136.114.98.211 - - [31/May/2026:18:54:11 +0000] "GET / HTTP/1.0" 500 1744 "https://clixsense.com/" "Mozilla/5.0 (Windows NT 10.0; Win64; x64) AppleWebKit/537.36 (KHTML, like Gecko) Chrome/136.0.0.0 Safari/537.36"
34.71.229.255 - - [31/May/2026:18:54:11 +0000] "GET / HTTP/1.0" 500 1744 "-" "Mozilla/5.0 (Windows NT 10.0; Win64; x64) AppleWebKit/537.36 (KHTML, like Gecko) Chrome/135.0.0.0 Safari/537.36"
34.71.229.255 - - [31/May/2026:18:54:11 +0000] "GET / HTTP/1.0" 500 1744 "-" "Mozilla/5.0 (Windows NT 10.0; Win64; x64) AppleWebKit/537.36 (KHTML, like Gecko) Chrome/135.0.0.0 Safari/537.36"
34.71.229.255 - - [31/May/2026:18:54:11 +0000] "GET / HTTP/1.0" 500 365 "https://yellowpages.com/" "Mozilla/5.0 (Windows NT 10.0; Win64; x64) AppleWebKit/537.36 (KHTML, like Gecko) Chrome/135.0.0.0 Safari/537.36"
34.71.229.255 - - [31/May/2026:18:54:11 +0000] "GET / HTTP/1.0" 500 1744 "https://primewire.ag/" "Mozilla/5.0 (Windows NT 10.0; Win64; x64) AppleWebKit/537.36 (KHTML, like Gecko) Chrome/135.0.0.0 Safari/537.36"
34.71.229.255 - - [31/May/2026:18:54:11 +0000] "GET / HTTP/1.0" 500 365 "https://hotels.com/" "Mozilla/5.0 (Windows NT 10.0; Win64; x64) AppleWebKit/537.36 (KHTML, like Gecko) Chrome/134.0.0.0 Safari/537.36"
34.71.229.255 - - [31/May/2026:18:54:11 +0000] "GET / HTTP/1.0" 500 1744 "https://cnbeta.com/" "Mozilla/5.0 (Windows NT 10.0; Win64; x64) AppleWebKit/537.36 (KHTML, like Gecko) Chrome/135.0.0.0 Safari/537.36"
34.71.229.255 - - [31/May/2026:18:54:11 +0000] "GET / HTTP/1.0" 500 1744 "https://nypost.com/" "Mozilla/5.0 (Windows NT 10.0; Win64; x64) AppleWebKit/537.36 (KHTML, like Gecko) Chrome/135.0.0.0 Safari/537.36"
136.114.98.211 - - [31/May/2026:18:54:11 +0000] "GET / HTTP/1.0" 500 1744 "https://india-mmm.net/" "Mozilla/5.0 (Windows NT 10.0; Win64; x64) AppleWebKit/537.36 (KHTML, like Gecko) Chrome/136.0.0.0 Safari/537.36"
136.114.98.211 - - [31/May/2026:18:54:11 +0000] "GET / HTTP/1.0" 500 1744 "-" "Mozilla/5.0 (Windows NT 10.0; Win64; x64) AppleWebKit/537.36 (KHTML, like Gecko) Chrome/136.0.0.0 Safari/537.36"
136.114.98.211 - - [31/May/2026:18:54:11 +0000] "GET / HTTP/1.0" 500 1744 "-" "Mozilla/5.0 (Windows NT 10.0; Win64; x64) AppleWebKit/537.36 (KHTML, like Gecko) Chrome/136.0.0.0 Safari/537.36"
34.71.229.255 - - [31/May/2026:18:54:11 +0000] "GET / HTTP/1.0" 500 1744 "-" "Mozilla/5.0 (Windows NT 10.0; Win64; x64) AppleWebKit/537.36 (KHTML, like Gecko) Chrome/135.0.0.0 Safari/537.36"
34.71.229.255 - - [31/May/2026:18:54:11 +0000] "GET / HTTP/1.0" 500 1744 "-" "Mozilla/5.0 (Windows NT 10.0; Win64; x64) AppleWebKit/537.36 (KHTML, like Gecko) Chrome/135.0.0.0 Safari/537.36"
34.71.229.255 - - [31/May/2026:18:54:11 +0000] "GET / HTTP/1.0" 500 365 "-" "Mozilla/5.0 (Windows NT 10.0; Win64; x64) AppleWebKit/537.36 (KHTML, like Gecko) Chrome/135.0.0.0 Safari/537.36"
136.114.98.211 - - [31/May/2026:18:54:11 +0000] "GET / HTTP/1.0" 500 1744 "-" "Mozilla/5.0 (Windows NT 10.0; Win64; x64) AppleWebKit/537.36 (KHTML, like Gecko) Chrome/136.0.0.0 Safari/537.36"
136.114.98.211 - - [31/May/2026:18:54:11 +0000] "GET / HTTP/1.0" 500 1744 "https://appledaily.com.tw/" "Mozilla/5.0 (Windows NT 10.0; Win64; x64) AppleWebKit/537.36 (KHTML, like Gecko) Chrome/136.0.0.0 Safari/537.36"
136.114.98.211 - - [31/May/2026:18:54:11 +0000] "GET / HTTP/1.0" 500 1744 "https://japanpost.jp/" "Mozilla/5.0 (Windows NT 10.0; Win64; x64) AppleWebKit/537.36 (KHTML, like Gecko) Chrome/136.0.0.0 Safari/537.36"
136.114.98.211 - - [31/May/2026:18:54:11 +0000] "GET / HTTP/1.0" 500 1744 "https://nydailynews.com/" "Mozilla/5.0 (Windows NT 10.0; Win64; x64) AppleWebKit/537.36 (KHTML, like Gecko) Chrome/136.0.0.0 Safari/537.36"
136.114.98.211 - - [31/May/2026:18:54:11 +0000] "GET / HTTP/1.0" 500 1744 "-" "Mozilla/5.0 (Windows NT 10.0; Win64; x64) AppleWebKit/537.36 (KHTML, like Gecko) Chrome/136.0.0.0 Safari/537.36"
34.71.229.255 - - [31/May/2026:18:54:11 +0000] "GET / HTTP/1.0" 500 365 "https://tokopedia.com/" "Mozilla/5.0 (Windows NT 10.0; Win64; x64) AppleWebKit/537.36 (KHTML, like Gecko) Chrome/135.0.0.0 Safari/537.36"
34.71.229.255 - - [31/May/2026:18:54:11 +0000] "GET / HTTP/1.0" 500 1744 "https://free.fr/" "Mozilla/5.0 (Windows NT 10.0; Win64; x64) AppleWebKit/537.36 (KHTML, like Gecko) Chrome/135.0.0.0 Safari/537.36"
34.71.229.255 - - [31/May/2026:18:54:11 +0000] "GET / HTTP/1.0" 500 1744 "-" "Mozilla/5.0 (Windows NT 10.0; Win64; x64) AppleWebKit/537.36 (KHTML, like Gecko) Chrome/135.0.0.0 Safari/537.36"
34.71.229.255 - - [31/May/2026:18:54:11 +0000] "GET / HTTP/1.0" 500 1744 "https://altervista.org/" "Mozilla/5.0 (Windows NT 10.0; Win64; x64) AppleWebKit/537.36 (KHTML, like Gecko) Chrome/135.0.0.0 Safari/537.36"
34.71.229.255 - - [31/May/2026:18:54:11 +0000] "GET / HTTP/1.0" 500 1744 "-" "Mozilla/5.0 (Windows NT 10.0; Win64; x64) AppleWebKit/537.36 (KHTML, like Gecko) Chrome/135.0.0.0 Safari/537.36"
34.71.229.255 - - [31/May/2026:18:54:11 +0000] "GET / HTTP/1.0" 500 1744 "https://issuu.com/" "Mozilla/5.0 (Windows NT 10.0; Win64; x64) AppleWebKit/537.36 (KHTML, like Gecko) Chrome/135.0.0.0 Safari/537.36"
34.71.229.255 - - [31/May/2026:18:54:11 +0000] "GET / HTTP/1.0" 500 1744 "-" "Mozilla/5.0 (Windows NT 10.0; Win64; x64) AppleWebKit/537.36 (KHTML, like Gecko) Chrome/135.0.0.0 Safari/537.36"
34.71.229.255 - - [31/May/2026:18:54:11 +0000] "GET / HTTP/1.0" 500 1744 "https://voc.com.cn/" "Mozilla/5.0 (Windows NT 10.0; Win64; x64) AppleWebKit/537.36 (KHTML, like Gecko) Chrome/135.0.0.0 Safari/537.36"
34.71.229.255 - - [31/May/2026:18:54:11 +0000] "GET / HTTP/1.0" 500 365 "-" "Mozilla/5.0 (Windows NT 10.0; Win64; x64) AppleWebKit/537.36 (KHTML, like Gecko) Chrome/134.0.0.0 Safari/537.36"
34.71.229.255 - - [31/May/2026:18:54:11 +0000] "GET / HTTP/1.0" 500 1744 "-" "Mozilla/5.0 (Windows NT 10.0; Win64; x64) AppleWebKit/537.36 (KHTML, like Gecko) Chrome/135.0.0.0 Safari/537.36"
34.71.229.255 - - [31/May/2026:18:54:11 +0000] "GET / HTTP/1.0" 500 365 "-" "Mozilla/5.0 (Windows NT 10.0; Win64; x64) AppleWebKit/537.36 (KHTML, like Gecko) Chrome/134.0.0.0 Safari/537.36"
34.71.229.255 - - [31/May/2026:18:54:11 +0000] "GET / HTTP/1.0" 500 365 "https://jin115.com/" "Mozilla/5.0 (Windows NT 10.0; Win64; x64) AppleWebKit/537.36 (KHTML, like Gecko) Chrome/134.0.0.0 Safari/537.36"
34.71.229.255 - - [31/May/2026:18:54:11 +0000] "GET / HTTP/1.0" 500 1744 "-" "Mozilla/5.0 (Windows NT 10.0; Win64; x64) AppleWebKit/537.36 (KHTML, like Gecko) Chrome/135.0.0.0 Safari/537.36"
34.71.229.255 - - [31/May/2026:18:54:11 +0000] "GET / HTTP/1.0" 500 1744 "https://kijiji.ca/" "Mozilla/5.0 (Windows NT 10.0; Win64; x64) AppleWebKit/537.36 (KHTML, like Gecko) Chrome/135.0.0.0 Safari/537.36"
34.71.229.255 - - [31/May/2026:18:54:11 +0000] "GET / HTTP/1.0" 500 365 "-" "Mozilla/5.0 (Windows NT 10.0; Win64; x64) AppleWebKit/537.36 (KHTML, like Gecko) Chrome/134.0.0.0 Safari/537.36"
34.71.229.255 - - [31/May/2026:18:54:11 +0000] "GET / HTTP/1.0" 500 365 "-" "Mozilla/5.0 (Windows NT 10.0; Win64; x64) AppleWebKit/537.36 (KHTML, like Gecko) Chrome/134.0.0.0 Safari/537.36"
34.71.229.255 - - [31/May/2026:18:54:11 +0000] "GET / HTTP/1.0" 500 1744 "https://constantcontact.com/" "Mozilla/5.0 (Windows NT 10.0; Win64; x64) AppleWebKit/537.36 (KHTML, like Gecko) Chrome/135.0.0.0 Safari/537.36"
34.71.229.255 - - [31/May/2026:18:54:11 +0000] "GET / HTTP/1.0" 500 1744 "-" "Mozilla/5.0 (Windows NT 10.0; Win64; x64) AppleWebKit/537.36 (KHTML, like Gecko) Chrome/135.0.0.0 Safari/537.36"
34.71.229.255 - - [31/May/2026:18:54:11 +0000] "GET / HTTP/1.0" 500 1744 "https://xbox.com/" "Mozilla/5.0 (Windows NT 10.0; Win64; x64) AppleWebKit/537.36 (KHTML, like Gecko) Chrome/135.0.0.0 Safari/537.36"
34.71.229.255 - - [31/May/2026:18:54:11 +0000] "GET / HTTP/1.0" 500 365 "https://gamepedia.com/" "Mozilla/5.0 (Windows NT 10.0; Win64; x64) AppleWebKit/537.36 (KHTML, like Gecko) Chrome/134.0.0.0 Safari/537.36"
34.71.229.255 - - [31/May/2026:18:54:11 +0000] "GET / HTTP/1.0" 500 1744 "-" "Mozilla/5.0 (Windows NT 10.0; Win64; x64) AppleWebKit/537.36 (KHTML, like Gecko) Chrome/135.0.0.0 Safari/537.36"
34.71.229.255 - - [31/May/2026:18:54:11 +0000] "GET / HTTP/1.0" 500 1744 "https://liveleak.com/" "Mozilla/5.0 (Windows NT 10.0; Win64; x64) AppleWebKit/537.36 (KHTML, like Gecko) Chrome/135.0.0.0 Safari/537.36"
34.71.229.255 - - [31/May/2026:18:54:11 +0000] "GET / HTTP/1.0" 500 1744 "-" "Mozilla/5.0 (Windows NT 10.0; Win64; x64) AppleWebKit/537.36 (KHTML, like Gecko) Chrome/135.0.0.0 Safari/537.36"
34.71.229.255 - - [31/May/2026:18:54:11 +0000] "GET / HTTP/1.0" 500 1744 "https://weblio.jp/" "Mozilla/5.0 (Windows NT 10.0; Win64; x64) AppleWebKit/537.36 (KHTML, like Gecko) Chrome/135.0.0.0 Safari/537.36"
34.71.229.255 - - [31/May/2026:18:54:11 +0000] "GET / HTTP/1.0" 500 1744 "https://kompas.com/" "Mozilla/5.0 (Windows NT 10.0; Win64; x64) AppleWebKit/537.36 (KHTML, like Gecko) Chrome/135.0.0.0 Safari/537.36"
34.71.229.255 - - [31/May/2026:18:54:11 +0000] "GET / HTTP/1.0" 500 365 "https://topf1le.com/" "Mozilla/5.0 (Windows NT 10.0; Win64; x64) AppleWebKit/537.36 (KHTML, like Gecko) Chrome/134.0.0.0 Safari/537.36"
34.71.229.255 - - [31/May/2026:18:54:11 +0000] "GET / HTTP/1.0" 500 1744 "-" "Mozilla/5.0 (Windows NT 10.0; Win64; x64) AppleWebKit/537.36 (KHTML, like Gecko) Chrome/135.0.0.0 Safari/537.36"
34.71.229.255 - - [31/May/2026:18:54:11 +0000] "GET / HTTP/1.0" 500 1744 "-" "Mozilla/5.0 (Windows NT 10.0; Win64; x64) AppleWebKit/537.36 (KHTML, like Gecko) Chrome/135.0.0.0 Safari/537.36"
34.71.229.255 - - [31/May/2026:18:54:11 +0000] "GET / HTTP/1.0" 500 1744 "https://usaa.com/" "Mozilla/5.0 (Windows NT 10.0; Win64; x64) AppleWebKit/537.36 (KHTML, like Gecko) Chrome/135.0.0.0 Safari/537.36"
34.71.229.255 - - [31/May/2026:18:54:11 +0000] "GET / HTTP/1.0" 500 1744 "https://souq.com/" "Mozilla/5.0 (Windows NT 10.0; Win64; x64) AppleWebKit/537.36 (KHTML, like Gecko) Chrome/135.0.0.0 Safari/537.36"
34.71.229.255 - - [31/May/2026:18:54:11 +0000] "GET / HTTP/1.0" 500 1744 "-" "Mozilla/5.0 (Windows NT 10.0; Win64; x64) AppleWebKit/537.36 (KHTML, like Gecko) Chrome/135.0.0.0 Safari/537.36"
34.71.229.255 - - [31/May/2026:18:54:11 +0000] "GET / HTTP/1.0" 500 1744 "-" "Mozilla/5.0 (Windows NT 10.0; Win64; x64) AppleWebKit/537.36 (KHTML, like Gecko) Chrome/135.0.0.0 Safari/537.36"
34.71.229.255 - - [31/May/2026:18:54:11 +0000] "GET / HTTP/1.0" 500 1744 "-" "Mozilla/5.0 (Windows NT 10.0; Win64; x64) AppleWebKit/537.36 (KHTML, like Gecko) Chrome/135.0.0.0 Safari/537.36"
34.71.229.255 - - [31/May/2026:18:54:11 +0000] "GET / HTTP/1.0" 500 1744 "https://ero-video.net/" "Mozilla/5.0 (Windows NT 10.0; Win64; x64) AppleWebKit/537.36 (KHTML, like Gecko) Chrome/135.0.0.0 Safari/537.36"
34.71.229.255 - - [31/May/2026:18:54:11 +0000] "GET / HTTP/1.0" 500 1744 "https://google.no/" "Mozilla/5.0 (Windows NT 10.0; Win64; x64) AppleWebKit/537.36 (KHTML, like Gecko) Chrome/135.0.0.0 Safari/537.36"
34.71.229.255 - - [31/May/2026:18:54:11 +0000] "GET / HTTP/1.0" 500 1744 "-" "Mozilla/5.0 (Windows NT 10.0; Win64; x64) AppleWebKit/537.36 (KHTML, like Gecko) Chrome/135.0.0.0 Safari/537.36"
34.71.229.255 - - [31/May/2026:18:54:11 +0000] "GET / HTTP/1.0" 500 365 "https://k618.cn/" "Mozilla/5.0 (Windows NT 10.0; Win64; x64) AppleWebKit/537.36 (KHTML, like Gecko) Chrome/134.0.0.0 Safari/537.36"
34.71.229.255 - - [31/May/2026:18:54:11 +0000] "GET / HTTP/1.0" 500 1744 "-" "Mozilla/5.0 (Windows NT 10.0; Win64; x64) AppleWebKit/537.36 (KHTML, like Gecko) Chrome/135.0.0.0 Safari/537.36"
34.71.229.255 - - [31/May/2026:18:54:11 +0000] "GET / HTTP/1.0" 500 1744 "https://dreamstime.com/" "Mozilla/5.0 (Windows NT 10.0; Win64; x64) AppleWebKit/537.36 (KHTML, like Gecko) Chrome/134.0.0.0 Safari/537.36"
34.71.229.255 - - [31/May/2026:18:54:11 +0000] "GET / HTTP/1.0" 500 1744 "-" "Mozilla/5.0 (Windows NT 10.0; Win64; x64) AppleWebKit/537.36 (KHTML, like Gecko) Chrome/134.0.0.0 Safari/537.36"
34.71.229.255 - - [31/May/2026:18:54:11 +0000] "GET / HTTP/1.0" 500 1744 "-" "Mozilla/5.0 (Windows NT 10.0; Win64; x64) AppleWebKit/537.36 (KHTML, like Gecko) Chrome/134.0.0.0 Safari/537.36"
34.71.229.255 - - [31/May/2026:18:54:11 +0000] "GET / HTTP/1.0" 500 1744 "-" "Mozilla/5.0 (Windows NT 10.0; Win64; x64) AppleWebKit/537.36 (KHTML, like Gecko) Chrome/134.0.0.0 Safari/537.36"
34.71.229.255 - - [31/May/2026:18:54:11 +0000] "GET / HTTP/1.0" 500 365 "https://ebay.fr/" "Mozilla/5.0 (Windows NT 10.0; Win64; x64) AppleWebKit/537.36 (KHTML, like Gecko) Chrome/134.0.0.0 Safari/537.36"
34.71.229.255 - - [31/May/2026:18:54:11 +0000] "GET / HTTP/1.0" 500 1744 "https://behance.net/" "Mozilla/5.0 (Windows NT 10.0; Win64; x64) AppleWebKit/537.36 (KHTML, like Gecko) Chrome/134.0.0.0 Safari/537.36"
34.71.229.255 - - [31/May/2026:18:54:11 +0000] "GET / HTTP/1.0" 500 1744 "-" "Mozilla/5.0 (Windows NT 10.0; Win64; x64) AppleWebKit/537.36 (KHTML, like Gecko) Chrome/134.0.0.0 Safari/537.36"
34.71.229.255 - - [31/May/2026:18:54:11 +0000] "GET / HTTP/1.0" 500 1744 "https://irctc.co.in/" "Mozilla/5.0 (Windows NT 10.0; Win64; x64) AppleWebKit/537.36 (KHTML, like Gecko) Chrome/134.0.0.0 Safari/537.36"
136.114.98.211 - - [31/May/2026:18:54:11 +0000] "GET / HTTP/1.0" 500 1744 "-" "Mozilla/5.0 (Windows NT 10.0; Win64; x64) AppleWebKit/537.36 (KHTML, like Gecko) Chrome/136.0.0.0 Safari/537.36"
34.71.229.255 - - [31/May/2026:18:54:11 +0000] "GET / HTTP/1.0" 500 1744 "https://investopedia.com/" "Mozilla/5.0 (Windows NT 10.0; Win64; x64) AppleWebKit/537.36 (KHTML, like Gecko) Chrome/134.0.0.0 Safari/537.36"
34.71.229.255 - - [31/May/2026:18:54:11 +0000] "GET / HTTP/1.0" 500 1744 "https://tnaflix.com/" "Mozilla/5.0 (Windows NT 10.0; Win64; x64) AppleWebKit/537.36 (KHTML, like Gecko) Chrome/134.0.0.0 Safari/537.36"
34.71.229.255 - - [31/May/2026:18:54:11 +0000] "GET / HTTP/1.0" 500 1744 "https://marca.com/" "Mozilla/5.0 (Windows NT 10.0; Win64; x64) AppleWebKit/537.36 (KHTML, like Gecko) Chrome/135.0.0.0 Safari/537.36"
34.71.229.255 - - [31/May/2026:18:54:11 +0000] "GET / HTTP/1.0" 500 1744 "-" "Mozilla/5.0 (Windows NT 10.0; Win64; x64) AppleWebKit/537.36 (KHTML, like Gecko) Chrome/134.0.0.0 Safari/537.36"
34.71.229.255 - - [31/May/2026:18:54:11 +0000] "GET / HTTP/1.0" 500 1744 "-" "Mozilla/5.0 (Windows NT 10.0; Win64; x64) AppleWebKit/537.36 (KHTML, like Gecko) Chrome/135.0.0.0 Safari/537.36"
34.71.229.255 - - [31/May/2026:18:54:11 +0000] "GET / HTTP/1.0" 500 1744 "-" "Mozilla/5.0 (Windows NT 10.0; Win64; x64) AppleWebKit/537.36 (KHTML, like Gecko) Chrome/135.0.0.0 Safari/537.36"
34.71.229.255 - - [31/May/2026:18:54:11 +0000] "GET / HTTP/1.0" 500 365 "https://naukri.com/" "Mozilla/5.0 (Windows NT 10.0; Win64; x64) AppleWebKit/537.36 (KHTML, like Gecko) Chrome/134.0.0.0 Safari/537.36"
34.71.229.255 - - [31/May/2026:18:54:11 +0000] "GET / HTTP/1.0" 500 1744 "https://toysrus.com/" "Mozilla/5.0 (Windows NT 10.0; Win64; x64) AppleWebKit/537.36 (KHTML, like Gecko) Chrome/135.0.0.0 Safari/537.36"
34.71.229.255 - - [31/May/2026:18:54:11 +0000] "GET / HTTP/1.0" 500 1744 "https://saramin.co.kr/" "Mozilla/5.0 (Windows NT 10.0; Win64; x64) AppleWebKit/537.36 (KHTML, like Gecko) Chrome/135.0.0.0 Safari/537.36"
34.71.229.255 - - [31/May/2026:18:54:11 +0000] "GET / HTTP/1.0" 500 365 "-" "Mozilla/5.0 (Windows NT 10.0; Win64; x64) AppleWebKit/537.36 (KHTML, like Gecko) Chrome/134.0.0.0 Safari/537.36"
34.71.229.255 - - [31/May/2026:18:54:11 +0000] "GET / HTTP/1.0" 500 1744 "-" "Mozilla/5.0 (Windows NT 10.0; Win64; x64) AppleWebKit/537.36 (KHTML, like Gecko) Chrome/134.0.0.0 Safari/537.36"
34.71.229.255 - - [31/May/2026:18:54:11 +0000] "GET / HTTP/1.0" 500 1744 "-" "Mozilla/5.0 (Windows NT 10.0; Win64; x64) AppleWebKit/537.36 (KHTML, like Gecko) Chrome/134.0.0.0 Safari/537.36"
34.71.229.255 - - [31/May/2026:18:54:11 +0000] "GET / HTTP/1.0" 500 1744 "https://dropbooks.tv/" "Mozilla/5.0 (Windows NT 10.0; Win64; x64) AppleWebKit/537.36 (KHTML, like Gecko) Chrome/134.0.0.0 Safari/537.36"
34.71.229.255 - - [31/May/2026:18:54:11 +0000] "GET / HTTP/1.0" 500 1744 "https://xbox.com/" "Mozilla/5.0 (Windows NT 10.0; Win64; x64) AppleWebKit/537.36 (KHTML, like Gecko) Chrome/135.0.0.0 Safari/537.36"
34.71.229.255 - - [31/May/2026:18:54:11 +0000] "GET / HTTP/1.0" 500 1744 "-" "Mozilla/5.0 (Windows NT 10.0; Win64; x64) AppleWebKit/537.36 (KHTML, like Gecko) Chrome/134.0.0.0 Safari/537.36"
34.71.229.255 - - [31/May/2026:18:54:11 +0000] "GET / HTTP/1.0" 500 365 "https://haber7.com/" "Mozilla/5.0 (Windows NT 10.0; Win64; x64) AppleWebKit/537.36 (KHTML, like Gecko) Chrome/134.0.0.0 Safari/537.36"
34.71.229.255 - - [31/May/2026:18:54:11 +0000] "GET / HTTP/1.0" 500 365 "-" "Mozilla/5.0 (Windows NT 10.0; Win64; x64) AppleWebKit/537.36 (KHTML, like Gecko) Chrome/134.0.0.0 Safari/537.36"
34.71.229.255 - - [31/May/2026:18:54:11 +0000] "GET / HTTP/1.0" 500 365 "-" "Mozilla/5.0 (Windows NT 10.0; Win64; x64) AppleWebKit/537.36 (KHTML, like Gecko) Chrome/134.0.0.0 Safari/537.36"
34.71.229.255 - - [31/May/2026:18:54:11 +0000] "GET / HTTP/1.0" 500 1744 "https://17ok.com/" "Mozilla/5.0 (Windows NT 10.0; Win64; x64) AppleWebKit/537.36 (KHTML, like Gecko) Chrome/134.0.0.0 Safari/537.36"
34.71.229.255 - - [31/May/2026:18:54:11 +0000] "GET / HTTP/1.0" 500 1744 "-" "Mozilla/5.0 (Windows NT 10.0; Win64; x64) AppleWebKit/537.36 (KHTML, like Gecko) Chrome/134.0.0.0 Safari/537.36"
34.71.229.255 - - [31/May/2026:18:54:11 +0000] "GET / HTTP/1.0" 500 365 "https://t-mobile.com/" "Mozilla/5.0 (Windows NT 10.0; Win64; x64) AppleWebKit/537.36 (KHTML, like Gecko) Chrome/134.0.0.0 Safari/537.36"
57.129.79.172 - - [31/May/2026:18:54:12 +0000] "GET / HTTP/1.0" 500 365 "https://intoday.in/" "Mozilla/5.0 (Windows NT 10.0; Win64; x64) AppleWebKit/537.36 (KHTML, like Gecko) Chrome/134.0.0.0 Safari/537.36"
57.129.79.172 - - [31/May/2026:18:54:12 +0000] "GET / HTTP/1.0" 500 365 "-" "Mozilla/5.0 (Windows NT 10.0; Win64; x64) AppleWebKit/537.36 (KHTML, like Gecko) Chrome/134.0.0.0 Safari/537.36"
57.129.79.172 - - [31/May/2026:18:54:12 +0000] "GET / HTTP/1.0" 500 365 "https://constantcontact.com/" "Mozilla/5.0 (Windows NT 10.0; Win64; x64) AppleWebKit/537.36 (KHTML, like Gecko) Chrome/134.0.0.0 Safari/537.36"
57.129.79.172 - - [31/May/2026:18:54:12 +0000] "GET / HTTP/1.0" 500 365 "-" "Mozilla/5.0 (Windows NT 10.0; Win64; x64) AppleWebKit/537.36 (KHTML, like Gecko) Chrome/134.0.0.0 Safari/537.36"
57.129.79.172 - - [31/May/2026:18:54:12 +0000] "GET / HTTP/1.0" 500 365 "-" "Mozilla/5.0 (Windows NT 10.0; Win64; x64) AppleWebKit/537.36 (KHTML, like Gecko) Chrome/134.0.0.0 Safari/537.36"
57.129.79.172 - - [31/May/2026:18:54:12 +0000] "GET / HTTP/1.0" 500 365 "https://r10.net/" "Mozilla/5.0 (Windows NT 10.0; Win64; x64) AppleWebKit/537.36 (KHTML, like Gecko) Chrome/134.0.0.0 Safari/537.36"
57.129.79.172 - - [31/May/2026:18:54:12 +0000] "GET / HTTP/1.0" 500 365 "https://oeeee.com/" "Mozilla/5.0 (Windows NT 10.0; Win64; x64) AppleWebKit/537.36 (KHTML, like Gecko) Chrome/134.0.0.0 Safari/537.36"
57.129.79.172 - - [31/May/2026:18:54:12 +0000] "GET / HTTP/1.0" 500 365 "https://ero-video.net/" "Mozilla/5.0 (Windows NT 10.0; Win64; x64) AppleWebKit/537.36 (KHTML, like Gecko) Chrome/134.0.0.0 Safari/537.36"
57.129.79.172 - - [31/May/2026:18:54:12 +0000] "GET / HTTP/1.0" 500 365 "-" "Mozilla/5.0 (Windows NT 10.0; Win64; x64) AppleWebKit/537.36 (KHTML, like Gecko) Chrome/134.0.0.0 Safari/537.36"
57.129.79.172 - - [31/May/2026:18:54:12 +0000] "GET / HTTP/1.0" 500 365 "https://infoseek.co.jp/" "Mozilla/5.0 (Windows NT 10.0; Win64; x64) AppleWebKit/537.36 (KHTML, like Gecko) Chrome/134.0.0.0 Safari/537.36"
57.129.79.172 - - [31/May/2026:18:54:12 +0000] "GET / HTTP/1.0" 500 365 "-" "Mozilla/5.0 (Windows NT 10.0; Win64; x64) AppleWebKit/537.36 (KHTML, like Gecko) Chrome/134.0.0.0 Safari/537.36"
57.129.79.172 - - [31/May/2026:18:54:12 +0000] "GET / HTTP/1.0" 500 365 "-" "Mozilla/5.0 (Windows NT 10.0; Win64; x64) AppleWebKit/537.36 (KHTML, like Gecko) Chrome/134.0.0.0 Safari/537.36"
57.129.79.172 - - [31/May/2026:18:54:12 +0000] "GET / HTTP/1.0" 500 365 "-" "Mozilla/5.0 (Windows NT 10.0; Win64; x64) AppleWebKit/537.36 (KHTML, like Gecko) Chrome/134.0.0.0 Safari/537.36"
57.129.79.172 - - [31/May/2026:18:54:12 +0000] "GET / HTTP/1.0" 500 365 "-" "Mozilla/5.0 (Windows NT 10.0; Win64; x64) AppleWebKit/537.36 (KHTML, like Gecko) Chrome/134.0.0.0 Safari/537.36"
57.129.79.172 - - [31/May/2026:18:54:12 +0000] "GET / HTTP/1.0" 500 365 "https://myway.com/" "Mozilla/5.0 (Windows NT 10.0; Win64; x64) AppleWebKit/537.36 (KHTML, like Gecko) Chrome/134.0.0.0 Safari/537.36"
57.129.79.172 - - [31/May/2026:18:54:12 +0000] "GET / HTTP/1.0" 500 365 "https://admtpmp127.com/" "Mozilla/5.0 (Windows NT 10.0; Win64; x64) AppleWebKit/537.36 (KHTML, like Gecko) Chrome/134.0.0.0 Safari/537.36"
57.129.79.172 - - [31/May/2026:18:54:12 +0000] "GET / HTTP/1.0" 500 365 "https://bodybuilding.com/" "Mozilla/5.0 (Windows NT 10.0; Win64; x64) AppleWebKit/537.36 (KHTML, like Gecko) Chrome/134.0.0.0 Safari/537.36"
57.129.79.172 - - [31/May/2026:18:54:12 +0000] "GET / HTTP/1.0" 500 365 "-" "Mozilla/5.0 (Windows NT 10.0; Win64; x64) AppleWebKit/537.36 (KHTML, like Gecko) Chrome/134.0.0.0 Safari/537.36"
57.129.79.172 - - [31/May/2026:18:54:12 +0000] "GET / HTTP/1.0" 500 365 "https://techcrunch.com/" "Mozilla/5.0 (Windows NT 10.0; Win64; x64) AppleWebKit/537.36 (KHTML, like Gecko) Chrome/134.0.0.0 Safari/537.36"
57.129.79.172 - - [31/May/2026:18:54:12 +0000] "GET / HTTP/1.0" 500 365 "https://xe.com/" "Mozilla/5.0 (Windows NT 10.0; Win64; x64) AppleWebKit/537.36 (KHTML, like Gecko) Chrome/134.0.0.0 Safari/537.36"
57.129.79.172 - - [31/May/2026:18:54:12 +0000] "GET / HTTP/1.0" 500 365 "-" "Mozilla/5.0 (Windows NT 10.0; Win64; x64) AppleWebKit/537.36 (KHTML, like Gecko) Chrome/134.0.0.0 Safari/537.36"
57.129.79.172 - - [31/May/2026:18:54:12 +0000] "GET / HTTP/1.0" 500 365 "-" "Mozilla/5.0 (Windows NT 10.0; Win64; x64) AppleWebKit/537.36 (KHTML, like Gecko) Chrome/134.0.0.0 Safari/537.36"
57.129.79.172 - - [31/May/2026:18:54:12 +0000] "GET / HTTP/1.0" 500 365 "https://123rf.com/" "Mozilla/5.0 (Windows NT 10.0; Win64; x64) AppleWebKit/537.36 (KHTML, like Gecko) Chrome/134.0.0.0 Safari/537.36"
57.129.79.172 - - [31/May/2026:18:54:12 +0000] "GET / HTTP/1.0" 500 365 "-" "Mozilla/5.0 (Windows NT 10.0; Win64; x64) AppleWebKit/537.36 (KHTML, like Gecko) Chrome/134.0.0.0 Safari/537.36"
185.196.41.167 - - [31/May/2026:18:54:12 +0000] "GET / HTTP/1.0" 500 365 "https://java.com/" "Mozilla/5.0 (Windows NT 10.0; Win64; x64) AppleWebKit/537.36 (KHTML, like Gecko) Chrome/135.0.0.0 Safari/537.36"
57.129.79.172 - - [31/May/2026:18:54:12 +0000] "GET / HTTP/1.0" 500 365 "-" "Mozilla/5.0 (Windows NT 10.0; Win64; x64) AppleWebKit/537.36 (KHTML, like Gecko) Chrome/134.0.0.0 Safari/537.36"
57.129.79.172 - - [31/May/2026:18:54:12 +0000] "GET / HTTP/1.0" 500 365 "-" "Mozilla/5.0 (Windows NT 10.0; Win64; x64) AppleWebKit/537.36 (KHTML, like Gecko) Chrome/134.0.0.0 Safari/537.36"
57.129.79.172 - - [31/May/2026:18:54:12 +0000] "GET / HTTP/1.0" 500 365 "https://interia.pl/" "Mozilla/5.0 (Windows NT 10.0; Win64; x64) AppleWebKit/537.36 (KHTML, like Gecko) Chrome/134.0.0.0 Safari/537.36"
57.129.79.172 - - [31/May/2026:18:54:12 +0000] "GET / HTTP/1.0" 500 365 "-" "Mozilla/5.0 (Windows NT 10.0; Win64; x64) AppleWebKit/537.36 (KHTML, like Gecko) Chrome/134.0.0.0 Safari/537.36"
57.129.79.172 - - [31/May/2026:18:54:12 +0000] "GET / HTTP/1.0" 500 365 "https://giphy.com/" "Mozilla/5.0 (Windows NT 10.0; Win64; x64) AppleWebKit/537.36 (KHTML, like Gecko) Chrome/134.0.0.0 Safari/537.36"
185.196.41.167 - - [31/May/2026:18:54:12 +0000] "GET / HTTP/1.0" 500 365 "-" "Mozilla/5.0 (Windows NT 10.0; Win64; x64) AppleWebKit/537.36 (KHTML, like Gecko) Chrome/135.0.0.0 Safari/537.36"
57.129.79.172 - - [31/May/2026:18:54:12 +0000] "GET / HTTP/1.0" 500 365 "-" "Mozilla/5.0 (Windows NT 10.0; Win64; x64) AppleWebKit/537.36 (KHTML, like Gecko) Chrome/134.0.0.0 Safari/537.36"
57.129.79.172 - - [31/May/2026:18:54:12 +0000] "GET / HTTP/1.0" 500 365 "https://change.org/" "Mozilla/5.0 (Windows NT 10.0; Win64; x64) AppleWebKit/537.36 (KHTML, like Gecko) Chrome/134.0.0.0 Safari/537.36"
185.196.41.167 - - [31/May/2026:18:54:12 +0000] "GET / HTTP/1.0" 500 365 "https://usaa.com/" "Mozilla/5.0 (Windows NT 10.0; Win64; x64) AppleWebKit/537.36 (KHTML, like Gecko) Chrome/135.0.0.0 Safari/537.36"
185.196.41.167 - - [31/May/2026:18:54:12 +0000] "GET / HTTP/1.0" 500 365 "https://6pm.com/" "Mozilla/5.0 (Windows NT 10.0; Win64; x64) AppleWebKit/537.36 (KHTML, like Gecko) Chrome/135.0.0.0 Safari/537.36"
185.196.41.167 - - [31/May/2026:18:54:12 +0000] "GET / HTTP/1.0" 500 365 "https://all2lnk.com/" "Mozilla/5.0 (Windows NT 10.0; Win64; x64) AppleWebKit/537.36 (KHTML, like Gecko) Chrome/135.0.0.0 Safari/537.36"
