34.71.229.255 - - [31/May/2026:18:53:52 +0000] "GET / HTTP/1.0" 500 365 "-" "Mozilla/5.0 (Windows NT 10.0; Win64; x64) AppleWebKit/537.36 (KHTML, like Gecko) Chrome/136.0.0.0 Safari/537.36"
34.71.229.255 - - [31/May/2026:18:53:52 +0000] "GET / HTTP/1.0" 500 365 "-" "Mozilla/5.0 (Windows NT 10.0; Win64; x64) AppleWebKit/537.36 (KHTML, like Gecko) Chrome/136.0.0.0 Safari/537.36"
34.71.229.255 - - [31/May/2026:18:53:52 +0000] "GET / HTTP/1.0" 500 365 "https://rakuten.ne.jp/" "Mozilla/5.0 (Windows NT 10.0; Win64; x64) AppleWebKit/537.36 (KHTML, like Gecko) Chrome/136.0.0.0 Safari/537.36"
34.71.229.255 - - [31/May/2026:18:53:52 +0000] "GET / HTTP/1.0" 500 365 "https://wayfair.com/" "Mozilla/5.0 (Windows NT 10.0; Win64; x64) AppleWebKit/537.36 (KHTML, like Gecko) Chrome/136.0.0.0 Safari/537.36"
34.71.229.255 - - [31/May/2026:18:53:52 +0000] "GET / HTTP/1.0" 500 365 "-" "Mozilla/5.0 (Windows NT 10.0; Win64; x64) AppleWebKit/537.36 (KHTML, like Gecko) Chrome/136.0.0.0 Safari/537.36"
34.71.229.255 - - [31/May/2026:18:53:52 +0000] "GET / HTTP/1.0" 500 365 "https://monster.com/" "Mozilla/5.0 (Windows NT 10.0; Win64; x64) AppleWebKit/537.36 (KHTML, like Gecko) Chrome/136.0.0.0 Safari/537.36"
34.71.229.255 - - [31/May/2026:18:53:52 +0000] "GET / HTTP/1.0" 500 365 "https://vk.me/" "Mozilla/5.0 (Windows NT 10.0; Win64; x64) AppleWebKit/537.36 (KHTML, like Gecko) Chrome/136.0.0.0 Safari/537.36"
34.71.229.255 - - [31/May/2026:18:53:52 +0000] "GET / HTTP/1.0" 500 365 "https://lequipe.fr/" "Mozilla/5.0 (Windows NT 10.0; Win64; x64) AppleWebKit/537.36 (KHTML, like Gecko) Chrome/136.0.0.0 Safari/537.36"
34.71.229.255 - - [31/May/2026:18:53:52 +0000] "GET / HTTP/1.0" 500 365 "-" "Mozilla/5.0 (Windows NT 10.0; Win64; x64) AppleWebKit/537.36 (KHTML, like Gecko) Chrome/136.0.0.0 Safari/537.36"
34.71.229.255 - - [31/May/2026:18:53:52 +0000] "GET / HTTP/1.0" 500 365 "https://gutefrage.net/" "Mozilla/5.0 (Windows NT 10.0; Win64; x64) AppleWebKit/537.36 (KHTML, like Gecko) Chrome/136.0.0.0 Safari/537.36"
34.71.229.255 - - [31/May/2026:18:53:52 +0000] "GET / HTTP/1.0" 500 365 "https://independent.co.uk/" "Mozilla/5.0 (Windows NT 10.0; Win64; x64) AppleWebKit/537.36 (KHTML, like Gecko) Chrome/136.0.0.0 Safari/537.36"
34.73.225.89 - - [31/May/2026:18:53:52 +0000] "GET / HTTP/1.0" 500 1744 "-" "Mozilla/5.0 (Windows NT 10.0; Win64; x64) AppleWebKit/537.36 (KHTML, like Gecko) Chrome/135.0.0.0 Safari/537.36"
34.71.229.255 - - [31/May/2026:18:53:52 +0000] "GET / HTTP/1.0" 500 365 "-" "Mozilla/5.0 (Windows NT 10.0; Win64; x64) AppleWebKit/537.36 (KHTML, like Gecko) Chrome/136.0.0.0 Safari/537.36"
34.71.229.255 - - [31/May/2026:18:53:52 +0000] "GET / HTTP/1.0" 500 365 "-" "Mozilla/5.0 (Windows NT 10.0; Win64; x64) AppleWebKit/537.36 (KHTML, like Gecko) Chrome/136.0.0.0 Safari/537.36"
34.73.225.89 - - [31/May/2026:18:53:52 +0000] "GET / HTTP/1.0" 500 1744 "https://filehippo.com/" "Mozilla/5.0 (Windows NT 10.0; Win64; x64) AppleWebKit/537.36 (KHTML, like Gecko) Chrome/135.0.0.0 Safari/537.36"
34.71.229.255 - - [31/May/2026:18:53:52 +0000] "GET / HTTP/1.0" 500 365 "https://medium.com/" "Mozilla/5.0 (Windows NT 10.0; Win64; x64) AppleWebKit/537.36 (KHTML, like Gecko) Chrome/136.0.0.0 Safari/537.36"
34.73.225.89 - - [31/May/2026:18:53:52 +0000] "GET / HTTP/1.0" 500 1744 "-" "Mozilla/5.0 (Windows NT 10.0; Win64; x64) AppleWebKit/537.36 (KHTML, like Gecko) Chrome/135.0.0.0 Safari/537.36"
34.71.229.255 - - [31/May/2026:18:53:52 +0000] "GET / HTTP/1.0" 500 365 "https://ca.gov/" "Mozilla/5.0 (Windows NT 10.0; Win64; x64) AppleWebKit/537.36 (KHTML, like Gecko) Chrome/136.0.0.0 Safari/537.36"
34.71.229.255 - - [31/May/2026:18:53:52 +0000] "GET / HTTP/1.0" 500 365 "-" "Mozilla/5.0 (Windows NT 10.0; Win64; x64) AppleWebKit/537.36 (KHTML, like Gecko) Chrome/135.0.0.0 Safari/537.36"
34.71.229.255 - - [31/May/2026:18:53:52 +0000] "GET / HTTP/1.0" 500 365 "-" "Mozilla/5.0 (Windows NT 10.0; Win64; x64) AppleWebKit/537.36 (KHTML, like Gecko) Chrome/135.0.0.0 Safari/537.36"
34.71.229.255 - - [31/May/2026:18:53:52 +0000] "GET / HTTP/1.0" 500 365 "https://lun.com/" "Mozilla/5.0 (Windows NT 10.0; Win64; x64) AppleWebKit/537.36 (KHTML, like Gecko) Chrome/135.0.0.0 Safari/537.36"
34.71.229.255 - - [31/May/2026:18:53:52 +0000] "GET / HTTP/1.0" 500 365 "-" "Mozilla/5.0 (Windows NT 10.0; Win64; x64) AppleWebKit/537.36 (KHTML, like Gecko) Chrome/136.0.0.0 Safari/537.36"
34.71.229.255 - - [31/May/2026:18:53:52 +0000] "GET / HTTP/1.0" 500 365 "-" "Mozilla/5.0 (Windows NT 10.0; Win64; x64) AppleWebKit/537.36 (KHTML, like Gecko) Chrome/135.0.0.0 Safari/537.36"
34.73.225.89 - - [31/May/2026:18:53:52 +0000] "GET / HTTP/1.0" 500 1744 "-" "Mozilla/5.0 (Windows NT 10.0; Win64; x64) AppleWebKit/537.36 (KHTML, like Gecko) Chrome/135.0.0.0 Safari/537.36"
34.71.229.255 - - [31/May/2026:18:53:52 +0000] "GET / HTTP/1.0" 500 365 "-" "Mozilla/5.0 (Windows NT 10.0; Win64; x64) AppleWebKit/537.36 (KHTML, like Gecko) Chrome/135.0.0.0 Safari/537.36"
34.73.225.89 - - [31/May/2026:18:53:52 +0000] "GET / HTTP/1.0" 500 1744 "-" "Mozilla/5.0 (Windows NT 10.0; Win64; x64) AppleWebKit/537.36 (KHTML, like Gecko) Chrome/135.0.0.0 Safari/537.36"
34.71.229.255 - - [31/May/2026:18:53:52 +0000] "GET / HTTP/1.0" 500 365 "-" "Mozilla/5.0 (Windows NT 10.0; Win64; x64) AppleWebKit/537.36 (KHTML, like Gecko) Chrome/136.0.0.0 Safari/537.36"
34.71.229.255 - - [31/May/2026:18:53:52 +0000] "GET / HTTP/1.0" 500 365 "https://4pda.ru/" "Mozilla/5.0 (Windows NT 10.0; Win64; x64) AppleWebKit/537.36 (KHTML, like Gecko) Chrome/135.0.0.0 Safari/537.36"
34.71.229.255 - - [31/May/2026:18:53:52 +0000] "GET / HTTP/1.0" 500 365 "-" "Mozilla/5.0 (Windows NT 10.0; Win64; x64) AppleWebKit/537.36 (KHTML, like Gecko) Chrome/135.0.0.0 Safari/537.36"
34.71.229.255 - - [31/May/2026:18:53:52 +0000] "GET / HTTP/1.0" 500 365 "-" "Mozilla/5.0 (Windows NT 10.0; Win64; x64) AppleWebKit/537.36 (KHTML, like Gecko) Chrome/135.0.0.0 Safari/537.36"
34.71.229.255 - - [31/May/2026:18:53:52 +0000] "GET / HTTP/1.0" 500 365 "-" "Mozilla/5.0 (Windows NT 10.0; Win64; x64) AppleWebKit/537.36 (KHTML, like Gecko) Chrome/136.0.0.0 Safari/537.36"
34.71.229.255 - - [31/May/2026:18:53:52 +0000] "GET / HTTP/1.0" 500 365 "-" "Mozilla/5.0 (Windows NT 10.0; Win64; x64) AppleWebKit/537.36 (KHTML, like Gecko) Chrome/135.0.0.0 Safari/537.36"
34.71.229.255 - - [31/May/2026:18:53:52 +0000] "GET / HTTP/1.0" 500 365 "-" "Mozilla/5.0 (Windows NT 10.0; Win64; x64) AppleWebKit/537.36 (KHTML, like Gecko) Chrome/135.0.0.0 Safari/537.36"
34.71.229.255 - - [31/May/2026:18:53:52 +0000] "GET / HTTP/1.0" 500 365 "-" "Mozilla/5.0 (Windows NT 10.0; Win64; x64) AppleWebKit/537.36 (KHTML, like Gecko) Chrome/136.0.0.0 Safari/537.36"
34.73.225.89 - - [31/May/2026:18:53:52 +0000] "GET / HTTP/1.0" 500 1744 "-" "Mozilla/5.0 (Windows NT 10.0; Win64; x64) AppleWebKit/537.36 (KHTML, like Gecko) Chrome/135.0.0.0 Safari/537.36"
34.71.229.255 - - [31/May/2026:18:53:52 +0000] "GET / HTTP/1.0" 500 365 "-" "Mozilla/5.0 (Windows NT 10.0; Win64; x64) AppleWebKit/537.36 (KHTML, like Gecko) Chrome/135.0.0.0 Safari/537.36"
34.71.229.255 - - [31/May/2026:18:53:52 +0000] "GET / HTTP/1.0" 500 365 "https://blog.me/" "Mozilla/5.0 (Windows NT 10.0; Win64; x64) AppleWebKit/537.36 (KHTML, like Gecko) Chrome/135.0.0.0 Safari/537.36"
34.73.225.89 - - [31/May/2026:18:53:52 +0000] "GET / HTTP/1.0" 500 1744 "-" "Mozilla/5.0 (Windows NT 10.0; Win64; x64) AppleWebKit/537.36 (KHTML, like Gecko) Chrome/135.0.0.0 Safari/537.36"
34.71.229.255 - - [31/May/2026:18:53:52 +0000] "GET / HTTP/1.0" 500 365 "-" "Mozilla/5.0 (Windows NT 10.0; Win64; x64) AppleWebKit/537.36 (KHTML, like Gecko) Chrome/135.0.0.0 Safari/537.36"
34.71.229.255 - - [31/May/2026:18:53:52 +0000] "GET / HTTP/1.0" 500 365 "-" "Mozilla/5.0 (Windows NT 10.0; Win64; x64) AppleWebKit/537.36 (KHTML, like Gecko) Chrome/136.0.0.0 Safari/537.36"
34.71.229.255 - - [31/May/2026:18:53:52 +0000] "GET / HTTP/1.0" 500 365 "https://wiktionary.org/" "Mozilla/5.0 (Windows NT 10.0; Win64; x64) AppleWebKit/537.36 (KHTML, like Gecko) Chrome/135.0.0.0 Safari/537.36"
34.71.229.255 - - [31/May/2026:18:53:52 +0000] "GET / HTTP/1.0" 500 365 "https://lun.com/" "Mozilla/5.0 (Windows NT 10.0; Win64; x64) AppleWebKit/537.36 (KHTML, like Gecko) Chrome/135.0.0.0 Safari/537.36"
34.73.225.89 - - [31/May/2026:18:53:52 +0000] "GET / HTTP/1.0" 500 1744 "https://yomiuri.co.jp/" "Mozilla/5.0 (Windows NT 10.0; Win64; x64) AppleWebKit/537.36 (KHTML, like Gecko) Chrome/135.0.0.0 Safari/537.36"
34.71.229.255 - - [31/May/2026:18:53:52 +0000] "GET / HTTP/1.0" 500 365 "-" "Mozilla/5.0 (Windows NT 10.0; Win64; x64) AppleWebKit/537.36 (KHTML, like Gecko) Chrome/135.0.0.0 Safari/537.36"
34.71.229.255 - - [31/May/2026:18:53:52 +0000] "GET / HTTP/1.0" 500 365 "https://zippyshare.com/" "Mozilla/5.0 (Windows NT 10.0; Win64; x64) AppleWebKit/537.36 (KHTML, like Gecko) Chrome/135.0.0.0 Safari/537.36"
34.71.229.255 - - [31/May/2026:18:53:52 +0000] "GET / HTTP/1.0" 500 365 "https://roblox.com/" "Mozilla/5.0 (Windows NT 10.0; Win64; x64) AppleWebKit/537.36 (KHTML, like Gecko) Chrome/135.0.0.0 Safari/537.36"
34.73.225.89 - - [31/May/2026:18:53:52 +0000] "GET / HTTP/1.0" 500 1744 "https://billdesk.com/" "Mozilla/5.0 (Windows NT 10.0; Win64; x64) AppleWebKit/537.36 (KHTML, like Gecko) Chrome/135.0.0.0 Safari/537.36"
34.71.229.255 - - [31/May/2026:18:53:52 +0000] "GET / HTTP/1.0" 500 1744 "https://lowes.com/" "Mozilla/5.0 (Windows NT 10.0; Win64; x64) AppleWebKit/537.36 (KHTML, like Gecko) Chrome/136.0.0.0 Safari/537.36"
34.71.229.255 - - [31/May/2026:18:53:52 +0000] "GET / HTTP/1.0" 500 365 "https://chinaso.com/" "Mozilla/5.0 (Windows NT 10.0; Win64; x64) AppleWebKit/537.36 (KHTML, like Gecko) Chrome/135.0.0.0 Safari/537.36"
34.71.229.255 - - [31/May/2026:18:53:52 +0000] "GET / HTTP/1.0" 500 365 "-" "Mozilla/5.0 (Windows NT 10.0; Win64; x64) AppleWebKit/537.36 (KHTML, like Gecko) Chrome/135.0.0.0 Safari/537.36"
34.71.229.255 - - [31/May/2026:18:53:52 +0000] "GET / HTTP/1.0" 500 1744 "-" "Mozilla/5.0 (Windows NT 10.0; Win64; x64) AppleWebKit/537.36 (KHTML, like Gecko) Chrome/136.0.0.0 Safari/537.36"
34.71.229.255 - - [31/May/2026:18:53:52 +0000] "GET / HTTP/1.0" 500 1744 "https://sears.com/" "Mozilla/5.0 (Windows NT 10.0; Win64; x64) AppleWebKit/537.36 (KHTML, like Gecko) Chrome/136.0.0.0 Safari/537.36"
34.71.229.255 - - [31/May/2026:18:53:52 +0000] "GET / HTTP/1.0" 500 1744 "-" "Mozilla/5.0 (Windows NT 10.0; Win64; x64) AppleWebKit/537.36 (KHTML, like Gecko) Chrome/136.0.0.0 Safari/537.36"
34.73.225.89 - - [31/May/2026:18:53:52 +0000] "GET / HTTP/1.0" 500 1744 "https://statcounter.com/" "Mozilla/5.0 (Windows NT 10.0; Win64; x64) AppleWebKit/537.36 (KHTML, like Gecko) Chrome/135.0.0.0 Safari/537.36"
34.71.229.255 - - [31/May/2026:18:53:52 +0000] "GET / HTTP/1.0" 500 365 "https://duckduckgo.com/" "Mozilla/5.0 (Windows NT 10.0; Win64; x64) AppleWebKit/537.36 (KHTML, like Gecko) Chrome/135.0.0.0 Safari/537.36"
34.71.229.255 - - [31/May/2026:18:53:52 +0000] "GET / HTTP/1.0" 500 365 "https://189.cn/" "Mozilla/5.0 (Windows NT 10.0; Win64; x64) AppleWebKit/537.36 (KHTML, like Gecko) Chrome/135.0.0.0 Safari/537.36"
34.71.229.255 - - [31/May/2026:18:53:52 +0000] "GET / HTTP/1.0" 500 365 "https://youjizz.com/" "Mozilla/5.0 (Windows NT 10.0; Win64; x64) AppleWebKit/537.36 (KHTML, like Gecko) Chrome/135.0.0.0 Safari/537.36"
34.71.229.255 - - [31/May/2026:18:53:52 +0000] "GET / HTTP/1.0" 500 365 "https://theverge.com/" "Mozilla/5.0 (Windows NT 10.0; Win64; x64) AppleWebKit/537.36 (KHTML, like Gecko) Chrome/135.0.0.0 Safari/537.36"
34.71.229.255 - - [31/May/2026:18:53:52 +0000] "GET / HTTP/1.0" 500 365 "-" "Mozilla/5.0 (Windows NT 10.0; Win64; x64) AppleWebKit/537.36 (KHTML, like Gecko) Chrome/135.0.0.0 Safari/537.36"
34.71.229.255 - - [31/May/2026:18:53:52 +0000] "GET / HTTP/1.0" 500 365 "-" "Mozilla/5.0 (Windows NT 10.0; Win64; x64) AppleWebKit/537.36 (KHTML, like Gecko) Chrome/135.0.0.0 Safari/537.36"
34.71.229.255 - - [31/May/2026:18:53:52 +0000] "GET / HTTP/1.0" 500 365 "https://jimdo.com/" "Mozilla/5.0 (Windows NT 10.0; Win64; x64) AppleWebKit/537.36 (KHTML, like Gecko) Chrome/135.0.0.0 Safari/537.36"
34.73.225.89 - - [31/May/2026:18:53:52 +0000] "GET / HTTP/1.0" 500 1744 "-" "Mozilla/5.0 (Windows NT 10.0; Win64; x64) AppleWebKit/537.36 (KHTML, like Gecko) Chrome/135.0.0.0 Safari/537.36"
34.71.229.255 - - [31/May/2026:18:53:52 +0000] "GET / HTTP/1.0" 500 1744 "https://gazeta.pl/" "Mozilla/5.0 (Windows NT 10.0; Win64; x64) AppleWebKit/537.36 (KHTML, like Gecko) Chrome/135.0.0.0 Safari/537.36"
34.71.229.255 - - [31/May/2026:18:53:52 +0000] "GET / HTTP/1.0" 500 365 "https://egou.com/" "Mozilla/5.0 (Windows NT 10.0; Win64; x64) AppleWebKit/537.36 (KHTML, like Gecko) Chrome/135.0.0.0 Safari/537.36"
34.71.229.255 - - [31/May/2026:18:53:52 +0000] "GET / HTTP/1.0" 500 1744 "https://nypost.com/" "Mozilla/5.0 (Windows NT 10.0; Win64; x64) AppleWebKit/537.36 (KHTML, like Gecko) Chrome/135.0.0.0 Safari/537.36"
34.71.229.255 - - [31/May/2026:18:53:52 +0000] "GET / HTTP/1.0" 500 1744 "-" "Mozilla/5.0 (Windows NT 10.0; Win64; x64) AppleWebKit/537.36 (KHTML, like Gecko) Chrome/135.0.0.0 Safari/537.36"
34.71.229.255 - - [31/May/2026:18:53:52 +0000] "GET / HTTP/1.0" 500 1744 "-" "Mozilla/5.0 (Windows NT 10.0; Win64; x64) AppleWebKit/537.36 (KHTML, like Gecko) Chrome/135.0.0.0 Safari/537.36"
34.73.225.89 - - [31/May/2026:18:53:52 +0000] "GET / HTTP/1.0" 500 365 "-" "Mozilla/5.0 (Windows NT 10.0; Win64; x64) AppleWebKit/537.36 (KHTML, like Gecko) Chrome/135.0.0.0 Safari/537.36"
34.73.225.89 - - [31/May/2026:18:53:52 +0000] "GET / HTTP/1.0" 500 1744 "https://yoka.com/" "Mozilla/5.0 (Windows NT 10.0; Win64; x64) AppleWebKit/537.36 (KHTML, like Gecko) Chrome/135.0.0.0 Safari/537.36"
34.73.225.89 - - [31/May/2026:18:53:52 +0000] "GET / HTTP/1.0" 500 1744 "-" "Mozilla/5.0 (Windows NT 10.0; Win64; x64) AppleWebKit/537.36 (KHTML, like Gecko) Chrome/135.0.0.0 Safari/537.36"
34.73.225.89 - - [31/May/2026:18:53:52 +0000] "GET / HTTP/1.0" 500 1744 "-" "Mozilla/5.0 (Windows NT 10.0; Win64; x64) AppleWebKit/537.36 (KHTML, like Gecko) Chrome/135.0.0.0 Safari/537.36"
34.73.225.89 - - [31/May/2026:18:53:52 +0000] "GET / HTTP/1.0" 500 1744 "https://bhphotovideo.com/" "Mozilla/5.0 (Windows NT 10.0; Win64; x64) AppleWebKit/537.36 (KHTML, like Gecko) Chrome/135.0.0.0 Safari/537.36"
34.73.225.89 - - [31/May/2026:18:53:52 +0000] "GET / HTTP/1.0" 500 1744 "-" "Mozilla/5.0 (Windows NT 10.0; Win64; x64) AppleWebKit/537.36 (KHTML, like Gecko) Chrome/135.0.0.0 Safari/537.36"
34.73.225.89 - - [31/May/2026:18:53:52 +0000] "GET / HTTP/1.0" 500 1744 "-" "Mozilla/5.0 (Windows NT 10.0; Win64; x64) AppleWebKit/537.36 (KHTML, like Gecko) Chrome/135.0.0.0 Safari/537.36"
34.73.225.89 - - [31/May/2026:18:53:52 +0000] "GET / HTTP/1.0" 500 1744 "-" "Mozilla/5.0 (Windows NT 10.0; Win64; x64) AppleWebKit/537.36 (KHTML, like Gecko) Chrome/135.0.0.0 Safari/537.36"
34.73.225.89 - - [31/May/2026:18:53:52 +0000] "GET / HTTP/1.0" 500 1744 "https://playstation.com/" "Mozilla/5.0 (Windows NT 10.0; Win64; x64) AppleWebKit/537.36 (KHTML, like Gecko) Chrome/135.0.0.0 Safari/537.36"
34.73.225.89 - - [31/May/2026:18:53:52 +0000] "GET / HTTP/1.0" 500 1744 "-" "Mozilla/5.0 (Windows NT 10.0; Win64; x64) AppleWebKit/537.36 (KHTML, like Gecko) Chrome/135.0.0.0 Safari/537.36"
34.73.225.89 - - [31/May/2026:18:53:52 +0000] "GET / HTTP/1.0" 500 1744 "https://wired.com/" "Mozilla/5.0 (Windows NT 10.0; Win64; x64) AppleWebKit/537.36 (KHTML, like Gecko) Chrome/135.0.0.0 Safari/537.36"
34.73.225.89 - - [31/May/2026:18:53:52 +0000] "GET / HTTP/1.0" 500 1744 "https://xe.com/" "Mozilla/5.0 (Windows NT 10.0; Win64; x64) AppleWebKit/537.36 (KHTML, like Gecko) Chrome/135.0.0.0 Safari/537.36"
34.73.225.89 - - [31/May/2026:18:53:52 +0000] "GET / HTTP/1.0" 500 1744 "https://mihanblog.com/" "Mozilla/5.0 (Windows NT 10.0; Win64; x64) AppleWebKit/537.36 (KHTML, like Gecko) Chrome/135.0.0.0 Safari/537.36"
34.73.225.89 - - [31/May/2026:18:53:52 +0000] "GET / HTTP/1.0" 500 1744 "-" "Mozilla/5.0 (Windows NT 10.0; Win64; x64) AppleWebKit/537.36 (KHTML, like Gecko) Chrome/135.0.0.0 Safari/537.36"
34.73.225.89 - - [31/May/2026:18:53:52 +0000] "GET / HTTP/1.0" 500 1744 "https://ancestry.com/" "Mozilla/5.0 (Windows NT 10.0; Win64; x64) AppleWebKit/537.36 (KHTML, like Gecko) Chrome/135.0.0.0 Safari/537.36"
34.73.225.89 - - [31/May/2026:18:53:52 +0000] "GET / HTTP/1.0" 500 1744 "https://united.com/" "Mozilla/5.0 (Windows NT 10.0; Win64; x64) AppleWebKit/537.36 (KHTML, like Gecko) Chrome/135.0.0.0 Safari/537.36"
34.73.225.89 - - [31/May/2026:18:53:52 +0000] "GET / HTTP/1.0" 500 1744 "https://rarbg.to/" "Mozilla/5.0 (Windows NT 10.0; Win64; x64) AppleWebKit/537.36 (KHTML, like Gecko) Chrome/135.0.0.0 Safari/537.36"
34.73.225.89 - - [31/May/2026:18:53:52 +0000] "GET / HTTP/1.0" 500 1744 "https://free.fr/" "Mozilla/5.0 (Windows NT 10.0; Win64; x64) AppleWebKit/537.36 (KHTML, like Gecko) Chrome/135.0.0.0 Safari/537.36"
34.73.225.89 - - [31/May/2026:18:53:52 +0000] "GET / HTTP/1.0" 500 1744 "-" "Mozilla/5.0 (Windows NT 10.0; Win64; x64) AppleWebKit/537.36 (KHTML, like Gecko) Chrome/135.0.0.0 Safari/537.36"
34.73.225.89 - - [31/May/2026:18:53:52 +0000] "GET / HTTP/1.0" 500 1744 "-" "Mozilla/5.0 (Windows NT 10.0; Win64; x64) AppleWebKit/537.36 (KHTML, like Gecko) Chrome/135.0.0.0 Safari/537.36"
34.73.225.89 - - [31/May/2026:18:53:52 +0000] "GET / HTTP/1.0" 500 1744 "https://medium.com/" "Mozilla/5.0 (Windows NT 10.0; Win64; x64) AppleWebKit/537.36 (KHTML, like Gecko) Chrome/135.0.0.0 Safari/537.36"
34.73.225.89 - - [31/May/2026:18:53:52 +0000] "GET / HTTP/1.0" 500 1744 "https://admtpmp127.com/" "Mozilla/5.0 (Windows NT 10.0; Win64; x64) AppleWebKit/537.36 (KHTML, like Gecko) Chrome/135.0.0.0 Safari/537.36"
34.71.229.255 - - [31/May/2026:18:53:52 +0000] "GET / HTTP/1.0" 500 365 "-" "Mozilla/5.0 (Windows NT 10.0; Win64; x64) AppleWebKit/537.36 (KHTML, like Gecko) Chrome/134.0.0.0 Safari/537.36"
34.73.225.89 - - [31/May/2026:18:53:52 +0000] "GET / HTTP/1.0" 500 1744 "-" "Mozilla/5.0 (Windows NT 10.0; Win64; x64) AppleWebKit/537.36 (KHTML, like Gecko) Chrome/135.0.0.0 Safari/537.36"
34.73.225.89 - - [31/May/2026:18:53:52 +0000] "GET / HTTP/1.0" 500 1744 "-" "Mozilla/5.0 (Windows NT 10.0; Win64; x64) AppleWebKit/537.36 (KHTML, like Gecko) Chrome/135.0.0.0 Safari/537.36"
34.71.229.255 - - [31/May/2026:18:53:52 +0000] "GET / HTTP/1.0" 500 365 "https://siteadvisor.com/" "Mozilla/5.0 (Windows NT 10.0; Win64; x64) AppleWebKit/537.36 (KHTML, like Gecko) Chrome/134.0.0.0 Safari/537.36"
34.71.229.255 - - [31/May/2026:18:53:52 +0000] "GET / HTTP/1.0" 500 365 "https://digikala.com/" "Mozilla/5.0 (Windows NT 10.0; Win64; x64) AppleWebKit/537.36 (KHTML, like Gecko) Chrome/134.0.0.0 Safari/537.36"
34.71.229.255 - - [31/May/2026:18:53:52 +0000] "GET / HTTP/1.0" 500 365 "https://zara.com/" "Mozilla/5.0 (Windows NT 10.0; Win64; x64) AppleWebKit/537.36 (KHTML, like Gecko) Chrome/134.0.0.0 Safari/537.36"
34.71.229.255 - - [31/May/2026:18:53:52 +0000] "GET / HTTP/1.0" 500 365 "-" "Mozilla/5.0 (Windows NT 10.0; Win64; x64) AppleWebKit/537.36 (KHTML, like Gecko) Chrome/134.0.0.0 Safari/537.36"
34.71.229.255 - - [31/May/2026:18:53:53 +0000] "GET / HTTP/1.0" 500 365 "https://unblocked.la/" "Mozilla/5.0 (Windows NT 10.0; Win64; x64) AppleWebKit/537.36 (KHTML, like Gecko) Chrome/134.0.0.0 Safari/537.36"
34.71.229.255 - - [31/May/2026:18:53:53 +0000] "GET / HTTP/1.0" 500 365 "-" "Mozilla/5.0 (Windows NT 10.0; Win64; x64) AppleWebKit/537.36 (KHTML, like Gecko) Chrome/134.0.0.0 Safari/537.36"
34.71.229.255 - - [31/May/2026:18:53:53 +0000] "GET / HTTP/1.0" 500 365 "-" "Mozilla/5.0 (Windows NT 10.0; Win64; x64) AppleWebKit/537.36 (KHTML, like Gecko) Chrome/134.0.0.0 Safari/537.36"
34.71.229.255 - - [31/May/2026:18:53:53 +0000] "GET / HTTP/1.0" 500 365 "https://novinky.cz/" "Mozilla/5.0 (Windows NT 10.0; Win64; x64) AppleWebKit/537.36 (KHTML, like Gecko) Chrome/134.0.0.0 Safari/537.36"
34.71.229.255 - - [31/May/2026:18:53:53 +0000] "GET / HTTP/1.0" 500 365 "https://seasonvar.ru/" "Mozilla/5.0 (Windows NT 10.0; Win64; x64) AppleWebKit/537.36 (KHTML, like Gecko) Chrome/134.0.0.0 Safari/537.36"
34.71.229.255 - - [31/May/2026:18:53:53 +0000] "GET / HTTP/1.0" 500 365 "https://21cn.com/" "Mozilla/5.0 (Windows NT 10.0; Win64; x64) AppleWebKit/537.36 (KHTML, like Gecko) Chrome/134.0.0.0 Safari/537.36"
34.71.229.255 - - [31/May/2026:18:53:53 +0000] "GET / HTTP/1.0" 500 365 "-" "Mozilla/5.0 (Windows NT 10.0; Win64; x64) AppleWebKit/537.36 (KHTML, like Gecko) Chrome/134.0.0.0 Safari/537.36"
34.71.229.255 - - [31/May/2026:18:53:53 +0000] "GET / HTTP/1.0" 500 365 "-" "Mozilla/5.0 (Windows NT 10.0; Win64; x64) AppleWebKit/537.36 (KHTML, like Gecko) Chrome/134.0.0.0 Safari/537.36"
34.71.229.255 - - [31/May/2026:18:53:53 +0000] "GET / HTTP/1.0" 500 365 "-" "Mozilla/5.0 (Windows NT 10.0; Win64; x64) AppleWebKit/537.36 (KHTML, like Gecko) Chrome/134.0.0.0 Safari/537.36"
34.71.229.255 - - [31/May/2026:18:53:53 +0000] "GET / HTTP/1.0" 500 365 "-" "Mozilla/5.0 (Windows NT 10.0; Win64; x64) AppleWebKit/537.36 (KHTML, like Gecko) Chrome/134.0.0.0 Safari/537.36"
34.71.229.255 - - [31/May/2026:18:53:53 +0000] "GET / HTTP/1.0" 500 365 "-" "Mozilla/5.0 (Windows NT 10.0; Win64; x64) AppleWebKit/537.36 (KHTML, like Gecko) Chrome/134.0.0.0 Safari/537.36"
34.73.225.89 - - [31/May/2026:18:53:53 +0000] "GET / HTTP/1.0" 500 1744 "-" "Mozilla/5.0 (Windows NT 10.0; Win64; x64) AppleWebKit/537.36 (KHTML, like Gecko) Chrome/135.0.0.0 Safari/537.36"
34.71.229.255 - - [31/May/2026:18:53:53 +0000] "GET / HTTP/1.0" 500 365 "https://yaplakal.com/" "Mozilla/5.0 (Windows NT 10.0; Win64; x64) AppleWebKit/537.36 (KHTML, like Gecko) Chrome/134.0.0.0 Safari/537.36"
34.73.225.89 - - [31/May/2026:18:53:53 +0000] "GET / HTTP/1.0" 500 1744 "-" "Mozilla/5.0 (Windows NT 10.0; Win64; x64) AppleWebKit/537.36 (KHTML, like Gecko) Chrome/135.0.0.0 Safari/537.36"
34.71.229.255 - - [31/May/2026:18:53:53 +0000] "GET / HTTP/1.0" 500 365 "-" "Mozilla/5.0 (Windows NT 10.0; Win64; x64) AppleWebKit/537.36 (KHTML, like Gecko) Chrome/134.0.0.0 Safari/537.36"
34.71.229.255 - - [31/May/2026:18:53:53 +0000] "GET / HTTP/1.0" 500 365 "-" "Mozilla/5.0 (Windows NT 10.0; Win64; x64) AppleWebKit/537.36 (KHTML, like Gecko) Chrome/134.0.0.0 Safari/537.36"
34.71.229.255 - - [31/May/2026:18:53:53 +0000] "GET / HTTP/1.0" 500 365 "-" "Mozilla/5.0 (Windows NT 10.0; Win64; x64) AppleWebKit/537.36 (KHTML, like Gecko) Chrome/134.0.0.0 Safari/537.36"
34.73.225.89 - - [31/May/2026:18:53:53 +0000] "GET / HTTP/1.0" 500 1744 "-" "Mozilla/5.0 (Windows NT 10.0; Win64; x64) AppleWebKit/537.36 (KHTML, like Gecko) Chrome/135.0.0.0 Safari/537.36"
34.73.225.89 - - [31/May/2026:18:53:53 +0000] "GET / HTTP/1.0" 500 1744 "https://2chblog.jp/" "Mozilla/5.0 (Windows NT 10.0; Win64; x64) AppleWebKit/537.36 (KHTML, like Gecko) Chrome/135.0.0.0 Safari/537.36"
34.73.225.89 - - [31/May/2026:18:53:53 +0000] "GET / HTTP/1.0" 500 1744 "https://kompas.com/" "Mozilla/5.0 (Windows NT 10.0; Win64; x64) AppleWebKit/537.36 (KHTML, like Gecko) Chrome/135.0.0.0 Safari/537.36"
34.71.229.255 - - [31/May/2026:18:53:53 +0000] "GET / HTTP/1.0" 500 365 "https://google.by/" "Mozilla/5.0 (Windows NT 10.0; Win64; x64) AppleWebKit/537.36 (KHTML, like Gecko) Chrome/134.0.0.0 Safari/537.36"
34.71.229.255 - - [31/May/2026:18:53:53 +0000] "GET / HTTP/1.0" 500 365 "https://folha.uol.com.br/" "Mozilla/5.0 (Windows NT 10.0; Win64; x64) AppleWebKit/537.36 (KHTML, like Gecko) Chrome/134.0.0.0 Safari/537.36"
34.73.225.89 - - [31/May/2026:18:53:53 +0000] "GET / HTTP/1.0" 500 1744 "-" "Mozilla/5.0 (Windows NT 10.0; Win64; x64) AppleWebKit/537.36 (KHTML, like Gecko) Chrome/135.0.0.0 Safari/537.36"
34.71.229.255 - - [31/May/2026:18:53:53 +0000] "GET / HTTP/1.0" 500 365 "https://fandango.com/" "Mozilla/5.0 (Windows NT 10.0; Win64; x64) AppleWebKit/537.36 (KHTML, like Gecko) Chrome/134.0.0.0 Safari/537.36"
34.71.229.255 - - [31/May/2026:18:53:53 +0000] "GET / HTTP/1.0" 500 365 "-" "Mozilla/5.0 (Windows NT 10.0; Win64; x64) AppleWebKit/537.36 (KHTML, like Gecko) Chrome/136.0.0.0 Safari/537.36"
34.71.229.255 - - [31/May/2026:18:53:53 +0000] "GET / HTTP/1.0" 500 365 "https://basecamp.com/" "Mozilla/5.0 (Windows NT 10.0; Win64; x64) AppleWebKit/537.36 (KHTML, like Gecko) Chrome/134.0.0.0 Safari/537.36"
34.71.229.255 - - [31/May/2026:18:53:53 +0000] "GET / HTTP/1.0" 500 365 "https://hupu.com/" "Mozilla/5.0 (Windows NT 10.0; Win64; x64) AppleWebKit/537.36 (KHTML, like Gecko) Chrome/136.0.0.0 Safari/537.36"
34.73.225.89 - - [31/May/2026:18:53:53 +0000] "GET / HTTP/1.0" 500 1744 "https://sankei.com/" "Mozilla/5.0 (Windows NT 10.0; Win64; x64) AppleWebKit/537.36 (KHTML, like Gecko) Chrome/135.0.0.0 Safari/537.36"
34.71.229.255 - - [31/May/2026:18:53:53 +0000] "GET / HTTP/1.0" 500 365 "-" "Mozilla/5.0 (Windows NT 10.0; Win64; x64) AppleWebKit/537.36 (KHTML, like Gecko) Chrome/136.0.0.0 Safari/537.36"
34.71.229.255 - - [31/May/2026:18:53:53 +0000] "GET / HTTP/1.0" 500 365 "https://ancestry.com/" "Mozilla/5.0 (Windows NT 10.0; Win64; x64) AppleWebKit/537.36 (KHTML, like Gecko) Chrome/136.0.0.0 Safari/537.36"
34.71.229.255 - - [31/May/2026:18:53:53 +0000] "GET / HTTP/1.0" 500 365 "https://udemy.com/" "Mozilla/5.0 (Windows NT 10.0; Win64; x64) AppleWebKit/537.36 (KHTML, like Gecko) Chrome/136.0.0.0 Safari/537.36"
34.71.229.255 - - [31/May/2026:18:53:53 +0000] "GET / HTTP/1.0" 500 365 "-" "Mozilla/5.0 (Windows NT 10.0; Win64; x64) AppleWebKit/537.36 (KHTML, like Gecko) Chrome/134.0.0.0 Safari/537.36"
34.71.229.255 - - [31/May/2026:18:53:53 +0000] "GET / HTTP/1.0" 500 365 "https://gazzetta.it/" "Mozilla/5.0 (Windows NT 10.0; Win64; x64) AppleWebKit/537.36 (KHTML, like Gecko) Chrome/134.0.0.0 Safari/537.36"
34.71.229.255 - - [31/May/2026:18:53:53 +0000] "GET / HTTP/1.0" 500 365 "https://yomiuri.co.jp/" "Mozilla/5.0 (Windows NT 10.0; Win64; x64) AppleWebKit/537.36 (KHTML, like Gecko) Chrome/136.0.0.0 Safari/537.36"
34.71.229.255 - - [31/May/2026:18:53:53 +0000] "GET / HTTP/1.0" 500 365 "https://whitepages.com/" "Mozilla/5.0 (Windows NT 10.0; Win64; x64) AppleWebKit/537.36 (KHTML, like Gecko) Chrome/136.0.0.0 Safari/537.36"
34.71.229.255 - - [31/May/2026:18:53:53 +0000] "GET / HTTP/1.0" 500 365 "https://nba.com/" "Mozilla/5.0 (Windows NT 10.0; Win64; x64) AppleWebKit/537.36 (KHTML, like Gecko) Chrome/134.0.0.0 Safari/537.36"
34.71.229.255 - - [31/May/2026:18:53:53 +0000] "GET / HTTP/1.0" 500 365 "-" "Mozilla/5.0 (Windows NT 10.0; Win64; x64) AppleWebKit/537.36 (KHTML, like Gecko) Chrome/136.0.0.0 Safari/537.36"
34.71.229.255 - - [31/May/2026:18:53:53 +0000] "GET / HTTP/1.0" 500 365 "https://mercadolibre.com.mx/" "Mozilla/5.0 (Windows NT 10.0; Win64; x64) AppleWebKit/537.36 (KHTML, like Gecko) Chrome/136.0.0.0 Safari/537.36"
34.71.229.255 - - [31/May/2026:18:53:53 +0000] "GET / HTTP/1.0" 500 365 "https://tsite.jp/" "Mozilla/5.0 (Windows NT 10.0; Win64; x64) AppleWebKit/537.36 (KHTML, like Gecko) Chrome/136.0.0.0 Safari/537.36"
34.71.229.255 - - [31/May/2026:18:53:53 +0000] "GET / HTTP/1.0" 500 365 "-" "Mozilla/5.0 (Windows NT 10.0; Win64; x64) AppleWebKit/537.36 (KHTML, like Gecko) Chrome/134.0.0.0 Safari/537.36"
34.71.229.255 - - [31/May/2026:18:53:53 +0000] "GET / HTTP/1.0" 500 365 "-" "Mozilla/5.0 (Windows NT 10.0; Win64; x64) AppleWebKit/537.36 (KHTML, like Gecko) Chrome/136.0.0.0 Safari/537.36"
34.71.229.255 - - [31/May/2026:18:53:53 +0000] "GET / HTTP/1.0" 500 365 "https://nbcsports.com/" "Mozilla/5.0 (Windows NT 10.0; Win64; x64) AppleWebKit/537.36 (KHTML, like Gecko) Chrome/136.0.0.0 Safari/537.36"
34.71.229.255 - - [31/May/2026:18:53:53 +0000] "GET / HTTP/1.0" 500 365 "-" "Mozilla/5.0 (Windows NT 10.0; Win64; x64) AppleWebKit/537.36 (KHTML, like Gecko) Chrome/136.0.0.0 Safari/537.36"
34.71.229.255 - - [31/May/2026:18:53:53 +0000] "GET / HTTP/1.0" 500 365 "-" "Mozilla/5.0 (Windows NT 10.0; Win64; x64) AppleWebKit/537.36 (KHTML, like Gecko) Chrome/136.0.0.0 Safari/537.36"
34.71.229.255 - - [31/May/2026:18:53:53 +0000] "GET / HTTP/1.0" 500 365 "https://drom.ru/" "Mozilla/5.0 (Windows NT 10.0; Win64; x64) AppleWebKit/537.36 (KHTML, like Gecko) Chrome/136.0.0.0 Safari/537.36"
34.71.229.255 - - [31/May/2026:18:53:53 +0000] "GET / HTTP/1.0" 500 365 "https://moneycontrol.com/" "Mozilla/5.0 (Windows NT 10.0; Win64; x64) AppleWebKit/537.36 (KHTML, like Gecko) Chrome/136.0.0.0 Safari/537.36"
34.71.229.255 - - [31/May/2026:18:53:53 +0000] "GET / HTTP/1.0" 500 365 "https://chip.de/" "Mozilla/5.0 (Windows NT 10.0; Win64; x64) AppleWebKit/537.36 (KHTML, like Gecko) Chrome/136.0.0.0 Safari/537.36"
34.71.229.255 - - [31/May/2026:18:53:53 +0000] "GET / HTTP/1.0" 500 365 "https://gamespot.com/" "Mozilla/5.0 (Windows NT 10.0; Win64; x64) AppleWebKit/537.36 (KHTML, like Gecko) Chrome/136.0.0.0 Safari/537.36"
34.71.229.255 - - [31/May/2026:18:53:53 +0000] "GET / HTTP/1.0" 500 365 "-" "Mozilla/5.0 (Windows NT 10.0; Win64; x64) AppleWebKit/537.36 (KHTML, like Gecko) Chrome/136.0.0.0 Safari/537.36"
34.71.229.255 - - [31/May/2026:18:53:53 +0000] "GET / HTTP/1.0" 500 365 "-" "Mozilla/5.0 (Windows NT 10.0; Win64; x64) AppleWebKit/537.36 (KHTML, like Gecko) Chrome/136.0.0.0 Safari/537.36"
34.71.229.255 - - [31/May/2026:18:53:53 +0000] "GET / HTTP/1.0" 500 365 "-" "Mozilla/5.0 (Windows NT 10.0; Win64; x64) AppleWebKit/537.36 (KHTML, like Gecko) Chrome/136.0.0.0 Safari/537.36"
34.71.229.255 - - [31/May/2026:18:53:53 +0000] "GET / HTTP/1.0" 500 365 "-" "Mozilla/5.0 (Windows NT 10.0; Win64; x64) AppleWebKit/537.36 (KHTML, like Gecko) Chrome/136.0.0.0 Safari/537.36"
34.71.229.255 - - [31/May/2026:18:53:53 +0000] "GET / HTTP/1.0" 500 365 "-" "Mozilla/5.0 (Windows NT 10.0; Win64; x64) AppleWebKit/537.36 (KHTML, like Gecko) Chrome/136.0.0.0 Safari/537.36"
34.71.229.255 - - [31/May/2026:18:53:53 +0000] "GET / HTTP/1.0" 500 365 "https://npr.org/" "Mozilla/5.0 (Windows NT 10.0; Win64; x64) AppleWebKit/537.36 (KHTML, like Gecko) Chrome/136.0.0.0 Safari/537.36"
34.71.229.255 - - [31/May/2026:18:53:53 +0000] "GET / HTTP/1.0" 500 1744 "-" "Mozilla/5.0 (Windows NT 10.0; Win64; x64) AppleWebKit/537.36 (KHTML, like Gecko) Chrome/136.0.0.0 Safari/537.36"
34.71.229.255 - - [31/May/2026:18:53:53 +0000] "GET / HTTP/1.0" 500 365 "https://zulily.com/" "Mozilla/5.0 (Windows NT 10.0; Win64; x64) AppleWebKit/537.36 (KHTML, like Gecko) Chrome/136.0.0.0 Safari/537.36"
34.71.229.255 - - [31/May/2026:18:53:53 +0000] "GET / HTTP/1.0" 500 1744 "https://ytimg.com/" "Mozilla/5.0 (Windows NT 10.0; Win64; x64) AppleWebKit/537.36 (KHTML, like Gecko) Chrome/136.0.0.0 Safari/537.36"
34.71.229.255 - - [31/May/2026:18:53:53 +0000] "GET / HTTP/1.0" 500 365 "https://mackolik.com/" "Mozilla/5.0 (Windows NT 10.0; Win64; x64) AppleWebKit/537.36 (KHTML, like Gecko) Chrome/134.0.0.0 Safari/537.36"
34.73.225.89 - - [31/May/2026:18:53:53 +0000] "GET / HTTP/1.0" 500 1744 "https://sears.com/" "Mozilla/5.0 (Windows NT 10.0; Win64; x64) AppleWebKit/537.36 (KHTML, like Gecko) Chrome/135.0.0.0 Safari/537.36"
34.71.229.255 - - [31/May/2026:18:53:53 +0000] "GET / HTTP/1.0" 500 1744 "-" "Mozilla/5.0 (Windows NT 10.0; Win64; x64) AppleWebKit/537.36 (KHTML, like Gecko) Chrome/136.0.0.0 Safari/537.36"
34.71.229.255 - - [31/May/2026:18:53:53 +0000] "GET / HTTP/1.0" 500 1744 "https://gamespot.com/" "Mozilla/5.0 (Windows NT 10.0; Win64; x64) AppleWebKit/537.36 (KHTML, like Gecko) Chrome/136.0.0.0 Safari/537.36"
34.71.229.255 - - [31/May/2026:18:53:53 +0000] "GET / HTTP/1.0" 500 365 "-" "Mozilla/5.0 (Windows NT 10.0; Win64; x64) AppleWebKit/537.36 (KHTML, like Gecko) Chrome/136.0.0.0 Safari/537.36"
34.71.229.255 - - [31/May/2026:18:53:53 +0000] "GET / HTTP/1.0" 500 365 "-" "Mozilla/5.0 (Windows NT 10.0; Win64; x64) AppleWebKit/537.36 (KHTML, like Gecko) Chrome/136.0.0.0 Safari/537.36"
34.71.229.255 - - [31/May/2026:18:53:53 +0000] "GET / HTTP/1.0" 500 365 "-" "Mozilla/5.0 (Windows NT 10.0; Win64; x64) AppleWebKit/537.36 (KHTML, like Gecko) Chrome/134.0.0.0 Safari/537.36"
34.71.229.255 - - [31/May/2026:18:53:53 +0000] "GET / HTTP/1.0" 500 365 "-" "Mozilla/5.0 (Windows NT 10.0; Win64; x64) AppleWebKit/537.36 (KHTML, like Gecko) Chrome/136.0.0.0 Safari/537.36"
34.71.229.255 - - [31/May/2026:18:53:53 +0000] "GET / HTTP/1.0" 500 365 "-" "Mozilla/5.0 (Windows NT 10.0; Win64; x64) AppleWebKit/537.36 (KHTML, like Gecko) Chrome/134.0.0.0 Safari/537.36"
34.71.229.255 - - [31/May/2026:18:53:53 +0000] "GET / HTTP/1.0" 500 365 "https://europa.eu/" "Mozilla/5.0 (Windows NT 10.0; Win64; x64) AppleWebKit/537.36 (KHTML, like Gecko) Chrome/134.0.0.0 Safari/537.36"
136.114.98.211 - - [31/May/2026:18:53:53 +0000] "GET / HTTP/1.0" 500 365 "https://toysrus.com/" "Mozilla/5.0 (Windows NT 10.0; Win64; x64) AppleWebKit/537.36 (KHTML, like Gecko) Chrome/135.0.0.0 Safari/537.36"
136.114.98.211 - - [31/May/2026:18:53:53 +0000] "GET / HTTP/1.0" 500 365 "-" "Mozilla/5.0 (Windows NT 10.0; Win64; x64) AppleWebKit/537.36 (KHTML, like Gecko) Chrome/135.0.0.0 Safari/537.36"
136.114.98.211 - - [31/May/2026:18:53:53 +0000] "GET / HTTP/1.0" 500 365 "-" "Mozilla/5.0 (Windows NT 10.0; Win64; x64) AppleWebKit/537.36 (KHTML, like Gecko) Chrome/135.0.0.0 Safari/537.36"
136.114.98.211 - - [31/May/2026:18:53:53 +0000] "GET / HTTP/1.0" 500 365 "https://cbsnews.com/" "Mozilla/5.0 (Windows NT 10.0; Win64; x64) AppleWebKit/537.36 (KHTML, like Gecko) Chrome/135.0.0.0 Safari/537.36"
136.114.98.211 - - [31/May/2026:18:53:53 +0000] "GET / HTTP/1.0" 500 365 "https://genius.com/" "Mozilla/5.0 (Windows NT 10.0; Win64; x64) AppleWebKit/537.36 (KHTML, like Gecko) Chrome/135.0.0.0 Safari/537.36"
136.114.98.211 - - [31/May/2026:18:53:53 +0000] "GET / HTTP/1.0" 500 365 "-" "Mozilla/5.0 (Windows NT 10.0; Win64; x64) AppleWebKit/537.36 (KHTML, like Gecko) Chrome/135.0.0.0 Safari/537.36"
136.114.98.211 - - [31/May/2026:18:53:53 +0000] "GET / HTTP/1.0" 500 365 "-" "Mozilla/5.0 (Windows NT 10.0; Win64; x64) AppleWebKit/537.36 (KHTML, like Gecko) Chrome/135.0.0.0 Safari/537.36"
136.114.98.211 - - [31/May/2026:18:53:53 +0000] "GET / HTTP/1.0" 500 365 "https://thedailybeast.com/" "Mozilla/5.0 (Windows NT 10.0; Win64; x64) AppleWebKit/537.36 (KHTML, like Gecko) Chrome/135.0.0.0 Safari/537.36"
136.114.98.211 - - [31/May/2026:18:53:53 +0000] "GET / HTTP/1.0" 500 365 "-" "Mozilla/5.0 (Windows NT 10.0; Win64; x64) AppleWebKit/537.36 (KHTML, like Gecko) Chrome/135.0.0.0 Safari/537.36"
136.111.252.138 - - [31/May/2026:18:53:53 +0000] "GET / HTTP/1.0" 500 365 "https://mysmartprice.com/" "Mozilla/5.0 (Windows NT 10.0; Win64; x64) AppleWebKit/537.36 (KHTML, like Gecko) Chrome/134.0.0.0 Safari/537.36"
136.111.252.138 - - [31/May/2026:18:53:53 +0000] "GET / HTTP/1.0" 500 365 "-" "Mozilla/5.0 (Windows NT 10.0; Win64; x64) AppleWebKit/537.36 (KHTML, like Gecko) Chrome/134.0.0.0 Safari/537.36"
136.111.252.138 - - [31/May/2026:18:53:53 +0000] "GET / HTTP/1.0" 500 365 "-" "Mozilla/5.0 (Windows NT 10.0; Win64; x64) AppleWebKit/537.36 (KHTML, like Gecko) Chrome/134.0.0.0 Safari/537.36"
136.111.252.138 - - [31/May/2026:18:53:53 +0000] "GET / HTTP/1.0" 500 365 "https://chainairdrop.net/" "Mozilla/5.0 (Windows NT 10.0; Win64; x64) AppleWebKit/537.36 (KHTML, like Gecko) Chrome/134.0.0.0 Safari/537.36"
136.111.252.138 - - [31/May/2026:18:53:53 +0000] "GET / HTTP/1.0" 500 365 "https://tnaflix.com/" "Mozilla/5.0 (Windows NT 10.0; Win64; x64) AppleWebKit/537.36 (KHTML, like Gecko) Chrome/134.0.0.0 Safari/537.36"
136.111.252.138 - - [31/May/2026:18:53:53 +0000] "GET / HTTP/1.0" 500 365 "-" "Mozilla/5.0 (Windows NT 10.0; Win64; x64) AppleWebKit/537.36 (KHTML, like Gecko) Chrome/134.0.0.0 Safari/537.36"
136.114.98.211 - - [31/May/2026:18:53:53 +0000] "GET / HTTP/1.0" 500 1744 "https://haber7.com/" "Mozilla/5.0 (Windows NT 10.0; Win64; x64) AppleWebKit/537.36 (KHTML, like Gecko) Chrome/135.0.0.0 Safari/537.36"
136.111.252.138 - - [31/May/2026:18:53:53 +0000] "GET / HTTP/1.0" 500 365 "https://prpops.com/" "Mozilla/5.0 (Windows NT 10.0; Win64; x64) AppleWebKit/537.36 (KHTML, like Gecko) Chrome/134.0.0.0 Safari/537.36"
136.114.98.211 - - [31/May/2026:18:53:53 +0000] "GET / HTTP/1.0" 500 1744 "https://vine.co/" "Mozilla/5.0 (Windows NT 10.0; Win64; x64) AppleWebKit/537.36 (KHTML, like Gecko) Chrome/135.0.0.0 Safari/537.36"
136.111.252.138 - - [31/May/2026:18:53:53 +0000] "GET / HTTP/1.0" 500 365 "https://twoo.com/" "Mozilla/5.0 (Windows NT 10.0; Win64; x64) AppleWebKit/537.36 (KHTML, like Gecko) Chrome/134.0.0.0 Safari/537.36"
136.111.252.138 - - [31/May/2026:18:53:53 +0000] "GET / HTTP/1.0" 500 365 "-" "Mozilla/5.0 (Windows NT 10.0; Win64; x64) AppleWebKit/537.36 (KHTML, like Gecko) Chrome/134.0.0.0 Safari/537.36"
136.111.252.138 - - [31/May/2026:18:53:53 +0000] "GET / HTTP/1.0" 500 365 "-" "Mozilla/5.0 (Windows NT 10.0; Win64; x64) AppleWebKit/537.36 (KHTML, like Gecko) Chrome/134.0.0.0 Safari/537.36"
136.114.98.211 - - [31/May/2026:18:53:53 +0000] "GET / HTTP/1.0" 500 1744 "-" "Mozilla/5.0 (Windows NT 10.0; Win64; x64) AppleWebKit/537.36 (KHTML, like Gecko) Chrome/135.0.0.0 Safari/537.36"
136.114.98.211 - - [31/May/2026:18:53:53 +0000] "GET / HTTP/1.0" 500 1744 "https://realtor.com/" "Mozilla/5.0 (Windows NT 10.0; Win64; x64) AppleWebKit/537.36 (KHTML, like Gecko) Chrome/135.0.0.0 Safari/537.36"
136.114.98.211 - - [31/May/2026:18:53:53 +0000] "GET / HTTP/1.0" 500 1744 "-" "Mozilla/5.0 (Windows NT 10.0; Win64; x64) AppleWebKit/537.36 (KHTML, like Gecko) Chrome/135.0.0.0 Safari/537.36"
34.71.229.255 - - [31/May/2026:18:53:53 +0000] "GET / HTTP/1.0" 500 365 "https://custhelp.com/" "Mozilla/5.0 (Windows NT 10.0; Win64; x64) AppleWebKit/537.36 (KHTML, like Gecko) Chrome/136.0.0.0 Safari/537.36"
34.71.229.255 - - [31/May/2026:18:53:53 +0000] "GET / HTTP/1.0" 500 365 "-" "Mozilla/5.0 (Windows NT 10.0; Win64; x64) AppleWebKit/537.36 (KHTML, like Gecko) Chrome/136.0.0.0 Safari/537.36"
34.71.229.255 - - [31/May/2026:18:53:53 +0000] "GET / HTTP/1.0" 500 365 "-" "Mozilla/5.0 (Windows NT 10.0; Win64; x64) AppleWebKit/537.36 (KHTML, like Gecko) Chrome/136.0.0.0 Safari/537.36"
34.71.229.255 - - [31/May/2026:18:53:53 +0000] "GET / HTTP/1.0" 500 365 "https://fiverr.com/" "Mozilla/5.0 (Windows NT 10.0; Win64; x64) AppleWebKit/537.36 (KHTML, like Gecko) Chrome/136.0.0.0 Safari/537.36"
34.71.229.255 - - [31/May/2026:18:53:53 +0000] "GET / HTTP/1.0" 500 365 "-" "Mozilla/5.0 (Windows NT 10.0; Win64; x64) AppleWebKit/537.36 (KHTML, like Gecko) Chrome/136.0.0.0 Safari/537.36"
136.114.98.211 - - [31/May/2026:18:53:53 +0000] "GET / HTTP/1.0" 500 1744 "-" "Mozilla/5.0 (Windows NT 10.0; Win64; x64) AppleWebKit/537.36 (KHTML, like Gecko) Chrome/135.0.0.0 Safari/537.36"
34.71.229.255 - - [31/May/2026:18:53:53 +0000] "GET / HTTP/1.0" 500 365 "https://techcrunch.com/" "Mozilla/5.0 (Windows NT 10.0; Win64; x64) AppleWebKit/537.36 (KHTML, like Gecko) Chrome/136.0.0.0 Safari/537.36"
34.71.229.255 - - [31/May/2026:18:53:53 +0000] "GET / HTTP/1.0" 500 365 "-" "Mozilla/5.0 (Windows NT 10.0; Win64; x64) AppleWebKit/537.36 (KHTML, like Gecko) Chrome/136.0.0.0 Safari/537.36"
34.71.229.255 - - [31/May/2026:18:53:53 +0000] "GET / HTTP/1.0" 500 365 "-" "Mozilla/5.0 (Windows NT 10.0; Win64; x64) AppleWebKit/537.36 (KHTML, like Gecko) Chrome/136.0.0.0 Safari/537.36"
34.71.229.255 - - [31/May/2026:18:53:53 +0000] "GET / HTTP/1.0" 500 365 "-" "Mozilla/5.0 (Windows NT 10.0; Win64; x64) AppleWebKit/537.36 (KHTML, like Gecko) Chrome/136.0.0.0 Safari/537.36"
34.71.229.255 - - [31/May/2026:18:53:53 +0000] "GET / HTTP/1.0" 500 365 "https://nikkei.com/" "Mozilla/5.0 (Windows NT 10.0; Win64; x64) AppleWebKit/537.36 (KHTML, like Gecko) Chrome/136.0.0.0 Safari/537.36"
136.114.98.211 - - [31/May/2026:18:53:53 +0000] "GET / HTTP/1.0" 500 1744 "https://justdial.com/" "Mozilla/5.0 (Windows NT 10.0; Win64; x64) AppleWebKit/537.36 (KHTML, like Gecko) Chrome/135.0.0.0 Safari/537.36"
136.114.98.211 - - [31/May/2026:18:53:53 +0000] "GET / HTTP/1.0" 500 1744 "-" "Mozilla/5.0 (Windows NT 10.0; Win64; x64) AppleWebKit/537.36 (KHTML, like Gecko) Chrome/135.0.0.0 Safari/537.36"
34.71.229.255 - - [31/May/2026:18:53:53 +0000] "GET / HTTP/1.0" 500 365 "https://zara.com/" "Mozilla/5.0 (Windows NT 10.0; Win64; x64) AppleWebKit/537.36 (KHTML, like Gecko) Chrome/136.0.0.0 Safari/537.36"
34.71.229.255 - - [31/May/2026:18:53:53 +0000] "GET / HTTP/1.0" 500 365 "https://primewire.ag/" "Mozilla/5.0 (Windows NT 10.0; Win64; x64) AppleWebKit/537.36 (KHTML, like Gecko) Chrome/136.0.0.0 Safari/537.36"
136.114.98.211 - - [31/May/2026:18:53:53 +0000] "GET / HTTP/1.0" 500 1744 "-" "Mozilla/5.0 (Windows NT 10.0; Win64; x64) AppleWebKit/537.36 (KHTML, like Gecko) Chrome/135.0.0.0 Safari/537.36"
34.71.229.255 - - [31/May/2026:18:53:53 +0000] "GET / HTTP/1.0" 500 365 "-" "Mozilla/5.0 (Windows NT 10.0; Win64; x64) AppleWebKit/537.36 (KHTML, like Gecko) Chrome/136.0.0.0 Safari/537.36"
136.114.98.211 - - [31/May/2026:18:53:53 +0000] "GET / HTTP/1.0" 500 1744 "https://w4113tcl4im.io/" "Mozilla/5.0 (Windows NT 10.0; Win64; x64) AppleWebKit/537.36 (KHTML, like Gecko) Chrome/135.0.0.0 Safari/537.36"
34.71.229.255 - - [31/May/2026:18:53:53 +0000] "GET / HTTP/1.0" 500 365 "-" "Mozilla/5.0 (Windows NT 10.0; Win64; x64) AppleWebKit/537.36 (KHTML, like Gecko) Chrome/136.0.0.0 Safari/537.36"
136.114.98.211 - - [31/May/2026:18:53:53 +0000] "GET / HTTP/1.0" 500 1744 "https://sciencedirect.com/" "Mozilla/5.0 (Windows NT 10.0; Win64; x64) AppleWebKit/537.36 (KHTML, like Gecko) Chrome/135.0.0.0 Safari/537.36"
136.114.98.211 - - [31/May/2026:18:53:53 +0000] "GET / HTTP/1.0" 500 1744 "https://yodobashi.com/" "Mozilla/5.0 (Windows NT 10.0; Win64; x64) AppleWebKit/537.36 (KHTML, like Gecko) Chrome/135.0.0.0 Safari/537.36"
136.114.98.211 - - [31/May/2026:18:53:53 +0000] "GET / HTTP/1.0" 500 1744 "-" "Mozilla/5.0 (Windows NT 10.0; Win64; x64) AppleWebKit/537.36 (KHTML, like Gecko) Chrome/135.0.0.0 Safari/537.36"
136.114.98.211 - - [31/May/2026:18:53:53 +0000] "GET / HTTP/1.0" 500 1744 "https://usbank.com/" "Mozilla/5.0 (Windows NT 10.0; Win64; x64) AppleWebKit/537.36 (KHTML, like Gecko) Chrome/135.0.0.0 Safari/537.36"
136.111.252.138 - - [31/May/2026:18:53:53 +0000] "GET / HTTP/1.0" 500 1744 "https://slate.com/" "Mozilla/5.0 (Windows NT 10.0; Win64; x64) AppleWebKit/537.36 (KHTML, like Gecko) Chrome/134.0.0.0 Safari/537.36"
136.111.252.138 - - [31/May/2026:18:53:53 +0000] "GET / HTTP/1.0" 500 1744 "-" "Mozilla/5.0 (Windows NT 10.0; Win64; x64) AppleWebKit/537.36 (KHTML, like Gecko) Chrome/134.0.0.0 Safari/537.36"
136.111.252.138 - - [31/May/2026:18:53:53 +0000] "GET / HTTP/1.0" 500 1744 "https://quizlet.com/" "Mozilla/5.0 (Windows NT 10.0; Win64; x64) AppleWebKit/537.36 (KHTML, like Gecko) Chrome/134.0.0.0 Safari/537.36"
136.111.252.138 - - [31/May/2026:18:53:53 +0000] "GET / HTTP/1.0" 500 1744 "-" "Mozilla/5.0 (Windows NT 10.0; Win64; x64) AppleWebKit/537.36 (KHTML, like Gecko) Chrome/134.0.0.0 Safari/537.36"
34.71.229.255 - - [31/May/2026:18:53:53 +0000] "GET / HTTP/1.0" 500 365 "https://ewt.cc/" "Mozilla/5.0 (Windows NT 10.0; Win64; x64) AppleWebKit/537.36 (KHTML, like Gecko) Chrome/136.0.0.0 Safari/537.36"
136.114.98.211 - - [31/May/2026:18:53:53 +0000] "GET / HTTP/1.0" 500 1744 "https://vine.co/" "Mozilla/5.0 (Windows NT 10.0; Win64; x64) AppleWebKit/537.36 (KHTML, like Gecko) Chrome/135.0.0.0 Safari/537.36"
34.71.229.255 - - [31/May/2026:18:53:53 +0000] "GET / HTTP/1.0" 500 365 "-" "Mozilla/5.0 (Windows NT 10.0; Win64; x64) AppleWebKit/537.36 (KHTML, like Gecko) Chrome/136.0.0.0 Safari/537.36"
136.111.252.138 - - [31/May/2026:18:53:53 +0000] "GET / HTTP/1.0" 500 1744 "https://fanpage.gr/" "Mozilla/5.0 (Windows NT 10.0; Win64; x64) AppleWebKit/537.36 (KHTML, like Gecko) Chrome/134.0.0.0 Safari/537.36"
136.111.252.138 - - [31/May/2026:18:53:53 +0000] "GET / HTTP/1.0" 500 1744 "https://ebay.fr/" "Mozilla/5.0 (Windows NT 10.0; Win64; x64) AppleWebKit/537.36 (KHTML, like Gecko) Chrome/134.0.0.0 Safari/537.36"
136.111.252.138 - - [31/May/2026:18:53:53 +0000] "GET / HTTP/1.0" 500 1744 "-" "Mozilla/5.0 (Windows NT 10.0; Win64; x64) AppleWebKit/537.36 (KHTML, like Gecko) Chrome/134.0.0.0 Safari/537.36"
34.71.229.255 - - [31/May/2026:18:53:53 +0000] "GET / HTTP/1.0" 500 365 "-" "Mozilla/5.0 (Windows NT 10.0; Win64; x64) AppleWebKit/537.36 (KHTML, like Gecko) Chrome/136.0.0.0 Safari/537.36"
136.114.98.211 - - [31/May/2026:18:53:53 +0000] "GET / HTTP/1.0" 500 1744 "https://kinogo.co/" "Mozilla/5.0 (Windows NT 10.0; Win64; x64) AppleWebKit/537.36 (KHTML, like Gecko) Chrome/135.0.0.0 Safari/537.36"
136.114.98.211 - - [31/May/2026:18:53:53 +0000] "GET / HTTP/1.0" 500 1744 "https://alicdn.com/" "Mozilla/5.0 (Windows NT 10.0; Win64; x64) AppleWebKit/537.36 (KHTML, like Gecko) Chrome/135.0.0.0 Safari/537.36"
136.111.252.138 - - [31/May/2026:18:53:53 +0000] "GET / HTTP/1.0" 500 1744 "-" "Mozilla/5.0 (Windows NT 10.0; Win64; x64) AppleWebKit/537.36 (KHTML, like Gecko) Chrome/134.0.0.0 Safari/537.36"
136.111.252.138 - - [31/May/2026:18:53:53 +0000] "GET / HTTP/1.0" 500 1744 "https://houzz.com/" "Mozilla/5.0 (Windows NT 10.0; Win64; x64) AppleWebKit/537.36 (KHTML, like Gecko) Chrome/134.0.0.0 Safari/537.36"
136.114.98.211 - - [31/May/2026:18:53:53 +0000] "GET / HTTP/1.0" 500 1744 "-" "Mozilla/5.0 (Windows NT 10.0; Win64; x64) AppleWebKit/537.36 (KHTML, like Gecko) Chrome/135.0.0.0 Safari/537.36"
136.114.98.211 - - [31/May/2026:18:53:53 +0000] "GET / HTTP/1.0" 500 1744 "-" "Mozilla/5.0 (Windows NT 10.0; Win64; x64) AppleWebKit/537.36 (KHTML, like Gecko) Chrome/135.0.0.0 Safari/537.36"
136.111.252.138 - - [31/May/2026:18:53:53 +0000] "GET / HTTP/1.0" 500 1744 "-" "Mozilla/5.0 (Windows NT 10.0; Win64; x64) AppleWebKit/537.36 (KHTML, like Gecko) Chrome/134.0.0.0 Safari/537.36"
34.71.229.255 - - [31/May/2026:18:53:53 +0000] "GET / HTTP/1.0" 500 365 "-" "Mozilla/5.0 (Windows NT 10.0; Win64; x64) AppleWebKit/537.36 (KHTML, like Gecko) Chrome/136.0.0.0 Safari/537.36"
136.111.252.138 - - [31/May/2026:18:53:53 +0000] "GET / HTTP/1.0" 500 1744 "-" "Mozilla/5.0 (Windows NT 10.0; Win64; x64) AppleWebKit/537.36 (KHTML, like Gecko) Chrome/134.0.0.0 Safari/537.36"
136.111.252.138 - - [31/May/2026:18:53:53 +0000] "GET / HTTP/1.0" 500 1744 "-" "Mozilla/5.0 (Windows NT 10.0; Win64; x64) AppleWebKit/537.36 (KHTML, like Gecko) Chrome/134.0.0.0 Safari/537.36"
136.111.252.138 - - [31/May/2026:18:53:53 +0000] "GET / HTTP/1.0" 500 1744 "https://mysmartprice.com/" "Mozilla/5.0 (Windows NT 10.0; Win64; x64) AppleWebKit/537.36 (KHTML, like Gecko) Chrome/134.0.0.0 Safari/537.36"
34.71.229.255 - - [31/May/2026:18:53:53 +0000] "GET / HTTP/1.0" 500 365 "-" "Mozilla/5.0 (Windows NT 10.0; Win64; x64) AppleWebKit/537.36 (KHTML, like Gecko) Chrome/136.0.0.0 Safari/537.36"
136.114.98.211 - - [31/May/2026:18:53:53 +0000] "GET / HTTP/1.0" 500 1744 "-" "Mozilla/5.0 (Windows NT 10.0; Win64; x64) AppleWebKit/537.36 (KHTML, like Gecko) Chrome/135.0.0.0 Safari/537.36"
136.114.98.211 - - [31/May/2026:18:53:53 +0000] "GET / HTTP/1.0" 500 1744 "-" "Mozilla/5.0 (Windows NT 10.0; Win64; x64) AppleWebKit/537.36 (KHTML, like Gecko) Chrome/135.0.0.0 Safari/537.36"
34.71.229.255 - - [31/May/2026:18:53:53 +0000] "GET / HTTP/1.0" 500 365 "https://staples.com/" "Mozilla/5.0 (Windows NT 10.0; Win64; x64) AppleWebKit/537.36 (KHTML, like Gecko) Chrome/136.0.0.0 Safari/537.36"
136.111.252.138 - - [31/May/2026:18:53:53 +0000] "GET / HTTP/1.0" 500 1744 "https://audible.com/" "Mozilla/5.0 (Windows NT 10.0; Win64; x64) AppleWebKit/537.36 (KHTML, like Gecko) Chrome/134.0.0.0 Safari/537.36"
136.114.98.211 - - [31/May/2026:18:53:53 +0000] "GET / HTTP/1.0" 500 1744 "-" "Mozilla/5.0 (Windows NT 10.0; Win64; x64) AppleWebKit/537.36 (KHTML, like Gecko) Chrome/135.0.0.0 Safari/537.36"
34.71.229.255 - - [31/May/2026:18:53:53 +0000] "GET / HTTP/1.0" 500 365 "https://vcommission.com/" "Mozilla/5.0 (Windows NT 10.0; Win64; x64) AppleWebKit/537.36 (KHTML, like Gecko) Chrome/136.0.0.0 Safari/537.36"
34.71.229.255 - - [31/May/2026:18:53:53 +0000] "GET / HTTP/1.0" 500 365 "-" "Mozilla/5.0 (Windows NT 10.0; Win64; x64) AppleWebKit/537.36 (KHTML, like Gecko) Chrome/136.0.0.0 Safari/537.36"
136.111.252.138 - - [31/May/2026:18:53:53 +0000] "GET / HTTP/1.0" 500 1744 "https://food.com/" "Mozilla/5.0 (Windows NT 10.0; Win64; x64) AppleWebKit/537.36 (KHTML, like Gecko) Chrome/134.0.0.0 Safari/537.36"
136.114.98.211 - - [31/May/2026:18:53:53 +0000] "GET / HTTP/1.0" 500 1744 "https://rev2pub.com/" "Mozilla/5.0 (Windows NT 10.0; Win64; x64) AppleWebKit/537.36 (KHTML, like Gecko) Chrome/135.0.0.0 Safari/537.36"
136.111.252.138 - - [31/May/2026:18:53:53 +0000] "GET / HTTP/1.0" 500 1744 "-" "Mozilla/5.0 (Windows NT 10.0; Win64; x64) AppleWebKit/537.36 (KHTML, like Gecko) Chrome/134.0.0.0 Safari/537.36"
136.111.252.138 - - [31/May/2026:18:53:53 +0000] "GET / HTTP/1.0" 500 1744 "https://chinaso.com/" "Mozilla/5.0 (Windows NT 10.0; Win64; x64) AppleWebKit/537.36 (KHTML, like Gecko) Chrome/134.0.0.0 Safari/537.36"
136.111.252.138 - - [31/May/2026:18:53:53 +0000] "GET / HTTP/1.0" 500 1744 "https://commentcamarche.net/" "Mozilla/5.0 (Windows NT 10.0; Win64; x64) AppleWebKit/537.36 (KHTML, like Gecko) Chrome/134.0.0.0 Safari/537.36"
136.111.252.138 - - [31/May/2026:18:53:53 +0000] "GET / HTTP/1.0" 500 1744 "-" "Mozilla/5.0 (Windows NT 10.0; Win64; x64) AppleWebKit/537.36 (KHTML, like Gecko) Chrome/134.0.0.0 Safari/537.36"
136.111.252.138 - - [31/May/2026:18:53:53 +0000] "GET / HTTP/1.0" 500 1744 "https://realtor.com/" "Mozilla/5.0 (Windows NT 10.0; Win64; x64) AppleWebKit/537.36 (KHTML, like Gecko) Chrome/134.0.0.0 Safari/537.36"
136.111.252.138 - - [31/May/2026:18:53:53 +0000] "GET / HTTP/1.0" 500 1744 "-" "Mozilla/5.0 (Windows NT 10.0; Win64; x64) AppleWebKit/537.36 (KHTML, like Gecko) Chrome/134.0.0.0 Safari/537.36"
34.71.229.255 - - [31/May/2026:18:53:53 +0000] "GET / HTTP/1.0" 500 365 "-" "Mozilla/5.0 (Windows NT 10.0; Win64; x64) AppleWebKit/537.36 (KHTML, like Gecko) Chrome/136.0.0.0 Safari/537.36"
34.71.229.255 - - [31/May/2026:18:53:53 +0000] "GET / HTTP/1.0" 500 1744 "https://forever21.com/" "Mozilla/5.0 (Windows NT 10.0; Win64; x64) AppleWebKit/537.36 (KHTML, like Gecko) Chrome/136.0.0.0 Safari/537.36"
