185.196.41.167 - - [31/May/2026:18:54:12 +0000] "GET / HTTP/1.0" 500 365 "https://entrepreneur.com/" "Mozilla/5.0 (Windows NT 10.0; Win64; x64) AppleWebKit/537.36 (KHTML, like Gecko) Chrome/135.0.0.0 Safari/537.36"
185.196.41.167 - - [31/May/2026:18:54:12 +0000] "GET / HTTP/1.0" 500 365 "-" "Mozilla/5.0 (Windows NT 10.0; Win64; x64) AppleWebKit/537.36 (KHTML, like Gecko) Chrome/135.0.0.0 Safari/537.36"
185.196.41.167 - - [31/May/2026:18:54:12 +0000] "GET / HTTP/1.0" 500 365 "-" "Mozilla/5.0 (Windows NT 10.0; Win64; x64) AppleWebKit/537.36 (KHTML, like Gecko) Chrome/135.0.0.0 Safari/537.36"
185.196.41.167 - - [31/May/2026:18:54:12 +0000] "GET / HTTP/1.0" 500 365 "-" "Mozilla/5.0 (Windows NT 10.0; Win64; x64) AppleWebKit/537.36 (KHTML, like Gecko) Chrome/135.0.0.0 Safari/537.36"
185.196.41.167 - - [31/May/2026:18:54:12 +0000] "GET / HTTP/1.0" 500 365 "https://researchgate.net/" "Mozilla/5.0 (Windows NT 10.0; Win64; x64) AppleWebKit/537.36 (KHTML, like Gecko) Chrome/135.0.0.0 Safari/537.36"
185.196.41.167 - - [31/May/2026:18:54:12 +0000] "GET / HTTP/1.0" 500 365 "https://bestadbid.com/" "Mozilla/5.0 (Windows NT 10.0; Win64; x64) AppleWebKit/537.36 (KHTML, like Gecko) Chrome/135.0.0.0 Safari/537.36"
185.196.41.167 - - [31/May/2026:18:54:12 +0000] "GET / HTTP/1.0" 500 365 "-" "Mozilla/5.0 (Windows NT 10.0; Win64; x64) AppleWebKit/537.36 (KHTML, like Gecko) Chrome/135.0.0.0 Safari/537.36"
185.196.41.167 - - [31/May/2026:18:54:12 +0000] "GET / HTTP/1.0" 500 365 "-" "Mozilla/5.0 (Windows NT 10.0; Win64; x64) AppleWebKit/537.36 (KHTML, like Gecko) Chrome/135.0.0.0 Safari/537.36"
185.196.41.167 - - [31/May/2026:18:54:12 +0000] "GET / HTTP/1.0" 500 365 "-" "Mozilla/5.0 (Windows NT 10.0; Win64; x64) AppleWebKit/537.36 (KHTML, like Gecko) Chrome/135.0.0.0 Safari/537.36"
185.196.41.167 - - [31/May/2026:18:54:12 +0000] "GET / HTTP/1.0" 500 365 "-" "Mozilla/5.0 (Windows NT 10.0; Win64; x64) AppleWebKit/537.36 (KHTML, like Gecko) Chrome/135.0.0.0 Safari/537.36"
185.196.41.167 - - [31/May/2026:18:54:12 +0000] "GET / HTTP/1.0" 500 365 "https://google.by/" "Mozilla/5.0 (Windows NT 10.0; Win64; x64) AppleWebKit/537.36 (KHTML, like Gecko) Chrome/135.0.0.0 Safari/537.36"
185.196.41.167 - - [31/May/2026:18:54:12 +0000] "GET / HTTP/1.0" 500 365 "-" "Mozilla/5.0 (Windows NT 10.0; Win64; x64) AppleWebKit/537.36 (KHTML, like Gecko) Chrome/135.0.0.0 Safari/537.36"
185.196.41.167 - - [31/May/2026:18:54:12 +0000] "GET / HTTP/1.0" 500 365 "https://donga.com/" "Mozilla/5.0 (Windows NT 10.0; Win64; x64) AppleWebKit/537.36 (KHTML, like Gecko) Chrome/135.0.0.0 Safari/537.36"
57.129.79.172 - - [31/May/2026:18:54:12 +0000] "GET / HTTP/1.0" 500 365 "https://java.com/" "Mozilla/5.0 (Windows NT 10.0; Win64; x64) AppleWebKit/537.36 (KHTML, like Gecko) Chrome/134.0.0.0 Safari/537.36"
185.196.41.167 - - [31/May/2026:18:54:12 +0000] "GET / HTTP/1.0" 500 365 "https://pagesjaunes.fr/" "Mozilla/5.0 (Windows NT 10.0; Win64; x64) AppleWebKit/537.36 (KHTML, like Gecko) Chrome/135.0.0.0 Safari/537.36"
185.196.41.167 - - [31/May/2026:18:54:12 +0000] "GET / HTTP/1.0" 500 365 "https://constantcontact.com/" "Mozilla/5.0 (Windows NT 10.0; Win64; x64) AppleWebKit/537.36 (KHTML, like Gecko) Chrome/135.0.0.0 Safari/537.36"
185.196.41.167 - - [31/May/2026:18:54:12 +0000] "GET / HTTP/1.0" 500 365 "https://digg.com/" "Mozilla/5.0 (Windows NT 10.0; Win64; x64) AppleWebKit/537.36 (KHTML, like Gecko) Chrome/135.0.0.0 Safari/537.36"
185.196.41.167 - - [31/May/2026:18:54:12 +0000] "GET / HTTP/1.0" 500 365 "-" "Mozilla/5.0 (Windows NT 10.0; Win64; x64) AppleWebKit/537.36 (KHTML, like Gecko) Chrome/135.0.0.0 Safari/537.36"
185.196.41.167 - - [31/May/2026:18:54:12 +0000] "GET / HTTP/1.0" 500 365 "-" "Mozilla/5.0 (Windows NT 10.0; Win64; x64) AppleWebKit/537.36 (KHTML, like Gecko) Chrome/135.0.0.0 Safari/537.36"
185.196.41.167 - - [31/May/2026:18:54:12 +0000] "GET / HTTP/1.0" 500 365 "https://yallakora.com/" "Mozilla/5.0 (Windows NT 10.0; Win64; x64) AppleWebKit/537.36 (KHTML, like Gecko) Chrome/135.0.0.0 Safari/537.36"
185.196.41.167 - - [31/May/2026:18:54:12 +0000] "GET / HTTP/1.0" 500 1744 "https://india.com/" "Mozilla/5.0 (Windows NT 10.0; Win64; x64) AppleWebKit/537.36 (KHTML, like Gecko) Chrome/135.0.0.0 Safari/537.36"
185.196.41.167 - - [31/May/2026:18:54:12 +0000] "GET / HTTP/1.0" 500 1744 "https://kotaku.com/" "Mozilla/5.0 (Windows NT 10.0; Win64; x64) AppleWebKit/537.36 (KHTML, like Gecko) Chrome/135.0.0.0 Safari/537.36"
185.196.41.167 - - [31/May/2026:18:54:12 +0000] "GET / HTTP/1.0" 500 365 "-" "Mozilla/5.0 (Windows NT 10.0; Win64; x64) AppleWebKit/537.36 (KHTML, like Gecko) Chrome/135.0.0.0 Safari/537.36"
185.196.41.167 - - [31/May/2026:18:54:12 +0000] "GET / HTTP/1.0" 500 365 "https://prezi.com/" "Mozilla/5.0 (Windows NT 10.0; Win64; x64) AppleWebKit/537.36 (KHTML, like Gecko) Chrome/135.0.0.0 Safari/537.36"
185.196.41.167 - - [31/May/2026:18:54:12 +0000] "GET / HTTP/1.0" 500 365 "-" "Mozilla/5.0 (Windows NT 10.0; Win64; x64) AppleWebKit/537.36 (KHTML, like Gecko) Chrome/135.0.0.0 Safari/537.36"
185.196.41.167 - - [31/May/2026:18:54:12 +0000] "GET / HTTP/1.0" 500 365 "-" "Mozilla/5.0 (Windows NT 10.0; Win64; x64) AppleWebKit/537.36 (KHTML, like Gecko) Chrome/135.0.0.0 Safari/537.36"
185.196.41.167 - - [31/May/2026:18:54:12 +0000] "GET / HTTP/1.0" 500 365 "-" "Mozilla/5.0 (Windows NT 10.0; Win64; x64) AppleWebKit/537.36 (KHTML, like Gecko) Chrome/135.0.0.0 Safari/537.36"
185.196.41.167 - - [31/May/2026:18:54:12 +0000] "GET / HTTP/1.0" 500 1744 "-" "Mozilla/5.0 (Windows NT 10.0; Win64; x64) AppleWebKit/537.36 (KHTML, like Gecko) Chrome/135.0.0.0 Safari/537.36"
34.73.225.89 - - [31/May/2026:18:54:12 +0000] "GET / HTTP/1.0" 500 365 "https://wp.com/" "Mozilla/5.0 (Windows NT 10.0; Win64; x64) AppleWebKit/537.36 (KHTML, like Gecko) Chrome/134.0.0.0 Safari/537.36"
34.73.225.89 - - [31/May/2026:18:54:12 +0000] "GET / HTTP/1.0" 500 1744 "https://mapquest.com/" "Mozilla/5.0 (Windows NT 10.0; Win64; x64) AppleWebKit/537.36 (KHTML, like Gecko) Chrome/134.0.0.0 Safari/537.36"
34.73.225.89 - - [31/May/2026:18:54:12 +0000] "GET / HTTP/1.0" 500 1744 "https://gawker.com/" "Mozilla/5.0 (Windows NT 10.0; Win64; x64) AppleWebKit/537.36 (KHTML, like Gecko) Chrome/134.0.0.0 Safari/537.36"
34.73.225.89 - - [31/May/2026:18:54:12 +0000] "GET / HTTP/1.0" 500 1744 "-" "Mozilla/5.0 (Windows NT 10.0; Win64; x64) AppleWebKit/537.36 (KHTML, like Gecko) Chrome/134.0.0.0 Safari/537.36"
34.73.225.89 - - [31/May/2026:18:54:12 +0000] "GET / HTTP/1.0" 500 1744 "https://bodybuilding.com/" "Mozilla/5.0 (Windows NT 10.0; Win64; x64) AppleWebKit/537.36 (KHTML, like Gecko) Chrome/134.0.0.0 Safari/537.36"
34.73.225.89 - - [31/May/2026:18:54:12 +0000] "GET / HTTP/1.0" 500 1744 "https://sex.com/" "Mozilla/5.0 (Windows NT 10.0; Win64; x64) AppleWebKit/537.36 (KHTML, like Gecko) Chrome/134.0.0.0 Safari/537.36"
34.73.225.89 - - [31/May/2026:18:54:12 +0000] "GET / HTTP/1.0" 500 1744 "https://fidelity.com/" "Mozilla/5.0 (Windows NT 10.0; Win64; x64) AppleWebKit/537.36 (KHTML, like Gecko) Chrome/134.0.0.0 Safari/537.36"
34.73.225.89 - - [31/May/2026:18:54:12 +0000] "GET / HTTP/1.0" 500 1744 "-" "Mozilla/5.0 (Windows NT 10.0; Win64; x64) AppleWebKit/537.36 (KHTML, like Gecko) Chrome/134.0.0.0 Safari/537.36"
34.73.225.89 - - [31/May/2026:18:54:12 +0000] "GET / HTTP/1.0" 500 1744 "-" "Mozilla/5.0 (Windows NT 10.0; Win64; x64) AppleWebKit/537.36 (KHTML, like Gecko) Chrome/134.0.0.0 Safari/537.36"
34.73.225.89 - - [31/May/2026:18:54:12 +0000] "GET / HTTP/1.0" 500 1744 "-" "Mozilla/5.0 (Windows NT 10.0; Win64; x64) AppleWebKit/537.36 (KHTML, like Gecko) Chrome/134.0.0.0 Safari/537.36"
34.73.225.89 - - [31/May/2026:18:54:12 +0000] "GET / HTTP/1.0" 500 1744 "-" "Mozilla/5.0 (Windows NT 10.0; Win64; x64) AppleWebKit/537.36 (KHTML, like Gecko) Chrome/134.0.0.0 Safari/537.36"
34.73.225.89 - - [31/May/2026:18:54:12 +0000] "GET / HTTP/1.0" 500 1744 "-" "Mozilla/5.0 (Windows NT 10.0; Win64; x64) AppleWebKit/537.36 (KHTML, like Gecko) Chrome/134.0.0.0 Safari/537.36"
34.73.225.89 - - [31/May/2026:18:54:12 +0000] "GET / HTTP/1.0" 500 1744 "-" "Mozilla/5.0 (Windows NT 10.0; Win64; x64) AppleWebKit/537.36 (KHTML, like Gecko) Chrome/134.0.0.0 Safari/537.36"
34.73.225.89 - - [31/May/2026:18:54:12 +0000] "GET / HTTP/1.0" 500 1744 "-" "Mozilla/5.0 (Windows NT 10.0; Win64; x64) AppleWebKit/537.36 (KHTML, like Gecko) Chrome/134.0.0.0 Safari/537.36"
34.73.225.89 - - [31/May/2026:18:54:12 +0000] "GET / HTTP/1.0" 500 1744 "-" "Mozilla/5.0 (Windows NT 10.0; Win64; x64) AppleWebKit/537.36 (KHTML, like Gecko) Chrome/134.0.0.0 Safari/537.36"
34.73.225.89 - - [31/May/2026:18:54:12 +0000] "GET / HTTP/1.0" 500 1744 "https://eyny.com/" "Mozilla/5.0 (Windows NT 10.0; Win64; x64) AppleWebKit/537.36 (KHTML, like Gecko) Chrome/134.0.0.0 Safari/537.36"
34.73.225.89 - - [31/May/2026:18:54:12 +0000] "GET / HTTP/1.0" 500 1744 "-" "Mozilla/5.0 (Windows NT 10.0; Win64; x64) AppleWebKit/537.36 (KHTML, like Gecko) Chrome/134.0.0.0 Safari/537.36"
34.73.225.89 - - [31/May/2026:18:54:12 +0000] "GET / HTTP/1.0" 500 1744 "https://sakura.ne.jp/" "Mozilla/5.0 (Windows NT 10.0; Win64; x64) AppleWebKit/537.36 (KHTML, like Gecko) Chrome/134.0.0.0 Safari/537.36"
34.73.225.89 - - [31/May/2026:18:54:12 +0000] "GET / HTTP/1.0" 500 1744 "-" "Mozilla/5.0 (Windows NT 10.0; Win64; x64) AppleWebKit/537.36 (KHTML, like Gecko) Chrome/134.0.0.0 Safari/537.36"
34.73.225.89 - - [31/May/2026:18:54:12 +0000] "GET / HTTP/1.0" 500 1744 "-" "Mozilla/5.0 (Windows NT 10.0; Win64; x64) AppleWebKit/537.36 (KHTML, like Gecko) Chrome/134.0.0.0 Safari/537.36"
34.71.229.255 - - [31/May/2026:18:54:12 +0000] "GET / HTTP/1.0" 500 365 "https://vk.me/" "Mozilla/5.0 (Windows NT 10.0; Win64; x64) AppleWebKit/537.36 (KHTML, like Gecko) Chrome/136.0.0.0 Safari/537.36"
34.73.225.89 - - [31/May/2026:18:54:12 +0000] "GET / HTTP/1.0" 500 1744 "-" "Mozilla/5.0 (Windows NT 10.0; Win64; x64) AppleWebKit/537.36 (KHTML, like Gecko) Chrome/134.0.0.0 Safari/537.36"
34.71.229.255 - - [31/May/2026:18:54:12 +0000] "GET / HTTP/1.0" 500 365 "-" "Mozilla/5.0 (Windows NT 10.0; Win64; x64) AppleWebKit/537.36 (KHTML, like Gecko) Chrome/136.0.0.0 Safari/537.36"
34.71.229.255 - - [31/May/2026:18:54:12 +0000] "GET / HTTP/1.0" 500 365 "-" "Mozilla/5.0 (Windows NT 10.0; Win64; x64) AppleWebKit/537.36 (KHTML, like Gecko) Chrome/136.0.0.0 Safari/537.36"
34.71.229.255 - - [31/May/2026:18:54:12 +0000] "GET / HTTP/1.0" 500 365 "-" "Mozilla/5.0 (Windows NT 10.0; Win64; x64) AppleWebKit/537.36 (KHTML, like Gecko) Chrome/136.0.0.0 Safari/537.36"
34.71.229.255 - - [31/May/2026:18:54:12 +0000] "GET / HTTP/1.0" 500 365 "https://cookpad.com/" "Mozilla/5.0 (Windows NT 10.0; Win64; x64) AppleWebKit/537.36 (KHTML, like Gecko) Chrome/136.0.0.0 Safari/537.36"
34.71.229.255 - - [31/May/2026:18:54:12 +0000] "GET / HTTP/1.0" 500 365 "https://goo.gl/" "Mozilla/5.0 (Windows NT 10.0; Win64; x64) AppleWebKit/537.36 (KHTML, like Gecko) Chrome/136.0.0.0 Safari/537.36"
34.71.229.255 - - [31/May/2026:18:54:12 +0000] "GET / HTTP/1.0" 500 365 "-" "Mozilla/5.0 (Windows NT 10.0; Win64; x64) AppleWebKit/537.36 (KHTML, like Gecko) Chrome/136.0.0.0 Safari/537.36"
34.71.229.255 - - [31/May/2026:18:54:12 +0000] "GET / HTTP/1.0" 500 365 "-" "Mozilla/5.0 (Windows NT 10.0; Win64; x64) AppleWebKit/537.36 (KHTML, like Gecko) Chrome/136.0.0.0 Safari/537.36"
34.73.225.89 - - [31/May/2026:18:54:12 +0000] "GET / HTTP/1.0" 500 1744 "https://17ok.com/" "Mozilla/5.0 (Windows NT 10.0; Win64; x64) AppleWebKit/537.36 (KHTML, like Gecko) Chrome/134.0.0.0 Safari/537.36"
34.71.229.255 - - [31/May/2026:18:54:12 +0000] "GET / HTTP/1.0" 500 365 "-" "Mozilla/5.0 (Windows NT 10.0; Win64; x64) AppleWebKit/537.36 (KHTML, like Gecko) Chrome/136.0.0.0 Safari/537.36"
136.111.252.138 - - [31/May/2026:18:54:12 +0000] "GET / HTTP/1.0" 500 365 "-" "Mozilla/5.0 (Windows NT 10.0; Win64; x64) AppleWebKit/537.36 (KHTML, like Gecko) Chrome/136.0.0.0 Safari/537.36"
136.111.252.138 - - [31/May/2026:18:54:12 +0000] "GET / HTTP/1.0" 500 365 "https://thepiratebay.la/" "Mozilla/5.0 (Windows NT 10.0; Win64; x64) AppleWebKit/537.36 (KHTML, like Gecko) Chrome/136.0.0.0 Safari/537.36"
34.71.229.255 - - [31/May/2026:18:54:12 +0000] "GET / HTTP/1.0" 500 365 "-" "Mozilla/5.0 (Windows NT 10.0; Win64; x64) AppleWebKit/537.36 (KHTML, like Gecko) Chrome/136.0.0.0 Safari/537.36"
34.71.229.255 - - [31/May/2026:18:54:12 +0000] "GET / HTTP/1.0" 500 365 "https://ensonhaber.com/" "Mozilla/5.0 (Windows NT 10.0; Win64; x64) AppleWebKit/537.36 (KHTML, like Gecko) Chrome/136.0.0.0 Safari/537.36"
34.71.229.255 - - [31/May/2026:18:54:12 +0000] "GET / HTTP/1.0" 500 365 "-" "Mozilla/5.0 (Windows NT 10.0; Win64; x64) AppleWebKit/537.36 (KHTML, like Gecko) Chrome/136.0.0.0 Safari/537.36"
34.73.225.89 - - [31/May/2026:18:54:12 +0000] "GET / HTTP/1.0" 500 1744 "-" "Mozilla/5.0 (Windows NT 10.0; Win64; x64) AppleWebKit/537.36 (KHTML, like Gecko) Chrome/134.0.0.0 Safari/537.36"
136.111.252.138 - - [31/May/2026:18:54:12 +0000] "GET / HTTP/1.0" 500 365 "https://cbc.ca/" "Mozilla/5.0 (Windows NT 10.0; Win64; x64) AppleWebKit/537.36 (KHTML, like Gecko) Chrome/136.0.0.0 Safari/537.36"
34.73.225.89 - - [31/May/2026:18:54:12 +0000] "GET / HTTP/1.0" 500 1744 "https://state.gov/" "Mozilla/5.0 (Windows NT 10.0; Win64; x64) AppleWebKit/537.36 (KHTML, like Gecko) Chrome/134.0.0.0 Safari/537.36"
34.71.229.255 - - [31/May/2026:18:54:12 +0000] "GET / HTTP/1.0" 500 365 "https://gawker.com/" "Mozilla/5.0 (Windows NT 10.0; Win64; x64) AppleWebKit/537.36 (KHTML, like Gecko) Chrome/136.0.0.0 Safari/537.36"
136.111.252.138 - - [31/May/2026:18:54:12 +0000] "GET / HTTP/1.0" 500 365 "-" "Mozilla/5.0 (Windows NT 10.0; Win64; x64) AppleWebKit/537.36 (KHTML, like Gecko) Chrome/136.0.0.0 Safari/537.36"
34.71.229.255 - - [31/May/2026:18:54:12 +0000] "GET / HTTP/1.0" 500 365 "https://b5m.com/" "Mozilla/5.0 (Windows NT 10.0; Win64; x64) AppleWebKit/537.36 (KHTML, like Gecko) Chrome/136.0.0.0 Safari/537.36"
34.71.229.255 - - [31/May/2026:18:54:12 +0000] "GET / HTTP/1.0" 500 365 "https://vine.co/" "Mozilla/5.0 (Windows NT 10.0; Win64; x64) AppleWebKit/537.36 (KHTML, like Gecko) Chrome/136.0.0.0 Safari/537.36"
136.111.252.138 - - [31/May/2026:18:54:12 +0000] "GET / HTTP/1.0" 500 365 "-" "Mozilla/5.0 (Windows NT 10.0; Win64; x64) AppleWebKit/537.36 (KHTML, like Gecko) Chrome/136.0.0.0 Safari/537.36"
34.71.229.255 - - [31/May/2026:18:54:12 +0000] "GET / HTTP/1.0" 500 365 "https://gawker.com/" "Mozilla/5.0 (Windows NT 10.0; Win64; x64) AppleWebKit/537.36 (KHTML, like Gecko) Chrome/136.0.0.0 Safari/537.36"
34.71.229.255 - - [31/May/2026:18:54:12 +0000] "GET / HTTP/1.0" 500 365 "-" "Mozilla/5.0 (Windows NT 10.0; Win64; x64) AppleWebKit/537.36 (KHTML, like Gecko) Chrome/136.0.0.0 Safari/537.36"
34.71.229.255 - - [31/May/2026:18:54:12 +0000] "GET / HTTP/1.0" 500 365 "https://asos.com/" "Mozilla/5.0 (Windows NT 10.0; Win64; x64) AppleWebKit/537.36 (KHTML, like Gecko) Chrome/136.0.0.0 Safari/537.36"
34.73.225.89 - - [31/May/2026:18:54:12 +0000] "GET / HTTP/1.0" 500 1744 "https://auction.co.kr/" "Mozilla/5.0 (Windows NT 10.0; Win64; x64) AppleWebKit/537.36 (KHTML, like Gecko) Chrome/134.0.0.0 Safari/537.36"
34.71.229.255 - - [31/May/2026:18:54:12 +0000] "GET / HTTP/1.0" 500 365 "-" "Mozilla/5.0 (Windows NT 10.0; Win64; x64) AppleWebKit/537.36 (KHTML, like Gecko) Chrome/136.0.0.0 Safari/537.36"
34.71.229.255 - - [31/May/2026:18:54:12 +0000] "GET / HTTP/1.0" 500 365 "https://gmarket.co.kr/" "Mozilla/5.0 (Windows NT 10.0; Win64; x64) AppleWebKit/537.36 (KHTML, like Gecko) Chrome/136.0.0.0 Safari/537.36"
34.71.229.255 - - [31/May/2026:18:54:12 +0000] "GET / HTTP/1.0" 500 365 "https://ticketmaster.com/" "Mozilla/5.0 (Windows NT 10.0; Win64; x64) AppleWebKit/537.36 (KHTML, like Gecko) Chrome/136.0.0.0 Safari/537.36"
136.111.252.138 - - [31/May/2026:18:54:12 +0000] "GET / HTTP/1.0" 500 365 "-" "Mozilla/5.0 (Windows NT 10.0; Win64; x64) AppleWebKit/537.36 (KHTML, like Gecko) Chrome/136.0.0.0 Safari/537.36"
34.71.229.255 - - [31/May/2026:18:54:12 +0000] "GET / HTTP/1.0" 500 365 "-" "Mozilla/5.0 (Windows NT 10.0; Win64; x64) AppleWebKit/537.36 (KHTML, like Gecko) Chrome/136.0.0.0 Safari/537.36"
34.71.229.255 - - [31/May/2026:18:54:12 +0000] "GET / HTTP/1.0" 500 365 "https://justdial.com/" "Mozilla/5.0 (Windows NT 10.0; Win64; x64) AppleWebKit/537.36 (KHTML, like Gecko) Chrome/136.0.0.0 Safari/537.36"
136.114.98.211 - - [31/May/2026:18:54:12 +0000] "GET / HTTP/1.0" 500 365 "https://gamespot.com/" "Mozilla/5.0 (Windows NT 10.0; Win64; x64) AppleWebKit/537.36 (KHTML, like Gecko) Chrome/136.0.0.0 Safari/537.36"
34.73.225.89 - - [31/May/2026:18:54:12 +0000] "GET / HTTP/1.0" 500 1744 "https://domaintools.com/" "Mozilla/5.0 (Windows NT 10.0; Win64; x64) AppleWebKit/537.36 (KHTML, like Gecko) Chrome/134.0.0.0 Safari/537.36"
34.73.225.89 - - [31/May/2026:18:54:12 +0000] "GET / HTTP/1.0" 500 1744 "https://mirror.co.uk/" "Mozilla/5.0 (Windows NT 10.0; Win64; x64) AppleWebKit/537.36 (KHTML, like Gecko) Chrome/134.0.0.0 Safari/537.36"
136.111.252.138 - - [31/May/2026:18:54:12 +0000] "GET / HTTP/1.0" 500 365 "-" "Mozilla/5.0 (Windows NT 10.0; Win64; x64) AppleWebKit/537.36 (KHTML, like Gecko) Chrome/136.0.0.0 Safari/537.36"
34.71.229.255 - - [31/May/2026:18:54:12 +0000] "GET / HTTP/1.0" 500 365 "-" "Mozilla/5.0 (Windows NT 10.0; Win64; x64) AppleWebKit/537.36 (KHTML, like Gecko) Chrome/136.0.0.0 Safari/537.36"
34.71.229.255 - - [31/May/2026:18:54:12 +0000] "GET / HTTP/1.0" 500 365 "https://mixi.jp/" "Mozilla/5.0 (Windows NT 10.0; Win64; x64) AppleWebKit/537.36 (KHTML, like Gecko) Chrome/136.0.0.0 Safari/537.36"
136.111.252.138 - - [31/May/2026:18:54:12 +0000] "GET / HTTP/1.0" 500 365 "-" "Mozilla/5.0 (Windows NT 10.0; Win64; x64) AppleWebKit/537.36 (KHTML, like Gecko) Chrome/136.0.0.0 Safari/537.36"
34.71.229.255 - - [31/May/2026:18:54:12 +0000] "GET / HTTP/1.0" 500 365 "https://google.dk/" "Mozilla/5.0 (Windows NT 10.0; Win64; x64) AppleWebKit/537.36 (KHTML, like Gecko) Chrome/136.0.0.0 Safari/537.36"
34.73.225.89 - - [31/May/2026:18:54:12 +0000] "GET / HTTP/1.0" 500 1744 "-" "Mozilla/5.0 (Windows NT 10.0; Win64; x64) AppleWebKit/537.36 (KHTML, like Gecko) Chrome/134.0.0.0 Safari/537.36"
136.114.98.211 - - [31/May/2026:18:54:12 +0000] "GET / HTTP/1.0" 500 365 "-" "Mozilla/5.0 (Windows NT 10.0; Win64; x64) AppleWebKit/537.36 (KHTML, like Gecko) Chrome/136.0.0.0 Safari/537.36"
34.71.229.255 - - [31/May/2026:18:54:12 +0000] "GET / HTTP/1.0" 500 365 "-" "Mozilla/5.0 (Windows NT 10.0; Win64; x64) AppleWebKit/537.36 (KHTML, like Gecko) Chrome/136.0.0.0 Safari/537.36"
136.111.252.138 - - [31/May/2026:18:54:12 +0000] "GET / HTTP/1.0" 500 1744 "-" "Mozilla/5.0 (Windows NT 10.0; Win64; x64) AppleWebKit/537.36 (KHTML, like Gecko) Chrome/136.0.0.0 Safari/537.36"
34.73.225.89 - - [31/May/2026:18:54:12 +0000] "GET / HTTP/1.0" 500 1744 "https://ruten.com.tw/" "Mozilla/5.0 (Windows NT 10.0; Win64; x64) AppleWebKit/537.36 (KHTML, like Gecko) Chrome/134.0.0.0 Safari/537.36"
136.111.252.138 - - [31/May/2026:18:54:12 +0000] "GET / HTTP/1.0" 500 1744 "https://japanpost.jp/" "Mozilla/5.0 (Windows NT 10.0; Win64; x64) AppleWebKit/537.36 (KHTML, like Gecko) Chrome/136.0.0.0 Safari/537.36"
136.111.252.138 - - [31/May/2026:18:54:12 +0000] "GET / HTTP/1.0" 500 1744 "https://mixi.jp/" "Mozilla/5.0 (Windows NT 10.0; Win64; x64) AppleWebKit/537.36 (KHTML, like Gecko) Chrome/136.0.0.0 Safari/537.36"
136.111.252.138 - - [31/May/2026:18:54:12 +0000] "GET / HTTP/1.0" 500 365 "https://mega.co.nz/" "Mozilla/5.0 (Windows NT 10.0; Win64; x64) AppleWebKit/537.36 (KHTML, like Gecko) Chrome/136.0.0.0 Safari/537.36"
136.111.252.138 - - [31/May/2026:18:54:12 +0000] "GET / HTTP/1.0" 500 1744 "-" "Mozilla/5.0 (Windows NT 10.0; Win64; x64) AppleWebKit/537.36 (KHTML, like Gecko) Chrome/136.0.0.0 Safari/537.36"
136.111.252.138 - - [31/May/2026:18:54:12 +0000] "GET / HTTP/1.0" 500 1744 "-" "Mozilla/5.0 (Windows NT 10.0; Win64; x64) AppleWebKit/537.36 (KHTML, like Gecko) Chrome/136.0.0.0 Safari/537.36"
136.114.98.211 - - [31/May/2026:18:54:12 +0000] "GET / HTTP/1.0" 500 365 "https://seasonvar.ru/" "Mozilla/5.0 (Windows NT 10.0; Win64; x64) AppleWebKit/537.36 (KHTML, like Gecko) Chrome/136.0.0.0 Safari/537.36"
136.111.252.138 - - [31/May/2026:18:54:12 +0000] "GET / HTTP/1.0" 500 365 "-" "Mozilla/5.0 (Windows NT 10.0; Win64; x64) AppleWebKit/537.36 (KHTML, like Gecko) Chrome/136.0.0.0 Safari/537.36"
136.114.98.211 - - [31/May/2026:18:54:12 +0000] "GET / HTTP/1.0" 500 365 "-" "Mozilla/5.0 (Windows NT 10.0; Win64; x64) AppleWebKit/537.36 (KHTML, like Gecko) Chrome/136.0.0.0 Safari/537.36"
136.111.252.138 - - [31/May/2026:18:54:12 +0000] "GET / HTTP/1.0" 500 1744 "https://189.cn/" "Mozilla/5.0 (Windows NT 10.0; Win64; x64) AppleWebKit/537.36 (KHTML, like Gecko) Chrome/136.0.0.0 Safari/537.36"
136.114.98.211 - - [31/May/2026:18:54:12 +0000] "GET / HTTP/1.0" 500 365 "https://google.sk/" "Mozilla/5.0 (Windows NT 10.0; Win64; x64) AppleWebKit/537.36 (KHTML, like Gecko) Chrome/136.0.0.0 Safari/537.36"
34.73.225.89 - - [31/May/2026:18:54:12 +0000] "GET / HTTP/1.0" 500 1744 "https://gmanetwork.com/" "Mozilla/5.0 (Windows NT 10.0; Win64; x64) AppleWebKit/537.36 (KHTML, like Gecko) Chrome/134.0.0.0 Safari/537.36"
136.114.98.211 - - [31/May/2026:18:54:12 +0000] "GET / HTTP/1.0" 500 1744 "https://coupons.com/" "Mozilla/5.0 (Windows NT 10.0; Win64; x64) AppleWebKit/537.36 (KHTML, like Gecko) Chrome/136.0.0.0 Safari/537.36"
136.111.252.138 - - [31/May/2026:18:54:12 +0000] "GET / HTTP/1.0" 500 365 "https://fanpage.gr/" "Mozilla/5.0 (Windows NT 10.0; Win64; x64) AppleWebKit/537.36 (KHTML, like Gecko) Chrome/136.0.0.0 Safari/537.36"
34.71.229.255 - - [31/May/2026:18:54:12 +0000] "GET / HTTP/1.0" 500 365 "https://corriere.it/" "Mozilla/5.0 (Windows NT 10.0; Win64; x64) AppleWebKit/537.36 (KHTML, like Gecko) Chrome/134.0.0.0 Safari/537.36"
136.111.252.138 - - [31/May/2026:18:54:12 +0000] "GET / HTTP/1.0" 500 365 "-" "Mozilla/5.0 (Windows NT 10.0; Win64; x64) AppleWebKit/537.36 (KHTML, like Gecko) Chrome/136.0.0.0 Safari/537.36"
136.114.98.211 - - [31/May/2026:18:54:12 +0000] "GET / HTTP/1.0" 500 1744 "https://iflscience.com/" "Mozilla/5.0 (Windows NT 10.0; Win64; x64) AppleWebKit/537.36 (KHTML, like Gecko) Chrome/136.0.0.0 Safari/537.36"
34.71.229.255 - - [31/May/2026:18:54:12 +0000] "GET / HTTP/1.0" 500 365 "https://rdsa2012.com/" "Mozilla/5.0 (Windows NT 10.0; Win64; x64) AppleWebKit/537.36 (KHTML, like Gecko) Chrome/134.0.0.0 Safari/537.36"
136.111.252.138 - - [31/May/2026:18:54:12 +0000] "GET / HTTP/1.0" 500 365 "-" "Mozilla/5.0 (Windows NT 10.0; Win64; x64) AppleWebKit/537.36 (KHTML, like Gecko) Chrome/136.0.0.0 Safari/537.36"
34.71.229.255 - - [31/May/2026:18:54:12 +0000] "GET / HTTP/1.0" 500 365 "https://zippyshare.com/" "Mozilla/5.0 (Windows NT 10.0; Win64; x64) AppleWebKit/537.36 (KHTML, like Gecko) Chrome/134.0.0.0 Safari/537.36"
136.114.98.211 - - [31/May/2026:18:54:12 +0000] "GET / HTTP/1.0" 500 365 "https://voc.com.cn/" "Mozilla/5.0 (Windows NT 10.0; Win64; x64) AppleWebKit/537.36 (KHTML, like Gecko) Chrome/136.0.0.0 Safari/537.36"
34.71.229.255 - - [31/May/2026:18:54:12 +0000] "GET / HTTP/1.0" 500 365 "https://mysmartprice.com/" "Mozilla/5.0 (Windows NT 10.0; Win64; x64) AppleWebKit/537.36 (KHTML, like Gecko) Chrome/136.0.0.0 Safari/537.36"
34.71.229.255 - - [31/May/2026:18:54:12 +0000] "GET / HTTP/1.0" 500 365 "-" "Mozilla/5.0 (Windows NT 10.0; Win64; x64) AppleWebKit/537.36 (KHTML, like Gecko) Chrome/134.0.0.0 Safari/537.36"
136.114.98.211 - - [31/May/2026:18:54:12 +0000] "GET / HTTP/1.0" 500 1744 "-" "Mozilla/5.0 (Windows NT 10.0; Win64; x64) AppleWebKit/537.36 (KHTML, like Gecko) Chrome/136.0.0.0 Safari/537.36"
136.114.98.211 - - [31/May/2026:18:54:12 +0000] "GET / HTTP/1.0" 500 365 "https://csdn.net/" "Mozilla/5.0 (Windows NT 10.0; Win64; x64) AppleWebKit/537.36 (KHTML, like Gecko) Chrome/136.0.0.0 Safari/537.36"
34.73.225.89 - - [31/May/2026:18:54:12 +0000] "GET / HTTP/1.0" 500 1744 "-" "Mozilla/5.0 (Windows NT 10.0; Win64; x64) AppleWebKit/537.36 (KHTML, like Gecko) Chrome/134.0.0.0 Safari/537.36"
34.71.229.255 - - [31/May/2026:18:54:12 +0000] "GET / HTTP/1.0" 500 365 "-" "Mozilla/5.0 (Windows NT 10.0; Win64; x64) AppleWebKit/537.36 (KHTML, like Gecko) Chrome/134.0.0.0 Safari/537.36"
136.111.252.138 - - [31/May/2026:18:54:12 +0000] "GET / HTTP/1.0" 500 365 "https://indianrail.gov.in/" "Mozilla/5.0 (Windows NT 10.0; Win64; x64) AppleWebKit/537.36 (KHTML, like Gecko) Chrome/136.0.0.0 Safari/537.36"
34.71.229.255 - - [31/May/2026:18:54:12 +0000] "GET / HTTP/1.0" 500 365 "https://wunderground.com/" "Mozilla/5.0 (Windows NT 10.0; Win64; x64) AppleWebKit/537.36 (KHTML, like Gecko) Chrome/134.0.0.0 Safari/537.36"
34.71.229.255 - - [31/May/2026:18:54:12 +0000] "GET / HTTP/1.0" 500 365 "https://youtube-mp3.org/" "Mozilla/5.0 (Windows NT 10.0; Win64; x64) AppleWebKit/537.36 (KHTML, like Gecko) Chrome/134.0.0.0 Safari/537.36"
136.114.98.211 - - [31/May/2026:18:54:12 +0000] "GET / HTTP/1.0" 500 1744 "https://gearbest.com/" "Mozilla/5.0 (Windows NT 10.0; Win64; x64) AppleWebKit/537.36 (KHTML, like Gecko) Chrome/136.0.0.0 Safari/537.36"
34.71.229.255 - - [31/May/2026:18:54:12 +0000] "GET / HTTP/1.0" 500 365 "-" "Mozilla/5.0 (Windows NT 10.0; Win64; x64) AppleWebKit/537.36 (KHTML, like Gecko) Chrome/134.0.0.0 Safari/537.36"
34.71.229.255 - - [31/May/2026:18:54:12 +0000] "GET / HTTP/1.0" 500 365 "-" "Mozilla/5.0 (Windows NT 10.0; Win64; x64) AppleWebKit/537.36 (KHTML, like Gecko) Chrome/134.0.0.0 Safari/537.36"
34.71.229.255 - - [31/May/2026:18:54:12 +0000] "GET / HTTP/1.0" 500 365 "https://blogspot.com.tr/" "Mozilla/5.0 (Windows NT 10.0; Win64; x64) AppleWebKit/537.36 (KHTML, like Gecko) Chrome/134.0.0.0 Safari/537.36"
136.114.98.211 - - [31/May/2026:18:54:12 +0000] "GET / HTTP/1.0" 500 1744 "https://sears.com/" "Mozilla/5.0 (Windows NT 10.0; Win64; x64) AppleWebKit/537.36 (KHTML, like Gecko) Chrome/136.0.0.0 Safari/537.36"
34.71.229.255 - - [31/May/2026:18:54:12 +0000] "GET / HTTP/1.0" 500 365 "-" "Mozilla/5.0 (Windows NT 10.0; Win64; x64) AppleWebKit/537.36 (KHTML, like Gecko) Chrome/134.0.0.0 Safari/537.36"
34.71.229.255 - - [31/May/2026:18:54:12 +0000] "GET / HTTP/1.0" 500 365 "https://makemytrip.com/" "Mozilla/5.0 (Windows NT 10.0; Win64; x64) AppleWebKit/537.36 (KHTML, like Gecko) Chrome/134.0.0.0 Safari/537.36"
136.114.98.211 - - [31/May/2026:18:54:12 +0000] "GET / HTTP/1.0" 500 365 "-" "Mozilla/5.0 (Windows NT 10.0; Win64; x64) AppleWebKit/537.36 (KHTML, like Gecko) Chrome/136.0.0.0 Safari/537.36"
136.111.252.138 - - [31/May/2026:18:54:12 +0000] "GET / HTTP/1.0" 500 365 "https://ebay.fr/" "Mozilla/5.0 (Windows NT 10.0; Win64; x64) AppleWebKit/537.36 (KHTML, like Gecko) Chrome/136.0.0.0 Safari/537.36"
34.71.229.255 - - [31/May/2026:18:54:12 +0000] "GET / HTTP/1.0" 500 365 "https://southwest.com/" "Mozilla/5.0 (Windows NT 10.0; Win64; x64) AppleWebKit/537.36 (KHTML, like Gecko) Chrome/134.0.0.0 Safari/537.36"
34.71.229.255 - - [31/May/2026:18:54:12 +0000] "GET / HTTP/1.0" 500 365 "-" "Mozilla/5.0 (Windows NT 10.0; Win64; x64) AppleWebKit/537.36 (KHTML, like Gecko) Chrome/134.0.0.0 Safari/537.36"
34.71.229.255 - - [31/May/2026:18:54:12 +0000] "GET / HTTP/1.0" 500 365 "-" "Mozilla/5.0 (Windows NT 10.0; Win64; x64) AppleWebKit/537.36 (KHTML, like Gecko) Chrome/134.0.0.0 Safari/537.36"
34.71.229.255 - - [31/May/2026:18:54:12 +0000] "GET / HTTP/1.0" 500 365 "https://mynavi.jp/" "Mozilla/5.0 (Windows NT 10.0; Win64; x64) AppleWebKit/537.36 (KHTML, like Gecko) Chrome/134.0.0.0 Safari/537.36"
34.71.229.255 - - [31/May/2026:18:54:12 +0000] "GET / HTTP/1.0" 500 365 "-" "Mozilla/5.0 (Windows NT 10.0; Win64; x64) AppleWebKit/537.36 (KHTML, like Gecko) Chrome/134.0.0.0 Safari/537.36"
34.71.229.255 - - [31/May/2026:18:54:12 +0000] "GET / HTTP/1.0" 500 365 "https://interia.pl/" "Mozilla/5.0 (Windows NT 10.0; Win64; x64) AppleWebKit/537.36 (KHTML, like Gecko) Chrome/134.0.0.0 Safari/537.36"
136.111.252.138 - - [31/May/2026:18:54:12 +0000] "GET / HTTP/1.0" 500 1744 "-" "Mozilla/5.0 (Windows NT 10.0; Win64; x64) AppleWebKit/537.36 (KHTML, like Gecko) Chrome/136.0.0.0 Safari/537.36"
34.71.229.255 - - [31/May/2026:18:54:12 +0000] "GET / HTTP/1.0" 500 365 "-" "Mozilla/5.0 (Windows NT 10.0; Win64; x64) AppleWebKit/537.36 (KHTML, like Gecko) Chrome/134.0.0.0 Safari/537.36"
34.71.229.255 - - [31/May/2026:18:54:12 +0000] "GET / HTTP/1.0" 500 365 "https://basecamp.com/" "Mozilla/5.0 (Windows NT 10.0; Win64; x64) AppleWebKit/537.36 (KHTML, like Gecko) Chrome/134.0.0.0 Safari/537.36"
34.71.229.255 - - [31/May/2026:18:54:12 +0000] "GET / HTTP/1.0" 500 365 "https://rdsa2012.com/" "Mozilla/5.0 (Windows NT 10.0; Win64; x64) AppleWebKit/537.36 (KHTML, like Gecko) Chrome/134.0.0.0 Safari/537.36"
136.111.252.138 - - [31/May/2026:18:54:12 +0000] "GET / HTTP/1.0" 500 365 "https://drtuber.com/" "Mozilla/5.0 (Windows NT 10.0; Win64; x64) AppleWebKit/537.36 (KHTML, like Gecko) Chrome/136.0.0.0 Safari/537.36"
34.71.229.255 - - [31/May/2026:18:54:12 +0000] "GET / HTTP/1.0" 500 365 "-" "Mozilla/5.0 (Windows NT 10.0; Win64; x64) AppleWebKit/537.36 (KHTML, like Gecko) Chrome/134.0.0.0 Safari/537.36"
136.114.98.211 - - [31/May/2026:18:54:12 +0000] "GET / HTTP/1.0" 500 365 "-" "Mozilla/5.0 (Windows NT 10.0; Win64; x64) AppleWebKit/537.36 (KHTML, like Gecko) Chrome/136.0.0.0 Safari/537.36"
136.114.98.211 - - [31/May/2026:18:54:12 +0000] "GET / HTTP/1.0" 500 365 "-" "Mozilla/5.0 (Windows NT 10.0; Win64; x64) AppleWebKit/537.36 (KHTML, like Gecko) Chrome/136.0.0.0 Safari/537.36"
136.111.252.138 - - [31/May/2026:18:54:12 +0000] "GET / HTTP/1.0" 500 365 "https://itmedia.co.jp/" "Mozilla/5.0 (Windows NT 10.0; Win64; x64) AppleWebKit/537.36 (KHTML, like Gecko) Chrome/136.0.0.0 Safari/537.36"
34.71.229.255 - - [31/May/2026:18:54:12 +0000] "GET / HTTP/1.0" 500 365 "-" "Mozilla/5.0 (Windows NT 10.0; Win64; x64) AppleWebKit/537.36 (KHTML, like Gecko) Chrome/136.0.0.0 Safari/537.36"
34.71.229.255 - - [31/May/2026:18:54:12 +0000] "GET / HTTP/1.0" 500 365 "-" "Mozilla/5.0 (Windows NT 10.0; Win64; x64) AppleWebKit/537.36 (KHTML, like Gecko) Chrome/136.0.0.0 Safari/537.36"
34.71.229.255 - - [31/May/2026:18:54:12 +0000] "GET / HTTP/1.0" 500 365 "-" "Mozilla/5.0 (Windows NT 10.0; Win64; x64) AppleWebKit/537.36 (KHTML, like Gecko) Chrome/136.0.0.0 Safari/537.36"
136.114.98.211 - - [31/May/2026:18:54:12 +0000] "GET / HTTP/1.0" 500 365 "-" "Mozilla/5.0 (Windows NT 10.0; Win64; x64) AppleWebKit/537.36 (KHTML, like Gecko) Chrome/136.0.0.0 Safari/537.36"
136.114.98.211 - - [31/May/2026:18:54:12 +0000] "GET / HTTP/1.0" 500 1744 "https://wiley.com/" "Mozilla/5.0 (Windows NT 10.0; Win64; x64) AppleWebKit/537.36 (KHTML, like Gecko) Chrome/136.0.0.0 Safari/537.36"
34.71.229.255 - - [31/May/2026:18:54:12 +0000] "GET / HTTP/1.0" 500 365 "https://xbox.com/" "Mozilla/5.0 (Windows NT 10.0; Win64; x64) AppleWebKit/537.36 (KHTML, like Gecko) Chrome/134.0.0.0 Safari/537.36"
136.114.98.211 - - [31/May/2026:18:54:12 +0000] "GET / HTTP/1.0" 500 365 "-" "Mozilla/5.0 (Windows NT 10.0; Win64; x64) AppleWebKit/537.36 (KHTML, like Gecko) Chrome/136.0.0.0 Safari/537.36"
136.114.98.211 - - [31/May/2026:18:54:12 +0000] "GET / HTTP/1.0" 500 365 "https://2chblog.jp/" "Mozilla/5.0 (Windows NT 10.0; Win64; x64) AppleWebKit/537.36 (KHTML, like Gecko) Chrome/136.0.0.0 Safari/537.36"
136.114.98.211 - - [31/May/2026:18:54:12 +0000] "GET / HTTP/1.0" 500 365 "-" "Mozilla/5.0 (Windows NT 10.0; Win64; x64) AppleWebKit/537.36 (KHTML, like Gecko) Chrome/136.0.0.0 Safari/537.36"
136.111.252.138 - - [31/May/2026:18:54:12 +0000] "GET / HTTP/1.0" 500 1744 "https://irctc.co.in/" "Mozilla/5.0 (Windows NT 10.0; Win64; x64) AppleWebKit/537.36 (KHTML, like Gecko) Chrome/136.0.0.0 Safari/537.36"
136.114.98.211 - - [31/May/2026:18:54:12 +0000] "GET / HTTP/1.0" 500 1744 "-" "Mozilla/5.0 (Windows NT 10.0; Win64; x64) AppleWebKit/537.36 (KHTML, like Gecko) Chrome/136.0.0.0 Safari/537.36"
136.114.98.211 - - [31/May/2026:18:54:12 +0000] "GET / HTTP/1.0" 500 365 "https://nike.com/" "Mozilla/5.0 (Windows NT 10.0; Win64; x64) AppleWebKit/537.36 (KHTML, like Gecko) Chrome/136.0.0.0 Safari/537.36"
136.114.98.211 - - [31/May/2026:18:54:12 +0000] "GET / HTTP/1.0" 500 365 "-" "Mozilla/5.0 (Windows NT 10.0; Win64; x64) AppleWebKit/537.36 (KHTML, like Gecko) Chrome/136.0.0.0 Safari/537.36"
34.73.225.89 - - [31/May/2026:18:54:12 +0000] "GET / HTTP/1.0" 500 1744 "https://oeeee.com/" "Mozilla/5.0 (Windows NT 10.0; Win64; x64) AppleWebKit/537.36 (KHTML, like Gecko) Chrome/134.0.0.0 Safari/537.36"
34.71.229.255 - - [31/May/2026:18:54:12 +0000] "GET / HTTP/1.0" 500 365 "-" "Mozilla/5.0 (Windows NT 10.0; Win64; x64) AppleWebKit/537.36 (KHTML, like Gecko) Chrome/134.0.0.0 Safari/537.36"
34.71.229.255 - - [31/May/2026:18:54:12 +0000] "GET / HTTP/1.0" 500 365 "-" "Mozilla/5.0 (Windows NT 10.0; Win64; x64) AppleWebKit/537.36 (KHTML, like Gecko) Chrome/134.0.0.0 Safari/537.36"
136.111.252.138 - - [31/May/2026:18:54:12 +0000] "GET / HTTP/1.0" 500 365 "-" "Mozilla/5.0 (Windows NT 10.0; Win64; x64) AppleWebKit/537.36 (KHTML, like Gecko) Chrome/136.0.0.0 Safari/537.36"
136.111.252.138 - - [31/May/2026:18:54:12 +0000] "GET / HTTP/1.0" 500 1744 "https://zing.vn/" "Mozilla/5.0 (Windows NT 10.0; Win64; x64) AppleWebKit/537.36 (KHTML, like Gecko) Chrome/136.0.0.0 Safari/537.36"
34.71.229.255 - - [31/May/2026:18:54:12 +0000] "GET / HTTP/1.0" 500 365 "-" "Mozilla/5.0 (Windows NT 10.0; Win64; x64) AppleWebKit/537.36 (KHTML, like Gecko) Chrome/134.0.0.0 Safari/537.36"
136.114.98.211 - - [31/May/2026:18:54:12 +0000] "GET / HTTP/1.0" 500 1744 "https://kotaku.com/" "Mozilla/5.0 (Windows NT 10.0; Win64; x64) AppleWebKit/537.36 (KHTML, like Gecko) Chrome/136.0.0.0 Safari/537.36"
34.71.229.255 - - [31/May/2026:18:54:12 +0000] "GET / HTTP/1.0" 500 365 "https://k618.cn/" "Mozilla/5.0 (Windows NT 10.0; Win64; x64) AppleWebKit/537.36 (KHTML, like Gecko) Chrome/134.0.0.0 Safari/537.36"
136.114.98.211 - - [31/May/2026:18:54:12 +0000] "GET / HTTP/1.0" 500 365 "https://glassdoor.com/" "Mozilla/5.0 (Windows NT 10.0; Win64; x64) AppleWebKit/537.36 (KHTML, like Gecko) Chrome/136.0.0.0 Safari/537.36"
136.111.252.138 - - [31/May/2026:18:54:12 +0000] "GET / HTTP/1.0" 500 365 "-" "Mozilla/5.0 (Windows NT 10.0; Win64; x64) AppleWebKit/537.36 (KHTML, like Gecko) Chrome/136.0.0.0 Safari/537.36"
34.71.229.255 - - [31/May/2026:18:54:12 +0000] "GET / HTTP/1.0" 500 365 "-" "Mozilla/5.0 (Windows NT 10.0; Win64; x64) AppleWebKit/537.36 (KHTML, like Gecko) Chrome/134.0.0.0 Safari/537.36"
136.114.98.211 - - [31/May/2026:18:54:12 +0000] "GET / HTTP/1.0" 500 1744 "-" "Mozilla/5.0 (Windows NT 10.0; Win64; x64) AppleWebKit/537.36 (KHTML, like Gecko) Chrome/136.0.0.0 Safari/537.36"
34.71.229.255 - - [31/May/2026:18:54:12 +0000] "GET / HTTP/1.0" 500 365 "-" "Mozilla/5.0 (Windows NT 10.0; Win64; x64) AppleWebKit/537.36 (KHTML, like Gecko) Chrome/134.0.0.0 Safari/537.36"
136.111.252.138 - - [31/May/2026:18:54:12 +0000] "GET / HTTP/1.0" 500 365 "https://makemytrip.com/" "Mozilla/5.0 (Windows NT 10.0; Win64; x64) AppleWebKit/537.36 (KHTML, like Gecko) Chrome/136.0.0.0 Safari/537.36"
34.71.229.255 - - [31/May/2026:18:54:12 +0000] "GET / HTTP/1.0" 500 365 "-" "Mozilla/5.0 (Windows NT 10.0; Win64; x64) AppleWebKit/537.36 (KHTML, like Gecko) Chrome/134.0.0.0 Safari/537.36"
34.71.229.255 - - [31/May/2026:18:54:12 +0000] "GET / HTTP/1.0" 500 365 "https://mi.com/" "Mozilla/5.0 (Windows NT 10.0; Win64; x64) AppleWebKit/537.36 (KHTML, like Gecko) Chrome/134.0.0.0 Safari/537.36"
34.71.229.255 - - [31/May/2026:18:54:12 +0000] "GET / HTTP/1.0" 500 365 "https://gizmodo.com/" "Mozilla/5.0 (Windows NT 10.0; Win64; x64) AppleWebKit/537.36 (KHTML, like Gecko) Chrome/134.0.0.0 Safari/537.36"
136.114.98.211 - - [31/May/2026:18:54:12 +0000] "GET / HTTP/1.0" 500 1744 "https://thepiratebay.la/" "Mozilla/5.0 (Windows NT 10.0; Win64; x64) AppleWebKit/537.36 (KHTML, like Gecko) Chrome/136.0.0.0 Safari/537.36"
136.114.98.211 - - [31/May/2026:18:54:12 +0000] "GET / HTTP/1.0" 500 1744 "-" "Mozilla/5.0 (Windows NT 10.0; Win64; x64) AppleWebKit/537.36 (KHTML, like Gecko) Chrome/136.0.0.0 Safari/537.36"
136.111.252.138 - - [31/May/2026:18:54:12 +0000] "GET / HTTP/1.0" 500 365 "https://lenovo.com/" "Mozilla/5.0 (Windows NT 10.0; Win64; x64) AppleWebKit/537.36 (KHTML, like Gecko) Chrome/136.0.0.0 Safari/537.36"
136.111.252.138 - - [31/May/2026:18:54:12 +0000] "GET / HTTP/1.0" 500 365 "https://google.sk/" "Mozilla/5.0 (Windows NT 10.0; Win64; x64) AppleWebKit/537.36 (KHTML, like Gecko) Chrome/136.0.0.0 Safari/537.36"
136.111.252.138 - - [31/May/2026:18:54:12 +0000] "GET / HTTP/1.0" 500 1744 "-" "Mozilla/5.0 (Windows NT 10.0; Win64; x64) AppleWebKit/537.36 (KHTML, like Gecko) Chrome/136.0.0.0 Safari/537.36"
136.114.98.211 - - [31/May/2026:18:54:12 +0000] "GET / HTTP/1.0" 500 1744 "https://lapatilla.com/" "Mozilla/5.0 (Windows NT 10.0; Win64; x64) AppleWebKit/537.36 (KHTML, like Gecko) Chrome/136.0.0.0 Safari/537.36"
34.71.229.255 - - [31/May/2026:18:54:12 +0000] "GET / HTTP/1.0" 500 365 "https://zappos.com/" "Mozilla/5.0 (Windows NT 10.0; Win64; x64) AppleWebKit/537.36 (KHTML, like Gecko) Chrome/136.0.0.0 Safari/537.36"
136.114.98.211 - - [31/May/2026:18:54:12 +0000] "GET / HTTP/1.0" 500 1744 "-" "Mozilla/5.0 (Windows NT 10.0; Win64; x64) AppleWebKit/537.36 (KHTML, like Gecko) Chrome/136.0.0.0 Safari/537.36"
136.114.98.211 - - [31/May/2026:18:54:12 +0000] "GET / HTTP/1.0" 500 1744 "-" "Mozilla/5.0 (Windows NT 10.0; Win64; x64) AppleWebKit/537.36 (KHTML, like Gecko) Chrome/136.0.0.0 Safari/537.36"
136.114.98.211 - - [31/May/2026:18:54:12 +0000] "GET / HTTP/1.0" 500 1744 "-" "Mozilla/5.0 (Windows NT 10.0; Win64; x64) AppleWebKit/537.36 (KHTML, like Gecko) Chrome/136.0.0.0 Safari/537.36"
34.39.94.180 - - [31/May/2026:18:54:13 +0000] "GET / HTTP/1.0" 500 365 "-" "Mozilla/5.0 (X11; Linux x86_64) AppleWebKit/537.36 (KHTML, like Gecko) Chrome/131.0.0.0 Safari/537.36"
34.39.94.180 - - [31/May/2026:18:54:13 +0000] "GET / HTTP/1.0" 500 365 "-" "Mozilla/5.0 (X11; Linux x86_64) AppleWebKit/537.36 (KHTML, like Gecko) Chrome/131.0.0.0 Safari/537.36"
34.39.94.180 - - [31/May/2026:18:54:13 +0000] "GET / HTTP/1.0" 500 365 "-" "Mozilla/5.0 (X11; Linux x86_64) AppleWebKit/537.36 (KHTML, like Gecko) Chrome/131.0.0.0 Safari/537.36"
34.39.94.180 - - [31/May/2026:18:54:13 +0000] "GET / HTTP/1.0" 500 365 "-" "Mozilla/5.0 (X11; Linux x86_64) AppleWebKit/537.36 (KHTML, like Gecko) Chrome/131.0.0.0 Safari/537.36"
34.39.94.180 - - [31/May/2026:18:54:13 +0000] "GET / HTTP/1.0" 500 365 "-" "Mozilla/5.0 (X11; Linux x86_64) AppleWebKit/537.36 (KHTML, like Gecko) Chrome/131.0.0.0 Safari/537.36"
34.39.94.180 - - [31/May/2026:18:54:13 +0000] "GET / HTTP/1.0" 500 365 "-" "Mozilla/5.0 (X11; Linux x86_64) AppleWebKit/537.36 (KHTML, like Gecko) Chrome/131.0.0.0 Safari/537.36"
34.39.94.180 - - [31/May/2026:18:54:13 +0000] "GET / HTTP/1.0" 500 365 "-" "Mozilla/5.0 (X11; Linux x86_64) AppleWebKit/537.36 (KHTML, like Gecko) Chrome/131.0.0.0 Safari/537.36"
34.39.94.180 - - [31/May/2026:18:54:13 +0000] "GET / HTTP/1.0" 500 365 "-" "Mozilla/5.0 (X11; Linux x86_64) AppleWebKit/537.36 (KHTML, like Gecko) Chrome/131.0.0.0 Safari/537.36"
34.39.94.180 - - [31/May/2026:18:54:13 +0000] "GET / HTTP/1.0" 500 365 "-" "Mozilla/5.0 (X11; Linux x86_64) AppleWebKit/537.36 (KHTML, like Gecko) Chrome/131.0.0.0 Safari/537.36"
34.39.94.180 - - [31/May/2026:18:54:13 +0000] "GET / HTTP/1.0" 500 365 "-" "Mozilla/5.0 (X11; Linux x86_64) AppleWebKit/537.36 (KHTML, like Gecko) Chrome/131.0.0.0 Safari/537.36"
34.39.94.180 - - [31/May/2026:18:54:13 +0000] "GET / HTTP/1.0" 500 365 "-" "Mozilla/5.0 (X11; Linux x86_64) AppleWebKit/537.36 (KHTML, like Gecko) Chrome/131.0.0.0 Safari/537.36"
34.39.94.180 - - [31/May/2026:18:54:13 +0000] "GET / HTTP/1.0" 500 365 "-" "Mozilla/5.0 (X11; Linux x86_64) AppleWebKit/537.36 (KHTML, like Gecko) Chrome/131.0.0.0 Safari/537.36"
34.39.94.180 - - [31/May/2026:18:54:13 +0000] "GET / HTTP/1.0" 500 365 "-" "Mozilla/5.0 (X11; Linux x86_64) AppleWebKit/537.36 (KHTML, like Gecko) Chrome/131.0.0.0 Safari/537.36"
34.39.94.180 - - [31/May/2026:18:54:13 +0000] "GET / HTTP/1.0" 500 365 "-" "Mozilla/5.0 (X11; Linux x86_64) AppleWebKit/537.36 (KHTML, like Gecko) Chrome/131.0.0.0 Safari/537.36"
34.39.94.180 - - [31/May/2026:18:54:13 +0000] "GET / HTTP/1.0" 500 365 "-" "Mozilla/5.0 (X11; Linux x86_64) AppleWebKit/537.36 (KHTML, like Gecko) Chrome/131.0.0.0 Safari/537.36"
34.39.94.180 - - [31/May/2026:18:54:13 +0000] "GET / HTTP/1.0" 500 365 "-" "Mozilla/5.0 (X11; Linux x86_64) AppleWebKit/537.36 (KHTML, like Gecko) Chrome/131.0.0.0 Safari/537.36"
34.39.94.180 - - [31/May/2026:18:54:13 +0000] "GET / HTTP/1.0" 500 365 "-" "Mozilla/5.0 (X11; Linux x86_64) AppleWebKit/537.36 (KHTML, like Gecko) Chrome/131.0.0.0 Safari/537.36"
34.39.94.180 - - [31/May/2026:18:54:13 +0000] "GET / HTTP/1.0" 500 365 "-" "Mozilla/5.0 (X11; Linux x86_64) AppleWebKit/537.36 (KHTML, like Gecko) Chrome/131.0.0.0 Safari/537.36"
34.39.94.180 - - [31/May/2026:18:54:13 +0000] "GET / HTTP/1.0" 500 365 "-" "Mozilla/5.0 (X11; Linux x86_64) AppleWebKit/537.36 (KHTML, like Gecko) Chrome/131.0.0.0 Safari/537.36"
34.39.94.180 - - [31/May/2026:18:54:13 +0000] "GET / HTTP/1.0" 500 365 "-" "Mozilla/5.0 (X11; Linux x86_64) AppleWebKit/537.36 (KHTML, like Gecko) Chrome/131.0.0.0 Safari/537.36"
34.39.94.180 - - [31/May/2026:18:54:13 +0000] "GET / HTTP/1.0" 500 365 "-" "Mozilla/5.0 (X11; Linux x86_64) AppleWebKit/537.36 (KHTML, like Gecko) Chrome/131.0.0.0 Safari/537.36"
34.39.94.180 - - [31/May/2026:18:54:13 +0000] "GET / HTTP/1.0" 500 365 "-" "Mozilla/5.0 (X11; Linux x86_64) AppleWebKit/537.36 (KHTML, like Gecko) Chrome/131.0.0.0 Safari/537.36"
34.39.94.180 - - [31/May/2026:18:54:13 +0000] "GET / HTTP/1.0" 500 365 "-" "Mozilla/5.0 (X11; Linux x86_64) AppleWebKit/537.36 (KHTML, like Gecko) Chrome/131.0.0.0 Safari/537.36"
34.39.94.180 - - [31/May/2026:18:54:13 +0000] "GET / HTTP/1.0" 500 365 "-" "Mozilla/5.0 (X11; Linux x86_64) AppleWebKit/537.36 (KHTML, like Gecko) Chrome/131.0.0.0 Safari/537.36"
34.39.94.180 - - [31/May/2026:18:54:13 +0000] "GET / HTTP/1.0" 500 365 "-" "Mozilla/5.0 (X11; Linux x86_64) AppleWebKit/537.36 (KHTML, like Gecko) Chrome/131.0.0.0 Safari/537.36"
34.39.94.180 - - [31/May/2026:18:54:13 +0000] "GET / HTTP/1.0" 500 365 "-" "Mozilla/5.0 (X11; Linux x86_64) AppleWebKit/537.36 (KHTML, like Gecko) Chrome/131.0.0.0 Safari/537.36"
34.39.94.180 - - [31/May/2026:18:54:13 +0000] "GET / HTTP/1.0" 500 365 "-" "Mozilla/5.0 (X11; Linux x86_64) AppleWebKit/537.36 (KHTML, like Gecko) Chrome/131.0.0.0 Safari/537.36"
34.39.94.180 - - [31/May/2026:18:54:13 +0000] "GET / HTTP/1.0" 500 365 "-" "Mozilla/5.0 (X11; Linux x86_64) AppleWebKit/537.36 (KHTML, like Gecko) Chrome/131.0.0.0 Safari/537.36"
34.39.94.180 - - [31/May/2026:18:54:13 +0000] "GET / HTTP/1.0" 500 365 "-" "Mozilla/5.0 (X11; Linux x86_64) AppleWebKit/537.36 (KHTML, like Gecko) Chrome/131.0.0.0 Safari/537.36"
34.39.94.180 - - [31/May/2026:18:54:13 +0000] "GET / HTTP/1.0" 500 1744 "-" "Mozilla/5.0 (X11; Linux x86_64) AppleWebKit/537.36 (KHTML, like Gecko) Chrome/131.0.0.0 Safari/537.36"
135.125.159.16 - - [31/May/2026:18:54:13 +0000] "GET / HTTP/1.0" 500 365 "-" "Mozilla/5.0 (X11; Linux x86_64) AppleWebKit/537.36 (KHTML, like Gecko) Chrome/131.0.0.0 Safari/537.36"
34.39.94.180 - - [31/May/2026:18:54:13 +0000] "GET / HTTP/1.0" 500 1744 "-" "Mozilla/5.0 (X11; Linux x86_64) AppleWebKit/537.36 (KHTML, like Gecko) Chrome/131.0.0.0 Safari/537.36"
135.125.159.16 - - [31/May/2026:18:54:13 +0000] "GET / HTTP/1.0" 500 365 "-" "Mozilla/5.0 (X11; Linux x86_64) AppleWebKit/537.36 (KHTML, like Gecko) Chrome/131.0.0.0 Safari/537.36"
34.39.94.180 - - [31/May/2026:18:54:13 +0000] "GET / HTTP/1.0" 500 1744 "-" "Mozilla/5.0 (X11; Linux x86_64) AppleWebKit/537.36 (KHTML, like Gecko) Chrome/131.0.0.0 Safari/537.36"
135.125.159.16 - - [31/May/2026:18:54:13 +0000] "GET / HTTP/1.0" 500 365 "-" "Mozilla/5.0 (X11; Linux x86_64) AppleWebKit/537.36 (KHTML, like Gecko) Chrome/131.0.0.0 Safari/537.36"
135.125.159.16 - - [31/May/2026:18:54:13 +0000] "GET / HTTP/1.0" 500 365 "-" "Mozilla/5.0 (X11; Linux x86_64) AppleWebKit/537.36 (KHTML, like Gecko) Chrome/131.0.0.0 Safari/537.36"
135.125.159.16 - - [31/May/2026:18:54:13 +0000] "GET / HTTP/1.0" 500 365 "-" "Mozilla/5.0 (X11; Linux x86_64) AppleWebKit/537.36 (KHTML, like Gecko) Chrome/131.0.0.0 Safari/537.36"
135.125.159.16 - - [31/May/2026:18:54:13 +0000] "GET / HTTP/1.0" 500 365 "-" "Mozilla/5.0 (X11; Linux x86_64) AppleWebKit/537.36 (KHTML, like Gecko) Chrome/131.0.0.0 Safari/537.36"
135.125.159.16 - - [31/May/2026:18:54:13 +0000] "GET / HTTP/1.0" 500 365 "-" "Mozilla/5.0 (X11; Linux x86_64) AppleWebKit/537.36 (KHTML, like Gecko) Chrome/131.0.0.0 Safari/537.36"
135.125.159.16 - - [31/May/2026:18:54:13 +0000] "GET / HTTP/1.0" 500 365 "-" "Mozilla/5.0 (X11; Linux x86_64) AppleWebKit/537.36 (KHTML, like Gecko) Chrome/131.0.0.0 Safari/537.36"
135.125.159.16 - - [31/May/2026:18:54:13 +0000] "GET / HTTP/1.0" 500 365 "-" "Mozilla/5.0 (X11; Linux x86_64) AppleWebKit/537.36 (KHTML, like Gecko) Chrome/131.0.0.0 Safari/537.36"
135.125.159.16 - - [31/May/2026:18:54:13 +0000] "GET / HTTP/1.0" 500 365 "-" "Mozilla/5.0 (X11; Linux x86_64) AppleWebKit/537.36 (KHTML, like Gecko) Chrome/131.0.0.0 Safari/537.36"
135.125.159.16 - - [31/May/2026:18:54:13 +0000] "GET / HTTP/1.0" 500 365 "-" "Mozilla/5.0 (X11; Linux x86_64) AppleWebKit/537.36 (KHTML, like Gecko) Chrome/131.0.0.0 Safari/537.36"
135.125.159.16 - - [31/May/2026:18:54:13 +0000] "GET / HTTP/1.0" 500 365 "-" "Mozilla/5.0 (X11; Linux x86_64) AppleWebKit/537.36 (KHTML, like Gecko) Chrome/131.0.0.0 Safari/537.36"
135.125.159.16 - - [31/May/2026:18:54:13 +0000] "GET / HTTP/1.0" 500 365 "-" "Mozilla/5.0 (X11; Linux x86_64) AppleWebKit/537.36 (KHTML, like Gecko) Chrome/131.0.0.0 Safari/537.36"
135.125.159.16 - - [31/May/2026:18:54:13 +0000] "GET / HTTP/1.0" 500 365 "-" "Mozilla/5.0 (X11; Linux x86_64) AppleWebKit/537.36 (KHTML, like Gecko) Chrome/131.0.0.0 Safari/537.36"
135.125.159.16 - - [31/May/2026:18:54:13 +0000] "GET / HTTP/1.0" 500 365 "-" "Mozilla/5.0 (X11; Linux x86_64) AppleWebKit/537.36 (KHTML, like Gecko) Chrome/131.0.0.0 Safari/537.36"
135.125.159.16 - - [31/May/2026:18:54:13 +0000] "GET / HTTP/1.0" 500 365 "-" "Mozilla/5.0 (X11; Linux x86_64) AppleWebKit/537.36 (KHTML, like Gecko) Chrome/131.0.0.0 Safari/537.36"
135.125.159.16 - - [31/May/2026:18:54:13 +0000] "GET / HTTP/1.0" 500 365 "-" "Mozilla/5.0 (X11; Linux x86_64) AppleWebKit/537.36 (KHTML, like Gecko) Chrome/131.0.0.0 Safari/537.36"
162.19.228.216 - - [31/May/2026:18:54:13 +0000] "GET / HTTP/1.0" 500 365 "-" "Mozilla/5.0 (X11; Linux x86_64) AppleWebKit/537.36 (KHTML, like Gecko) Chrome/131.0.0.0 Safari/537.36"
162.19.228.216 - - [31/May/2026:18:54:13 +0000] "GET / HTTP/1.0" 500 365 "-" "Mozilla/5.0 (X11; Linux x86_64) AppleWebKit/537.36 (KHTML, like Gecko) Chrome/131.0.0.0 Safari/537.36"
135.125.159.16 - - [31/May/2026:18:54:13 +0000] "GET / HTTP/1.0" 500 365 "-" "Mozilla/5.0 (X11; Linux x86_64) AppleWebKit/537.36 (KHTML, like Gecko) Chrome/131.0.0.0 Safari/537.36"
135.125.159.16 - - [31/May/2026:18:54:13 +0000] "GET / HTTP/1.0" 500 365 "-" "Mozilla/5.0 (X11; Linux x86_64) AppleWebKit/537.36 (KHTML, like Gecko) Chrome/131.0.0.0 Safari/537.36"
162.19.228.216 - - [31/May/2026:18:54:13 +0000] "GET / HTTP/1.0" 500 365 "-" "Mozilla/5.0 (X11; Linux x86_64) AppleWebKit/537.36 (KHTML, like Gecko) Chrome/131.0.0.0 Safari/537.36"
162.19.228.216 - - [31/May/2026:18:54:13 +0000] "GET / HTTP/1.0" 500 365 "-" "Mozilla/5.0 (X11; Linux x86_64) AppleWebKit/537.36 (KHTML, like Gecko) Chrome/131.0.0.0 Safari/537.36"
135.125.159.16 - - [31/May/2026:18:54:13 +0000] "GET / HTTP/1.0" 500 365 "-" "Mozilla/5.0 (X11; Linux x86_64) AppleWebKit/537.36 (KHTML, like Gecko) Chrome/131.0.0.0 Safari/537.36"
162.19.228.216 - - [31/May/2026:18:54:13 +0000] "GET / HTTP/1.0" 500 365 "-" "Mozilla/5.0 (X11; Linux x86_64) AppleWebKit/537.36 (KHTML, like Gecko) Chrome/131.0.0.0 Safari/537.36"
162.19.228.216 - - [31/May/2026:18:54:13 +0000] "GET / HTTP/1.0" 500 365 "-" "Mozilla/5.0 (X11; Linux x86_64) AppleWebKit/537.36 (KHTML, like Gecko) Chrome/131.0.0.0 Safari/537.36"
162.19.228.216 - - [31/May/2026:18:54:13 +0000] "GET / HTTP/1.0" 500 365 "-" "Mozilla/5.0 (X11; Linux x86_64) AppleWebKit/537.36 (KHTML, like Gecko) Chrome/131.0.0.0 Safari/537.36"
162.19.228.216 - - [31/May/2026:18:54:13 +0000] "GET / HTTP/1.0" 500 365 "-" "Mozilla/5.0 (X11; Linux x86_64) AppleWebKit/537.36 (KHTML, like Gecko) Chrome/131.0.0.0 Safari/537.36"
162.19.228.216 - - [31/May/2026:18:54:13 +0000] "GET / HTTP/1.0" 500 365 "-" "Mozilla/5.0 (X11; Linux x86_64) AppleWebKit/537.36 (KHTML, like Gecko) Chrome/131.0.0.0 Safari/537.36"
162.19.228.216 - - [31/May/2026:18:54:13 +0000] "GET / HTTP/1.0" 500 365 "-" "Mozilla/5.0 (X11; Linux x86_64) AppleWebKit/537.36 (KHTML, like Gecko) Chrome/131.0.0.0 Safari/537.36"
135.125.159.16 - - [31/May/2026:18:54:13 +0000] "GET / HTTP/1.0" 500 365 "-" "Mozilla/5.0 (X11; Linux x86_64) AppleWebKit/537.36 (KHTML, like Gecko) Chrome/131.0.0.0 Safari/537.36"
135.125.159.16 - - [31/May/2026:18:54:13 +0000] "GET / HTTP/1.0" 500 365 "-" "Mozilla/5.0 (X11; Linux x86_64) AppleWebKit/537.36 (KHTML, like Gecko) Chrome/131.0.0.0 Safari/537.36"
135.125.159.16 - - [31/May/2026:18:54:13 +0000] "GET / HTTP/1.0" 500 365 "-" "Mozilla/5.0 (X11; Linux x86_64) AppleWebKit/537.36 (KHTML, like Gecko) Chrome/131.0.0.0 Safari/537.36"
135.125.159.16 - - [31/May/2026:18:54:13 +0000] "GET / HTTP/1.0" 500 365 "-" "Mozilla/5.0 (X11; Linux x86_64) AppleWebKit/537.36 (KHTML, like Gecko) Chrome/131.0.0.0 Safari/537.36"
162.19.228.216 - - [31/May/2026:18:54:13 +0000] "GET / HTTP/1.0" 500 365 "-" "Mozilla/5.0 (X11; Linux x86_64) AppleWebKit/537.36 (KHTML, like Gecko) Chrome/131.0.0.0 Safari/537.36"
162.19.228.216 - - [31/May/2026:18:54:13 +0000] "GET / HTTP/1.0" 500 365 "-" "Mozilla/5.0 (X11; Linux x86_64) AppleWebKit/537.36 (KHTML, like Gecko) Chrome/131.0.0.0 Safari/537.36"
